88.148.85.212 - - [29/Jul/2026:12:20:33 +0300] "GET /wp-content/plugins/plh/nuxy//taxonomy_meta/assets/js/jquery.fonticonpicker.min.js?ver=1785316833 HTTP/2.0" 200 3879 "https://wpface.ru/wp-admin/edit-comments.php" "Mozilla/5.0 (X11; Linux x86_64) AppleWebKit/537.36 (KHTML, like Gecko) Chrome/105.0.0.0 Safari/537.36"
91.240.85.141 - - [29/Jul/2026:12:20:35 +0300] "GET /wp-content/plugins/plh/nuxy//metaboxes/assets/webfonts/google-fonts.json HTTP/1.1" 200 706020 "-" "WordPress/7.0; https://wpface.ru"
88.148.85.212 - - [29/Jul/2026:12:20:35 +0300] "GET /wp-admin/options-general.php HTTP/2.0" 200 212079 "https://wpface.ru/wp-admin/edit-comments.php" "Mozilla/5.0 (X11; Linux x86_64) AppleWebKit/537.36 (KHTML, like Gecko) Chrome/105.0.0.0 Safari/537.36"
88.148.85.212 - - [29/Jul/2026:12:20:35 +0300] "GET /wp-content/plugins/plh/nuxy//taxonomy_meta/assets/css/jquery.fonticonpicker.min.css?ver=1785316835 HTTP/2.0" 200 1344 "https://wpface.ru/wp-admin/options-general.php" "Mozilla/5.0 (X11; Linux x86_64) AppleWebKit/537.36 (KHTML, like Gecko) Chrome/105.0.0.0 Safari/537.36"
88.148.85.212 - - [29/Jul/2026:12:20:35 +0300] "GET /wp-content/plugins/plh/nuxy//taxonomy_meta/assets/css/jquery.fonticonpicker.grey.min.css?ver=1785316835 HTTP/2.0" 200 574 "https://wpface.ru/wp-admin/options-general.php" "Mozilla/5.0 (X11; Linux x86_64) AppleWebKit/537.36 (KHTML, like Gecko) Chrome/105.0.0.0 Safari/537.36"
88.148.85.212 - - [29/Jul/2026:12:20:35 +0300] "GET /wp-content/plugins/plh/nuxy//taxonomy_meta/assets/linearicons/linear.css?ver=1785316835 HTTP/2.0" 200 9259 "https://wpface.ru/wp-admin/options-general.php" "Mozilla/5.0 (X11; Linux x86_64) AppleWebKit/537.36 (KHTML, like Gecko) Chrome/105.0.0.0 Safari/537.36"
88.148.85.212 - - [29/Jul/2026:12:20:36 +0300] "GET /wp-content/plugins/plh/nuxy//taxonomy_meta/assets/js/jquery.fonticonpicker.min.js?ver=1785316835 HTTP/2.0" 200 3879 "https://wpface.ru/wp-admin/options-general.php" "Mozilla/5.0 (X11; Linux x86_64) AppleWebKit/537.36 (KHTML, like Gecko) Chrome/105.0.0.0 Safari/537.36"
88.148.85.212 - - [29/Jul/2026:12:20:36 +0300] "GET /wp-admin/js/site-icon.js?ver=7.0 HTTP/2.0" 200 2113 "https://wpface.ru/wp-admin/options-general.php" "Mozilla/5.0 (X11; Linux x86_64) AppleWebKit/537.36 (KHTML, like Gecko) Chrome/105.0.0.0 Safari/537.36"
88.148.85.212 - - [29/Jul/2026:12:20:37 +0300] "GET /wp-json/wp/v2/users/me?context=edit&_locale=user HTTP/2.0" 200 4126 "https://wpface.ru/wp-admin/options-general.php" "Mozilla/5.0 (X11; Linux x86_64) AppleWebKit/537.36 (KHTML, like Gecko) Chrome/105.0.0.0 Safari/537.36"
91.240.85.141 - - [29/Jul/2026:12:20:38 +0300] "GET /wp-content/plugins/plh/nuxy//metaboxes/assets/webfonts/google-fonts.json HTTP/1.1" 200 706020 "-" "WordPress/7.0; https://wpface.ru"
88.148.85.212 - - [29/Jul/2026:12:20:38 +0300] "GET /wp-admin/profile.php HTTP/2.0" 200 205203 "https://wpface.ru/wp-admin/options-general.php" "Mozilla/5.0 (X11; Linux x86_64) AppleWebKit/537.36 (KHTML, like Gecko) Chrome/105.0.0.0 Safari/537.36"
88.148.85.212 - - [29/Jul/2026:12:20:39 +0300] "GET /wp-content/plugins/plh/nuxy//taxonomy_meta/assets/css/jquery.fonticonpicker.min.css?ver=1785316838 HTTP/2.0" 200 1344 "https://wpface.ru/wp-admin/profile.php" "Mozilla/5.0 (X11; Linux x86_64) AppleWebKit/537.36 (KHTML, like Gecko) Chrome/105.0.0.0 Safari/537.36"
88.148.85.212 - - [29/Jul/2026:12:20:39 +0300] "GET /wp-content/plugins/plh/nuxy//taxonomy_meta/assets/css/jquery.fonticonpicker.grey.min.css?ver=1785316838 HTTP/2.0" 200 574 "https://wpface.ru/wp-admin/profile.php" "Mozilla/5.0 (X11; Linux x86_64) AppleWebKit/537.36 (KHTML, like Gecko) Chrome/105.0.0.0 Safari/537.36"
88.148.85.212 - - [29/Jul/2026:12:20:39 +0300] "GET /wp-content/plugins/plh/nuxy//taxonomy_meta/assets/linearicons/linear.css?ver=1785316838 HTTP/2.0" 200 9259 "https://wpface.ru/wp-admin/profile.php" "Mozilla/5.0 (X11; Linux x86_64) AppleWebKit/537.36 (KHTML, like Gecko) Chrome/105.0.0.0 Safari/537.36"
88.148.85.212 - - [29/Jul/2026:12:20:39 +0300] "GET /wp-admin/load-scripts.php?c=0&load%5Bchunk_0%5D=jquery-core,jquery-migrate,utils,zxcvbn-async,moxiejs,plupload&ver=7.0 HTTP/2.0" 200 79324 "https://wpface.ru/wp-admin/profile.php" "Mozilla/5.0 (X11; Linux x86_64) AppleWebKit/537.36 (KHTML, like Gecko) Chrome/105.0.0.0 Safari/537.36"
88.148.85.212 - - [29/Jul/2026:12:20:39 +0300] "GET /wp-admin/js/application-passwords.min.js?ver=7.0 HTTP/2.0" 200 1172 "https://wpface.ru/wp-admin/profile.php" "Mozilla/5.0 (X11; Linux x86_64) AppleWebKit/537.36 (KHTML, like Gecko) Chrome/105.0.0.0 Safari/537.36"
88.148.85.212 - - [29/Jul/2026:12:20:39 +0300] "GET /wp-content/plugins/plh/nuxy//taxonomy_meta/assets/js/jquery.fonticonpicker.min.js?ver=1785316838 HTTP/2.0" 200 3879 "https://wpface.ru/wp-admin/profile.php" "Mozilla/5.0 (X11; Linux x86_64) AppleWebKit/537.36 (KHTML, like Gecko) Chrome/105.0.0.0 Safari/537.36"
91.240.85.141 - - [29/Jul/2026:12:20:40 +0300] "GET /wp-content/plugins/plh/nuxy//metaboxes/assets/webfonts/google-fonts.json HTTP/1.1" 200 706020 "-" "WordPress/7.0; https://wpface.ru"
88.148.85.212 - - [29/Jul/2026:12:20:40 +0300] "GET /wp-admin/plugins.php HTTP/2.0" 200 214749 "https://wpface.ru/wp-admin/profile.php" "Mozilla/5.0 (X11; Linux x86_64) AppleWebKit/537.36 (KHTML, like Gecko) Chrome/105.0.0.0 Safari/537.36"
91.240.85.141 - - [29/Jul/2026:12:20:41 +0300] "GET /wp-content/plugins/plh/nuxy//metaboxes/assets/webfonts/google-fonts.json HTTP/1.1" 200 706020 "-" "WordPress/7.0; https://wpface.ru"
88.148.85.212 - - [29/Jul/2026:12:20:41 +0300] "GET /wp-admin/plugin-install.php?tab=upload HTTP/2.0" 200 203096 "https://wpface.ru/wp-admin/profile.php" "Mozilla/5.0 (X11; Linux x86_64) AppleWebKit/537.36 (KHTML, like Gecko) Chrome/105.0.0.0 Safari/537.36"
88.148.85.212 - - [29/Jul/2026:12:20:41 +0300] "GET /wp-content/plugins/plh/nuxy//taxonomy_meta/assets/css/jquery.fonticonpicker.min.css?ver=1785316841 HTTP/2.0" 200 1344 "https://wpface.ru/wp-admin/plugin-install.php?tab=upload" "Mozilla/5.0 (X11; Linux x86_64) AppleWebKit/537.36 (KHTML, like Gecko) Chrome/105.0.0.0 Safari/537.36"
88.148.85.212 - - [29/Jul/2026:12:20:41 +0300] "GET /wp-content/plugins/plh/nuxy//taxonomy_meta/assets/css/jquery.fonticonpicker.grey.min.css?ver=1785316841 HTTP/2.0" 200 574 "https://wpface.ru/wp-admin/plugin-install.php?tab=upload" "Mozilla/5.0 (X11; Linux x86_64) AppleWebKit/537.36 (KHTML, like Gecko) Chrome/105.0.0.0 Safari/537.36"
88.148.85.212 - - [29/Jul/2026:12:20:41 +0300] "GET /wp-content/plugins/plh/nuxy//taxonomy_meta/assets/linearicons/linear.css?ver=1785316841 HTTP/2.0" 200 9259 "https://wpface.ru/wp-admin/plugin-install.php?tab=upload" "Mozilla/5.0 (X11; Linux x86_64) AppleWebKit/537.36 (KHTML, like Gecko) Chrome/105.0.0.0 Safari/537.36"
88.148.85.212 - - [29/Jul/2026:12:20:41 +0300] "GET /wp-content/plugins/plh/nuxy//taxonomy_meta/assets/js/jquery.fonticonpicker.min.js?ver=1785316841 HTTP/2.0" 200 3879 "https://wpface.ru/wp-admin/plugin-install.php?tab=upload" "Mozilla/5.0 (X11; Linux x86_64) AppleWebKit/537.36 (KHTML, like Gecko) Chrome/105.0.0.0 Safari/537.36"
88.148.85.212 - - [29/Jul/2026:12:20:42 +0300] "GET /wp-json/wp/v2/users/me?context=edit&_locale=user HTTP/2.0" 200 4126 "https://wpface.ru/wp-admin/plugin-install.php?tab=upload" "Mozilla/5.0 (X11; Linux x86_64) AppleWebKit/537.36 (KHTML, like Gecko) Chrome/105.0.0.0 Safari/537.36"
91.240.85.141 - - [29/Jul/2026:12:20:44 +0300] "GET /wp-content/plugins/plh/nuxy//metaboxes/assets/webfonts/google-fonts.json HTTP/1.1" 200 706020 "-" "WordPress/7.0; https://wpface.ru"
88.148.85.212 - - [29/Jul/2026:12:20:44 +0300] "POST /wp-admin/update.php?action=upload-plugin HTTP/2.0" 200 196957 "https://wpface.ru/wp-admin/plugin-install.php?tab=upload" "Mozilla/5.0 (X11; Linux x86_64) AppleWebKit/537.36 (KHTML, like Gecko) Chrome/105.0.0.0 Safari/537.36"
91.240.85.141 - - [29/Jul/2026:12:20:45 +0300] "GET /wp-content/plugins/plh/nuxy//metaboxes/assets/webfonts/google-fonts.json HTTP/1.1" 200 706020 "-" "WordPress/7.0; https://wpface.ru"
88.148.85.212 - - [29/Jul/2026:12:20:45 +0300] "GET /wp-admin/upload.php HTTP/2.0" 200 197998 "-" "Mozilla/5.0 (X11; Linux x86_64) AppleWebKit/537.36 (KHTML, like Gecko) Chrome/105.0.0.0 Safari/537.36"
88.148.85.212 - - [29/Jul/2026:12:20:45 +0300] "GET /wp-content/plugins/plh/nuxy//taxonomy_meta/assets/css/jquery.fonticonpicker.min.css?ver=1785316845 HTTP/2.0" 200 1344 "https://wpface.ru/wp-admin/upload.php" "Mozilla/5.0 (X11; Linux x86_64) AppleWebKit/537.36 (KHTML, like Gecko) Chrome/105.0.0.0 Safari/537.36"
88.148.85.212 - - [29/Jul/2026:12:20:45 +0300] "GET /wp-content/plugins/plh/nuxy//taxonomy_meta/assets/css/jquery.fonticonpicker.grey.min.css?ver=1785316845 HTTP/2.0" 200 574 "https://wpface.ru/wp-admin/upload.php" "Mozilla/5.0 (X11; Linux x86_64) AppleWebKit/537.36 (KHTML, like Gecko) Chrome/105.0.0.0 Safari/537.36"
88.148.85.212 - - [29/Jul/2026:12:20:45 +0300] "GET /wp-content/plugins/plh/nuxy//taxonomy_meta/assets/linearicons/linear.css?ver=1785316845 HTTP/2.0" 200 9259 "https://wpface.ru/wp-admin/upload.php" "Mozilla/5.0 (X11; Linux x86_64) AppleWebKit/537.36 (KHTML, like Gecko) Chrome/105.0.0.0 Safari/537.36"
88.148.85.212 - - [29/Jul/2026:12:20:45 +0300] "GET /wp-admin/load-styles.php?c=0&dir=ltr&load%5Bchunk_0%5D=dashicons,admin-bar,buttons,media-views,common,forms,admin-menu,dashboard,list-tables,edit,revisions,media,themes,about,nav-menu&load%5Bchunk_1%5D=s,wp-pointer,widgets,site-icon,l10n,wp-base-styles,wp-auth-check,wp-components,wp-commands&ver=7.0 HTTP/2.0" 200 158380 "https://wpface.ru/wp-admin/upload.php" "Mozilla/5.0 (X11; Linux x86_64) AppleWebKit/537.36 (KHTML, like Gecko) Chrome/105.0.0.0 Safari/537.36"
88.148.85.212 - - [29/Jul/2026:12:20:45 +0300] "GET /wp-includes/js/media-grid.min.js?ver=7.0 HTTP/2.0" 200 4473 "https://wpface.ru/wp-admin/upload.php" "Mozilla/5.0 (X11; Linux x86_64) AppleWebKit/537.36 (KHTML, like Gecko) Chrome/105.0.0.0 Safari/537.36"
88.148.85.212 - - [29/Jul/2026:12:20:45 +0300] "GET /wp-admin/js/media.min.js?ver=7.0 HTTP/2.0" 200 1132 "https://wpface.ru/wp-admin/upload.php" "Mozilla/5.0 (X11; Linux x86_64) AppleWebKit/537.36 (KHTML, like Gecko) Chrome/105.0.0.0 Safari/537.36"
88.148.85.212 - - [29/Jul/2026:12:20:45 +0300] "GET /wp-content/plugins/plh/nuxy//taxonomy_meta/assets/js/jquery.fonticonpicker.min.js?ver=1785316845 HTTP/2.0" 200 3879 "https://wpface.ru/wp-admin/upload.php" "Mozilla/5.0 (X11; Linux x86_64) AppleWebKit/537.36 (KHTML, like Gecko) Chrome/105.0.0.0 Safari/537.36"
88.148.85.212 - - [29/Jul/2026:12:20:46 +0300] "GET /wp-json/wp/v2/users/me?context=edit&_locale=user HTTP/2.0" 200 4126 "https://wpface.ru/wp-admin/upload.php" "Mozilla/5.0 (X11; Linux x86_64) AppleWebKit/537.36 (KHTML, like Gecko) Chrome/105.0.0.0 Safari/537.36"
88.148.85.212 - - [29/Jul/2026:12:20:47 +0300] "POST /wp-admin/admin-ajax.php HTTP/2.0" 200 134993 "https://wpface.ru/wp-admin/upload.php" "Mozilla/5.0 (X11; Linux x86_64) AppleWebKit/537.36 (KHTML, like Gecko) Chrome/105.0.0.0 Safari/537.36"
88.148.85.212 - - [29/Jul/2026:12:20:47 +0300] "GET /wp-json/wp/v2/settings HTTP/2.0" 200 421 "https://wpface.ru/wp-admin/upload.php" "Mozilla/5.0 (X11; Linux x86_64) AppleWebKit/537.36 (KHTML, like Gecko) Chrome/105.0.0.0 Safari/537.36"
91.240.85.141 - - [29/Jul/2026:12:20:47 +0300] "GET /wp-content/plugins/plh/nuxy//metaboxes/assets/webfonts/google-fonts.json HTTP/1.1" 200 706020 "-" "WordPress/7.0; https://wpface.ru"
88.148.85.212 - - [29/Jul/2026:12:20:47 +0300] "GET /wp-admin/post.php?post=62&action=edit HTTP/2.0" 200 226213 "-" "Mozilla/5.0 (X11; Linux x86_64) AppleWebKit/537.36 (KHTML, like Gecko) Chrome/105.0.0.0 Safari/537.36"
88.148.85.212 - - [29/Jul/2026:12:20:47 +0300] "GET /wp-content/plugins/plh/nuxy//taxonomy_meta/assets/css/jquery.fonticonpicker.min.css?ver=1785316847 HTTP/2.0" 200 1344 "https://wpface.ru/wp-admin/post.php?post=62&action=edit" "Mozilla/5.0 (X11; Linux x86_64) AppleWebKit/537.36 (KHTML, like Gecko) Chrome/105.0.0.0 Safari/537.36"
88.148.85.212 - - [29/Jul/2026:12:20:47 +0300] "GET /wp-content/plugins/plh/nuxy//taxonomy_meta/assets/css/jquery.fonticonpicker.grey.min.css?ver=1785316847 HTTP/2.0" 200 574 "https://wpface.ru/wp-admin/post.php?post=62&action=edit" "Mozilla/5.0 (X11; Linux x86_64) AppleWebKit/537.36 (KHTML, like Gecko) Chrome/105.0.0.0 Safari/537.36"
88.148.85.212 - - [29/Jul/2026:12:20:47 +0300] "GET /wp-content/plugins/plh/nuxy//taxonomy_meta/assets/linearicons/linear.css?ver=1785316847 HTTP/2.0" 200 9259 "https://wpface.ru/wp-admin/post.php?post=62&action=edit" "Mozilla/5.0 (X11; Linux x86_64) AppleWebKit/537.36 (KHTML, like Gecko) Chrome/105.0.0.0 Safari/537.36"
88.148.85.212 - - [29/Jul/2026:12:20:48 +0300] "GET /wp-includes/js/autosave.min.js?ver=7.0 HTTP/2.0" 200 2456 "https://wpface.ru/wp-admin/post.php?post=62&action=edit" "Mozilla/5.0 (X11; Linux x86_64) AppleWebKit/537.36 (KHTML, like Gecko) Chrome/105.0.0.0 Safari/537.36"
88.148.85.212 - - [29/Jul/2026:12:20:48 +0300] "GET /wp-includes/js/jquery/suggest.min.js?ver=1.1-20110113 HTTP/2.0" 200 1406 "https://wpface.ru/wp-admin/post.php?post=62&action=edit" "Mozilla/5.0 (X11; Linux x86_64) AppleWebKit/537.36 (KHTML, like Gecko) Chrome/105.0.0.0 Safari/537.36"
88.148.85.212 - - [29/Jul/2026:12:20:48 +0300] "GET /wp-admin/js/tags-box.min.js?ver=7.0 HTTP/2.0" 200 1387 "https://wpface.ru/wp-admin/post.php?post=62&action=edit" "Mozilla/5.0 (X11; Linux x86_64) AppleWebKit/537.36 (KHTML, like Gecko) Chrome/105.0.0.0 Safari/537.36"
88.148.85.212 - - [29/Jul/2026:12:20:48 +0300] "GET /wp-admin/js/word-count.min.js?ver=7.0 HTTP/2.0" 200 702 "https://wpface.ru/wp-admin/post.php?post=62&action=edit" "Mozilla/5.0 (X11; Linux x86_64) AppleWebKit/537.36 (KHTML, like Gecko) Chrome/105.0.0.0 Safari/537.36"
88.148.85.212 - - [29/Jul/2026:12:20:48 +0300] "GET /wp-admin/js/post.min.js?ver=7.0 HTTP/2.0" 200 7275 "https://wpface.ru/wp-admin/post.php?post=62&action=edit" "Mozilla/5.0 (X11; Linux x86_64) AppleWebKit/537.36 (KHTML, like Gecko) Chrome/105.0.0.0 Safari/537.36"
88.148.85.212 - - [29/Jul/2026:12:20:48 +0300] "GET /wp-admin/js/editor-expand.min.js?ver=7.0 HTTP/2.0" 200 4969 "https://wpface.ru/wp-admin/post.php?post=62&action=edit" "Mozilla/5.0 (X11; Linux x86_64) AppleWebKit/537.36 (KHTML, like Gecko) Chrome/105.0.0.0 Safari/537.36"
88.148.85.212 - - [29/Jul/2026:12:20:48 +0300] "GET /wp-content/plugins/plh/nuxy//taxonomy_meta/assets/js/jquery.fonticonpicker.min.js?ver=1785316847 HTTP/2.0" 200 3879 "https://wpface.ru/wp-admin/post.php?post=62&action=edit" "Mozilla/5.0 (X11; Linux x86_64) AppleWebKit/537.36 (KHTML, like Gecko) Chrome/105.0.0.0 Safari/537.36"
88.148.85.212 - - [29/Jul/2026:12:20:48 +0300] "GET /wp-admin/js/editor.min.js?ver=7.0 HTTP/2.0" 200 5189 "https://wpface.ru/wp-admin/post.php?post=62&action=edit" "Mozilla/5.0 (X11; Linux x86_64) AppleWebKit/537.36 (KHTML, like Gecko) Chrome/105.0.0.0 Safari/537.36"
88.148.85.212 - - [29/Jul/2026:12:20:48 +0300] "GET /wp-includes/js/tinymce/tinymce.min.js?ver=49110-20250317 HTTP/2.0" 200 145163 "https://wpface.ru/wp-admin/post.php?post=62&action=edit" "Mozilla/5.0 (X11; Linux x86_64) AppleWebKit/537.36 (KHTML, like Gecko) Chrome/105.0.0.0 Safari/537.36"
88.148.85.212 - - [29/Jul/2026:12:20:48 +0300] "GET /wp-includes/js/tinymce/plugins/compat3x/plugin.min.js?ver=49110-20250317 HTTP/2.0" 200 1837 "https://wpface.ru/wp-admin/post.php?post=62&action=edit" "Mozilla/5.0 (X11; Linux x86_64) AppleWebKit/537.36 (KHTML, like Gecko) Chrome/105.0.0.0 Safari/537.36"
88.148.85.212 - - [29/Jul/2026:12:20:48 +0300] "GET /wp-includes/js/wp-embed.min.js?ver=7.0 HTTP/2.0" 200 710 "https://wpface.ru/wp-admin/post.php?post=62&action=edit" "Mozilla/5.0 (X11; Linux x86_64) AppleWebKit/537.36 (KHTML, like Gecko) Chrome/105.0.0.0 Safari/537.36"
88.148.85.212 - - [29/Jul/2026:12:20:48 +0300] "GET /wp-json/wp/v2/users/me?context=edit&_locale=user HTTP/2.0" 200 4126 "https://wpface.ru/wp-admin/post.php?post=62&action=edit" "Mozilla/5.0 (X11; Linux x86_64) AppleWebKit/537.36 (KHTML, like Gecko) Chrome/105.0.0.0 Safari/537.36"
88.148.85.212 - - [29/Jul/2026:12:20:49 +0300] "GET /wp-includes/js/tinymce/themes/modern/theme.min.js?wp-mce-49110-20250317 HTTP/2.0" 200 49705 "https://wpface.ru/wp-admin/post.php?post=62&action=edit" "Mozilla/5.0 (X11; Linux x86_64) AppleWebKit/537.36 (KHTML, like Gecko) Chrome/105.0.0.0 Safari/537.36"
88.148.85.212 - - [29/Jul/2026:12:20:49 +0300] "GET /wp-content/plugins/enlighter/resources/tinymce/enlighterjs.tinymce.min.js?4.6.1&wp-mce-49110-20250317 HTTP/2.0" 200 2917 "https://wpface.ru/wp-admin/post.php?post=62&action=edit" "Mozilla/5.0 (X11; Linux x86_64) AppleWebKit/537.36 (KHTML, like Gecko) Chrome/105.0.0.0 Safari/537.36"
88.148.85.212 - - [29/Jul/2026:12:20:49 +0300] "GET /wp-includes/js/tinymce/plugins/charmap/plugin.min.js?wp-mce-49110-20250317 HTTP/2.0" 200 3533 "https://wpface.ru/wp-admin/post.php?post=62&action=edit" "Mozilla/5.0 (X11; Linux x86_64) AppleWebKit/537.36 (KHTML, like Gecko) Chrome/105.0.0.0 Safari/537.36"
88.148.85.212 - - [29/Jul/2026:12:20:49 +0300] "GET /wp-includes/js/tinymce/plugins/colorpicker/plugin.min.js?wp-mce-49110-20250317 HTTP/2.0" 200 680 "https://wpface.ru/wp-admin/post.php?post=62&action=edit" "Mozilla/5.0 (X11; Linux x86_64) AppleWebKit/537.36 (KHTML, like Gecko) Chrome/105.0.0.0 Safari/537.36"
88.148.85.212 - - [29/Jul/2026:12:20:49 +0300] "GET /wp-includes/js/tinymce/plugins/hr/plugin.min.js?wp-mce-49110-20250317 HTTP/2.0" 200 428 "https://wpface.ru/wp-admin/post.php?post=62&action=edit" "Mozilla/5.0 (X11; Linux x86_64) AppleWebKit/537.36 (KHTML, like Gecko) Chrome/105.0.0.0 Safari/537.36"
88.148.85.212 - - [29/Jul/2026:12:20:49 +0300] "GET /wp-includes/js/tinymce/plugins/lists/plugin.min.js?wp-mce-49110-20250317 HTTP/2.0" 200 10288 "https://wpface.ru/wp-admin/post.php?post=62&action=edit" "Mozilla/5.0 (X11; Linux x86_64) AppleWebKit/537.36 (KHTML, like Gecko) Chrome/105.0.0.0 Safari/537.36"
88.148.85.212 - - [29/Jul/2026:12:20:49 +0300] "GET /wp-includes/js/tinymce/plugins/media/plugin.min.js?wp-mce-49110-20250317 HTTP/2.0" 200 6554 "https://wpface.ru/wp-admin/post.php?post=62&action=edit" "Mozilla/5.0 (X11; Linux x86_64) AppleWebKit/537.36 (KHTML, like Gecko) Chrome/105.0.0.0 Safari/537.36"
88.148.85.212 - - [29/Jul/2026:12:20:49 +0300] "GET /wp-includes/js/tinymce/plugins/paste/plugin.min.js?wp-mce-49110-20250317 HTTP/2.0" 200 12824 "https://wpface.ru/wp-admin/post.php?post=62&action=edit" "Mozilla/5.0 (X11; Linux x86_64) AppleWebKit/537.36 (KHTML, like Gecko) Chrome/105.0.0.0 Safari/537.36"
88.148.85.212 - - [29/Jul/2026:12:20:49 +0300] "GET /wp-includes/js/tinymce/plugins/tabfocus/plugin.min.js?wp-mce-49110-20250317 HTTP/2.0" 200 807 "https://wpface.ru/wp-admin/post.php?post=62&action=edit" "Mozilla/5.0 (X11; Linux x86_64) AppleWebKit/537.36 (KHTML, like Gecko) Chrome/105.0.0.0 Safari/537.36"
88.148.85.212 - - [29/Jul/2026:12:20:49 +0300] "GET /wp-includes/js/tinymce/plugins/textcolor/plugin.min.js?wp-mce-49110-20250317 HTTP/2.0" 200 2069 "https://wpface.ru/wp-admin/post.php?post=62&action=edit" "Mozilla/5.0 (X11; Linux x86_64) AppleWebKit/537.36 (KHTML, like Gecko) Chrome/105.0.0.0 Safari/537.36"
88.148.85.212 - - [29/Jul/2026:12:20:49 +0300] "GET /wp-includes/js/tinymce/plugins/fullscreen/plugin.min.js?wp-mce-49110-20250317 HTTP/2.0" 200 925 "https://wpface.ru/wp-admin/post.php?post=62&action=edit" "Mozilla/5.0 (X11; Linux x86_64) AppleWebKit/537.36 (KHTML, like Gecko) Chrome/105.0.0.0 Safari/537.36"
88.148.85.212 - - [29/Jul/2026:12:20:49 +0300] "GET /wp-includes/js/tinymce/plugins/wordpress/plugin.min.js?wp-mce-49110-20250317 HTTP/2.0" 200 6778 "https://wpface.ru/wp-admin/post.php?post=62&action=edit" "Mozilla/5.0 (X11; Linux x86_64) AppleWebKit/537.36 (KHTML, like Gecko) Chrome/105.0.0.0 Safari/537.36"
88.148.85.212 - - [29/Jul/2026:12:20:49 +0300] "GET /wp-includes/js/tinymce/plugins/wpautoresize/plugin.min.js?wp-mce-49110-20250317 HTTP/2.0" 200 940 "https://wpface.ru/wp-admin/post.php?post=62&action=edit" "Mozilla/5.0 (X11; Linux x86_64) AppleWebKit/537.36 (KHTML, like Gecko) Chrome/105.0.0.0 Safari/537.36"
88.148.85.212 - - [29/Jul/2026:12:20:49 +0300] "GET /wp-includes/js/tinymce/plugins/wpeditimage/plugin.min.js?wp-mce-49110-20250317 HTTP/2.0" 200 4854 "https://wpface.ru/wp-admin/post.php?post=62&action=edit" "Mozilla/5.0 (X11; Linux x86_64) AppleWebKit/537.36 (KHTML, like Gecko) Chrome/105.0.0.0 Safari/537.36"
88.148.85.212 - - [29/Jul/2026:12:20:49 +0300] "GET /wp-includes/js/tinymce/plugins/wpemoji/plugin.min.js?wp-mce-49110-20250317 HTTP/2.0" 200 762 "https://wpface.ru/wp-admin/post.php?post=62&action=edit" "Mozilla/5.0 (X11; Linux x86_64) AppleWebKit/537.36 (KHTML, like Gecko) Chrome/105.0.0.0 Safari/537.36"
88.148.85.212 - - [29/Jul/2026:12:20:49 +0300] "GET /wp-includes/js/tinymce/plugins/wpgallery/plugin.min.js?wp-mce-49110-20250317 HTTP/2.0" 200 762 "https://wpface.ru/wp-admin/post.php?post=62&action=edit" "Mozilla/5.0 (X11; Linux x86_64) AppleWebKit/537.36 (KHTML, like Gecko) Chrome/105.0.0.0 Safari/537.36"
88.148.85.212 - - [29/Jul/2026:12:20:49 +0300] "GET /wp-includes/js/tinymce/plugins/wplink/plugin.min.js?wp-mce-49110-20250317 HTTP/2.0" 200 3689 "https://wpface.ru/wp-admin/post.php?post=62&action=edit" "Mozilla/5.0 (X11; Linux x86_64) AppleWebKit/537.36 (KHTML, like Gecko) Chrome/105.0.0.0 Safari/537.36"
88.148.85.212 - - [29/Jul/2026:12:20:50 +0300] "GET /wp-includes/js/tinymce/plugins/wpdialogs/plugin.min.js?wp-mce-49110-20250317 HTTP/2.0" 200 656 "https://wpface.ru/wp-admin/post.php?post=62&action=edit" "Mozilla/5.0 (X11; Linux x86_64) AppleWebKit/537.36 (KHTML, like Gecko) Chrome/105.0.0.0 Safari/537.36"
88.148.85.212 - - [29/Jul/2026:12:20:50 +0300] "GET /wp-includes/js/tinymce/plugins/wptextpattern/plugin.min.js?wp-mce-49110-20250317 HTTP/2.0" 200 1447 "https://wpface.ru/wp-admin/post.php?post=62&action=edit" "Mozilla/5.0 (X11; Linux x86_64) AppleWebKit/537.36 (KHTML, like Gecko) Chrome/105.0.0.0 Safari/537.36"
88.148.85.212 - - [29/Jul/2026:12:20:50 +0300] "GET /wp-includes/js/tinymce/plugins/wpview/plugin.min.js?wp-mce-49110-20250317 HTTP/2.0" 200 1296 "https://wpface.ru/wp-admin/post.php?post=62&action=edit" "Mozilla/5.0 (X11; Linux x86_64) AppleWebKit/537.36 (KHTML, like Gecko) Chrome/105.0.0.0 Safari/537.36"
88.148.85.212 - - [29/Jul/2026:12:20:50 +0300] "GET /wp-includes/js/tinymce/skins/lightgray/skin.min.css?wp-mce-49110-20250317 HTTP/2.0" 200 10614 "https://wpface.ru/wp-admin/post.php?post=62&action=edit" "Mozilla/5.0 (X11; Linux x86_64) AppleWebKit/537.36 (KHTML, like Gecko) Chrome/105.0.0.0 Safari/537.36"
88.148.85.212 - - [29/Jul/2026:12:20:50 +0300] "GET /wp-includes/js/tinymce/skins/lightgray/content.min.css?wp-mce-49110-20250317 HTTP/2.0" 200 1445 "https://wpface.ru/wp-admin/post.php?post=62&action=edit" "Mozilla/5.0 (X11; Linux x86_64) AppleWebKit/537.36 (KHTML, like Gecko) Chrome/105.0.0.0 Safari/537.36"
88.148.85.212 - - [29/Jul/2026:12:20:50 +0300] "GET /wp-includes/css/dashicons.min.css?ver=7.0&wp-mce-49110-20250317 HTTP/2.0" 200 36693 "https://wpface.ru/wp-admin/post.php?post=62&action=edit" "Mozilla/5.0 (X11; Linux x86_64) AppleWebKit/537.36 (KHTML, like Gecko) Chrome/105.0.0.0 Safari/537.36"
88.148.85.212 - - [29/Jul/2026:12:20:50 +0300] "GET /wp-includes/js/tinymce/skins/wordpress/wp-content.css?ver=7.0&wp-mce-49110-20250317 HTTP/2.0" 200 2986 "https://wpface.ru/wp-admin/post.php?post=62&action=edit" "Mozilla/5.0 (X11; Linux x86_64) AppleWebKit/537.36 (KHTML, like Gecko) Chrome/105.0.0.0 Safari/537.36"
88.148.85.212 - - [29/Jul/2026:12:20:50 +0300] "GET /wp-content/plugins/enlighter/cache/tinymce.css?IDyK95jeyIY9s4b&wp-mce-49110-20250317 HTTP/2.0" 200 10630 "https://wpface.ru/wp-admin/post.php?post=62&action=edit" "Mozilla/5.0 (X11; Linux x86_64) AppleWebKit/537.36 (KHTML, like Gecko) Chrome/105.0.0.0 Safari/537.36"
88.148.85.212 - - [29/Jul/2026:12:20:53 +0300] "POST /wp-admin/admin-ajax.php HTTP/2.0" 200 21 "https://wpface.ru/wp-admin/post.php?post=62&action=edit" "Mozilla/5.0 (X11; Linux x86_64) AppleWebKit/537.36 (KHTML, like Gecko) Chrome/105.0.0.0 Safari/537.36"
101.32.208.70 - - [29/Jul/2026:12:21:06 +0300] "GET / HTTP/1.1" 301 169 "-" "Mozilla/5.0 (iPhone; CPU iPhone OS 13_2_3 like Mac OS X) AppleWebKit/605.1.15 (KHTML, like Gecko) Version/13.0.3 Mobile/15E148 Safari/604.1"
92.222.104.197 - - [29/Jul/2026:12:21:24 +0300] "GET /wp-sitemap.xml HTTP/2.0" 200 507 "-" "Mozilla/5.0 (compatible; AhrefsBot/7.0; +http://ahrefs.com/robot/)"
37.59.204.158 - - [29/Jul/2026:12:21:34 +0300] "GET /wp-sitemap-posts-post-1.xml HTTP/2.0" 200 9187 "-" "Mozilla/5.0 (compatible; AhrefsBot/7.0; +http://ahrefs.com/robot/)"
176.31.139.18 - - [29/Jul/2026:12:21:48 +0300] "GET /wp-sitemap-posts-page-1.xml HTTP/2.0" 200 720 "-" "Mozilla/5.0 (compatible; AhrefsBot/7.0; +http://ahrefs.com/robot/)"
94.130.11.28 - - [29/Jul/2026:12:21:54 +0300] "GET /wp-login.php HTTP/2.0" 200 3557 "-" "Mozilla/5.0 (Windows NT 10.0; Win64; x64) AppleWebKit/537.36 (KHTML, like Gecko) Chrome/150.0.0.0 Safari/537.36"
51.68.247.200 - - [29/Jul/2026:12:21:59 +0300] "GET /wp-sitemap-taxonomies-category-1.xml HTTP/2.0" 200 931 "-" "Mozilla/5.0 (compatible; AhrefsBot/7.0; +http://ahrefs.com/robot/)"
94.130.11.28 - - [29/Jul/2026:12:22:05 +0300] "POST /wp-login.php HTTP/2.0" 200 3804 "https://www.wpface.ru/wp-login.php" "Mozilla/5.0 (Windows NT 10.0; Win64; x64) AppleWebKit/537.36 (KHTML, like Gecko) Chrome/150.0.0.0 Safari/537.36"
20.100.176.141 - - [29/Jul/2026:12:22:06 +0300] "GET /wp-content/plugins/hellopress/wp_filemanager.php HTTP/1.1" 301 169 "-" "-"
92.222.104.222 - - [29/Jul/2026:12:22:17 +0300] "GET /wp-sitemap-users-1.xml HTTP/2.0" 200 306 "-" "Mozilla/5.0 (compatible; AhrefsBot/7.0; +http://ahrefs.com/robot/)"
91.240.85.141 - - [29/Jul/2026:12:25:09 +0300] "POST /wp-cron.php?doing_wp_cron=1785317109.0924620628356933593750 HTTP/1.1" 200 31 "-" "WordPress/7.0; https://wpface.ru"
185.191.171.7 - - [29/Jul/2026:12:25:09 +0300] "GET /robots.txt HTTP/1.1" 200 121 "-" "Mozilla/5.0 (compatible; SemrushBot/7~bl; +http://www.semrush.com/bot.html)"
85.208.96.207 - - [29/Jul/2026:12:25:10 +0300] "GET / HTTP/1.1" 200 15721 "-" "Mozilla/5.0 (compatible; SemrushBot/7~bl; +http://www.semrush.com/bot.html)"
135.148.171.117 - - [29/Jul/2026:12:25:27 +0300] "POST /xmlrpc.php HTTP/2.0" 200 439 "-" "Mozilla/5.0 (Windows NT 10.0; Win64; x64) AppleWebKit/537.36 (KHTML, like Gecko) Chrome/150.0.0.0 Safari/537.36"
135.148.171.117 - - [29/Jul/2026:12:26:02 +0300] "GET /wp-login.php HTTP/2.0" 200 3557 "-" "Mozilla/5.0 (Windows NT 10.0; Win64; x64) AppleWebKit/537.36 (KHTML, like Gecko) Chrome/150.0.0.0 Safari/537.36"
135.148.171.117 - - [29/Jul/2026:12:26:02 +0300] "POST /wp-login.php HTTP/2.0" 200 3738 "https://wpface.ru/wp-login.php" "Mozilla/5.0 (Windows NT 10.0; Win64; x64) AppleWebKit/537.36 (KHTML, like Gecko) Chrome/150.0.0.0 Safari/537.36"
91.240.85.141 - - [29/Jul/2026:12:28:08 +0300] "GET / HTTP/1.1" 200 15720 "-" "Mozilla/5.0 (X11; Linux x86_64) AppleWebKit/537.36 (KHTML, like Gecko) Chrome/44.0.2403.157 Safari/537.36"
94.154.35.236 - - [29/Jul/2026:12:29:11 +0300] "HEAD /archive.bz2 HTTP/1.1" 301 0 "-" "Mozilla/5.0 (Windows NT 10.0; Win64; x64) AppleWebKit/537.36 (KHTML, like Gecko) Chrome/101.0.4951.67 Safari/537.36"
91.240.85.141 - - [29/Jul/2026:12:29:12 +0300] "POST /wp-cron.php?doing_wp_cron=1785317352.7241520881652832031250 HTTP/1.1" 200 31 "-" "WordPress/7.0; https://wpface.ru"
94.154.35.236 - - [29/Jul/2026:12:29:12 +0300] "HEAD /archive.bz2 HTTP/1.1" 404 0 "-" "Mozilla/5.0 (Windows NT 10.0; Win64; x64) AppleWebKit/537.36 (KHTML, like Gecko) Chrome/101.0.4951.67 Safari/537.36"
57.141.0.42 - - [29/Jul/2026:12:32:25 +0300] "GET /uk-wordpress.html HTTP/2.0" 200 18557 "-" "Mozilla/5.0 (Windows NT 10.0; Win64; x64) AppleWebKit/537.36 (KHTML, like Gecko) Chrome/145.0.0.0 Safari/537.36 (compatible; meta-externalagent/1.1 (+https://developers.facebook.com/docs/sharing/webmasters/crawler))"
65.109.168.159 - - [29/Jul/2026:12:37:35 +0300] "GET /wp-content/uploads/2024/10/shopskript-300x252.webp HTTP/1.1" 200 12304 "-" "Mozilla/5.0 (X11; Ubuntu; Linux x86_64; rv:72.0) Gecko/20100101 Firefox/72.0"
91.240.85.141 - - [29/Jul/2026:12:38:08 +0300] "POST /wp-cron.php?doing_wp_cron=1785317888.8797140121459960937500 HTTP/1.1" 200 31 "-" "WordPress/7.0; https://wpface.ru"
94.130.11.28 - - [29/Jul/2026:12:38:08 +0300] "POST /xmlrpc.php HTTP/2.0" 200 439 "-" "Mozilla/5.0 (Windows NT 10.0; Win64; x64) AppleWebKit/537.36 (KHTML, like Gecko) Chrome/150.0.0.0 Safari/537.36"
20.104.18.253 - - [29/Jul/2026:12:39:54 +0300] "GET /geju.php HTTP/1.1" 404 47 "-" "Mozilla/5.0 (Windows NT 10.0; Win64; x64) AppleWebKit/537.36 (KHTML, like Gecko) Chrome/120.0.0.0 Safari/537.36"
20.104.18.253 - - [29/Jul/2026:12:39:55 +0300] "GET /wp-content/plugins/about.php HTTP/1.1" 404 47 "-" "Mozilla/5.0 (Windows NT 10.0; Win64; x64) AppleWebKit/537.36 (KHTML, like Gecko) Chrome/120.0.0.0 Safari/537.36"
20.104.18.253 - - [29/Jul/2026:12:39:55 +0300] "GET /wp.php HTTP/1.1" 404 47 "-" "Mozilla/5.0 (Windows NT 10.0; Win64; x64) AppleWebKit/537.36 (KHTML, like Gecko) Chrome/120.0.0.0 Safari/537.36"
20.104.18.253 - - [29/Jul/2026:12:39:55 +0300] "GET /aaa.php HTTP/1.1" 404 47 "-" "Mozilla/5.0 (Windows NT 10.0; Win64; x64) AppleWebKit/537.36 (KHTML, like Gecko) Chrome/120.0.0.0 Safari/537.36"
20.104.18.253 - - [29/Jul/2026:12:39:55 +0300] "GET /hoot.php HTTP/1.1" 404 47 "-" "Mozilla/5.0 (Windows NT 10.0; Win64; x64) AppleWebKit/537.36 (KHTML, like Gecko) Chrome/120.0.0.0 Safari/537.36"
20.104.18.253 - - [29/Jul/2026:12:39:55 +0300] "GET /about.php HTTP/1.1" 404 47 "-" "Mozilla/5.0 (Windows NT 10.0; Win64; x64) AppleWebKit/537.36 (KHTML, like Gecko) Chrome/120.0.0.0 Safari/537.36"
20.104.18.253 - - [29/Jul/2026:12:39:55 +0300] "GET /admin.php HTTP/1.1" 404 47 "-" "Mozilla/5.0 (Windows NT 10.0; Win64; x64) AppleWebKit/537.36 (KHTML, like Gecko) Chrome/120.0.0.0 Safari/537.36"
20.104.18.253 - - [29/Jul/2026:12:39:55 +0300] "GET /wp-content/plugins/admin.php HTTP/1.1" 404 47 "-" "Mozilla/5.0 (Windows NT 10.0; Win64; x64) AppleWebKit/537.36 (KHTML, like Gecko) Chrome/120.0.0.0 Safari/537.36"
20.104.18.253 - - [29/Jul/2026:12:39:56 +0300] "GET /wp-content/db-cache.php HTTP/1.1" 404 47 "-" "Mozilla/5.0 (Windows NT 10.0; Win64; x64) AppleWebKit/537.36 (KHTML, like Gecko) Chrome/120.0.0.0 Safari/537.36"
20.104.18.253 - - [29/Jul/2026:12:39:56 +0300] "GET /wp-content/themes/twentyeleven/functions.php HTTP/1.1" 404 47 "-" "Mozilla/5.0 (Windows NT 10.0; Win64; x64) AppleWebKit/537.36 (KHTML, like Gecko) Chrome/120.0.0.0 Safari/537.36"
20.104.18.253 - - [29/Jul/2026:12:39:56 +0300] "GET /wp-content/themes/oceanwp/functions.php HTTP/1.1" 404 47 "-" "Mozilla/5.0 (Windows NT 10.0; Win64; x64) AppleWebKit/537.36 (KHTML, like Gecko) Chrome/120.0.0.0 Safari/537.36"
20.104.18.253 - - [29/Jul/2026:12:39:56 +0300] "GET /wp-content/themes/twentythirteen/functions.php HTTP/1.1" 404 47 "-" "Mozilla/5.0 (Windows NT 10.0; Win64; x64) AppleWebKit/537.36 (KHTML, like Gecko) Chrome/120.0.0.0 Safari/537.36"
20.104.18.253 - - [29/Jul/2026:12:39:56 +0300] "GET /wp-content/themes/kadence/functions.php HTTP/1.1" 404 47 "-" "Mozilla/5.0 (Windows NT 10.0; Win64; x64) AppleWebKit/537.36 (KHTML, like Gecko) Chrome/120.0.0.0 Safari/537.36"
20.104.18.253 - - [29/Jul/2026:12:39:56 +0300] "GET /wp-content/themes/twentytwenty/functions.php HTTP/1.1" 404 47 "-" "Mozilla/5.0 (Windows NT 10.0; Win64; x64) AppleWebKit/537.36 (KHTML, like Gecko) Chrome/120.0.0.0 Safari/537.36"
20.104.18.253 - - [29/Jul/2026:12:39:57 +0300] "GET /content.php HTTP/1.1" 404 47 "-" "Mozilla/5.0 (Windows NT 10.0; Win64; x64) AppleWebKit/537.36 (KHTML, like Gecko) Chrome/120.0.0.0 Safari/537.36"
20.104.18.253 - - [29/Jul/2026:12:39:57 +0300] "GET /wp-content/plugins/not/includes/about.php HTTP/1.1" 404 47 "-" "Mozilla/5.0 (Windows NT 10.0; Win64; x64) AppleWebKit/537.36 (KHTML, like Gecko) Chrome/120.0.0.0 Safari/537.36"
20.104.18.253 - - [29/Jul/2026:12:39:57 +0300] "GET /wp-content/plugins/simple/simple.php HTTP/1.1" 404 47 "-" "Mozilla/5.0 (Windows NT 10.0; Win64; x64) AppleWebKit/537.36 (KHTML, like Gecko) Chrome/120.0.0.0 Safari/537.36"
20.104.18.253 - - [29/Jul/2026:12:39:57 +0300] "GET /wp-content/plugins/wp-theme-editor/include.php HTTP/1.1" 404 47 "-" "Mozilla/5.0 (Windows NT 10.0; Win64; x64) AppleWebKit/537.36 (KHTML, like Gecko) Chrome/120.0.0.0 Safari/537.36"
20.104.18.253 - - [29/Jul/2026:12:39:57 +0300] "GET /wp-content/themes/aahana/json.php HTTP/1.1" 404 47 "-" "Mozilla/5.0 (Windows NT 10.0; Win64; x64) AppleWebKit/537.36 (KHTML, like Gecko) Chrome/120.0.0.0 Safari/537.36"
20.104.18.253 - - [29/Jul/2026:12:39:57 +0300] "GET /wp-content/plugins/awesome-coming-soon/come.php HTTP/1.1" 404 47 "-" "Mozilla/5.0 (Windows NT 10.0; Win64; x64) AppleWebKit/537.36 (KHTML, like Gecko) Chrome/120.0.0.0 Safari/537.36"
20.104.18.253 - - [29/Jul/2026:12:39:58 +0300] "GET /wp-content/plugins/wp-conflg.php HTTP/1.1" 404 47 "-" "Mozilla/5.0 (Windows NT 10.0; Win64; x64) AppleWebKit/537.36 (KHTML, like Gecko) Chrome/120.0.0.0 Safari/537.36"
20.104.18.253 - - [29/Jul/2026:12:39:58 +0300] "GET /wp-includes/Requests/about.php HTTP/1.1" 404 47 "-" "Mozilla/5.0 (Windows NT 10.0; Win64; x64) AppleWebKit/537.36 (KHTML, like Gecko) Chrome/120.0.0.0 Safari/537.36"
20.104.18.253 - - [29/Jul/2026:12:39:58 +0300] "GET /wp-includes/style-engine/about.php HTTP/1.1" 404 47 "-" "Mozilla/5.0 (Windows NT 10.0; Win64; x64) AppleWebKit/537.36 (KHTML, like Gecko) Chrome/120.0.0.0 Safari/537.36"
20.104.18.253 - - [29/Jul/2026:12:39:58 +0300] "GET /wp-includes/rest-api/about.php HTTP/1.1" 404 47 "-" "Mozilla/5.0 (Windows NT 10.0; Win64; x64) AppleWebKit/537.36 (KHTML, like Gecko) Chrome/120.0.0.0 Safari/537.36"
20.104.18.253 - - [29/Jul/2026:12:39:58 +0300] "GET /wp-includes/SimplePie/about.php HTTP/1.1" 404 47 "-" "Mozilla/5.0 (Windows NT 10.0; Win64; x64) AppleWebKit/537.36 (KHTML, like Gecko) Chrome/120.0.0.0 Safari/537.36"
20.104.18.253 - - [29/Jul/2026:12:39:58 +0300] "GET /wp-content/banners/about.php HTTP/1.1" 404 47 "-" "Mozilla/5.0 (Windows NT 10.0; Win64; x64) AppleWebKit/537.36 (KHTML, like Gecko) Chrome/120.0.0.0 Safari/537.36"
20.104.18.253 - - [29/Jul/2026:12:39:59 +0300] "GET /wp-content/about.php HTTP/1.1" 404 47 "-" "Mozilla/5.0 (Windows NT 10.0; Win64; x64) AppleWebKit/537.36 (KHTML, like Gecko) Chrome/120.0.0.0 Safari/537.36"
20.104.18.253 - - [29/Jul/2026:12:39:59 +0300] "GET /.well-known/about.php HTTP/1.1" 404 47 "-" "Mozilla/5.0 (Windows NT 10.0; Win64; x64) AppleWebKit/537.36 (KHTML, like Gecko) Chrome/120.0.0.0 Safari/537.36"
20.104.18.253 - - [29/Jul/2026:12:39:59 +0300] "GET /wp-includes/Text/about.php HTTP/1.1" 404 47 "-" "Mozilla/5.0 (Windows NT 10.0; Win64; x64) AppleWebKit/537.36 (KHTML, like Gecko) Chrome/120.0.0.0 Safari/537.36"
20.104.18.253 - - [29/Jul/2026:12:39:59 +0300] "GET /wp-includes/ID3/about.php HTTP/1.1" 404 47 "-" "Mozilla/5.0 (Windows NT 10.0; Win64; x64) AppleWebKit/537.36 (KHTML, like Gecko) Chrome/120.0.0.0 Safari/537.36"
20.104.18.253 - - [29/Jul/2026:12:39:59 +0300] "GET /img/about.php HTTP/1.1" 404 47 "-" "Mozilla/5.0 (Windows NT 10.0; Win64; x64) AppleWebKit/537.36 (KHTML, like Gecko) Chrome/120.0.0.0 Safari/537.36"
20.104.18.253 - - [29/Jul/2026:12:39:59 +0300] "GET /wp-content/languages/about.php HTTP/1.1" 404 47 "-" "Mozilla/5.0 (Windows NT 10.0; Win64; x64) AppleWebKit/537.36 (KHTML, like Gecko) Chrome/120.0.0.0 Safari/537.36"
20.104.18.253 - - [29/Jul/2026:12:39:59 +0300] "GET /wp-includes/customize/about.php HTTP/1.1" 404 47 "-" "Mozilla/5.0 (Windows NT 10.0; Win64; x64) AppleWebKit/537.36 (KHTML, like Gecko) Chrome/120.0.0.0 Safari/537.36"
20.104.18.253 - - [29/Jul/2026:12:40:00 +0300] "GET /wp-includes.bak/html-api/about.php HTTP/1.1" 404 47 "-" "Mozilla/5.0 (Windows NT 10.0; Win64; x64) AppleWebKit/537.36 (KHTML, like Gecko) Chrome/120.0.0.0 Safari/537.36"
20.104.18.253 - - [29/Jul/2026:12:40:00 +0300] "GET /wp-includes/widgets/about.php HTTP/1.1" 404 47 "-" "Mozilla/5.0 (Windows NT 10.0; Win64; x64) AppleWebKit/537.36 (KHTML, like Gecko) Chrome/120.0.0.0 Safari/537.36"
20.104.18.253 - - [29/Jul/2026:12:40:00 +0300] "GET /wp-includes/IXR/about.php HTTP/1.1" 404 47 "-" "Mozilla/5.0 (Windows NT 10.0; Win64; x64) AppleWebKit/537.36 (KHTML, like Gecko) Chrome/120.0.0.0 Safari/537.36"
20.104.18.253 - - [29/Jul/2026:12:40:00 +0300] "GET /wp-admin/js/about.php HTTP/1.1" 404 47 "-" "Mozilla/5.0 (Windows NT 10.0; Win64; x64) AppleWebKit/537.36 (KHTML, like Gecko) Chrome/120.0.0.0 Safari/537.36"
20.104.18.253 - - [29/Jul/2026:12:40:00 +0300] "GET /.well-known/pki-validation/about.php HTTP/1.1" 404 47 "-" "Mozilla/5.0 (Windows NT 10.0; Win64; x64) AppleWebKit/537.36 (KHTML, like Gecko) Chrome/120.0.0.0 Safari/537.36"
20.104.18.253 - - [29/Jul/2026:12:40:00 +0300] "GET /wp-includes/pomo/about.php HTTP/1.1" 404 47 "-" "Mozilla/5.0 (Windows NT 10.0; Win64; x64) AppleWebKit/537.36 (KHTML, like Gecko) Chrome/120.0.0.0 Safari/537.36"
20.104.18.253 - - [29/Jul/2026:12:40:01 +0300] "GET /wp-includes/block-patterns/about.php HTTP/1.1" 404 47 "-" "Mozilla/5.0 (Windows NT 10.0; Win64; x64) AppleWebKit/537.36 (KHTML, like Gecko) Chrome/120.0.0.0 Safari/537.36"
20.104.18.253 - - [29/Jul/2026:12:40:01 +0300] "GET /wp-content/updraft/about.php HTTP/1.1" 404 47 "-" "Mozilla/5.0 (Windows NT 10.0; Win64; x64) AppleWebKit/537.36 (KHTML, like Gecko) Chrome/120.0.0.0 Safari/537.36"
20.104.18.253 - - [29/Jul/2026:12:40:01 +0300] "GET /wp-content/upgrade-temp-backup/about.php HTTP/1.1" 404 47 "-" "Mozilla/5.0 (Windows NT 10.0; Win64; x64) AppleWebKit/537.36 (KHTML, like Gecko) Chrome/120.0.0.0 Safari/537.36"
20.104.18.253 - - [29/Jul/2026:12:40:01 +0300] "GET /wp-content/themes/about.php HTTP/1.1" 404 47 "-" "Mozilla/5.0 (Windows NT 10.0; Win64; x64) AppleWebKit/537.36 (KHTML, like Gecko) Chrome/120.0.0.0 Safari/537.36"
20.104.18.253 - - [29/Jul/2026:12:40:01 +0300] "GET /wp-admin/includes/about.php HTTP/1.1" 404 47 "-" "Mozilla/5.0 (Windows NT 10.0; Win64; x64) AppleWebKit/537.36 (KHTML, like Gecko) Chrome/120.0.0.0 Safari/537.36"
20.104.18.253 - - [29/Jul/2026:12:40:01 +0300] "GET /images/about.php HTTP/1.1" 404 47 "-" "Mozilla/5.0 (Windows NT 10.0; Win64; x64) AppleWebKit/537.36 (KHTML, like Gecko) Chrome/120.0.0.0 Safari/537.36"
20.104.18.253 - - [29/Jul/2026:12:40:02 +0300] "GET /wp-content/blogs.dir/about.php HTTP/1.1" 404 47 "-" "Mozilla/5.0 (Windows NT 10.0; Win64; x64) AppleWebKit/537.36 (KHTML, like Gecko) Chrome/120.0.0.0 Safari/537.36"
20.104.18.253 - - [29/Jul/2026:12:40:02 +0300] "GET /wp-includes/images/about.php HTTP/1.1" 404 47 "-" "Mozilla/5.0 (Windows NT 10.0; Win64; x64) AppleWebKit/537.36 (KHTML, like Gecko) Chrome/120.0.0.0 Safari/537.36"
20.104.18.253 - - [29/Jul/2026:12:40:02 +0300] "GET /wp-includes/about.php HTTP/1.1" 404 47 "-" "Mozilla/5.0 (Windows NT 10.0; Win64; x64) AppleWebKit/537.36 (KHTML, like Gecko) Chrome/120.0.0.0 Safari/537.36"
20.104.18.253 - - [29/Jul/2026:12:40:02 +0300] "GET /cgi-bin/about.php HTTP/1.1" 404 47 "-" "Mozilla/5.0 (Windows NT 10.0; Win64; x64) AppleWebKit/537.36 (KHTML, like Gecko) Chrome/120.0.0.0 Safari/537.36"
20.104.18.253 - - [29/Jul/2026:12:40:02 +0300] "GET /wp-content/gallery/about.php HTTP/1.1" 404 47 "-" "Mozilla/5.0 (Windows NT 10.0; Win64; x64) AppleWebKit/537.36 (KHTML, like Gecko) Chrome/120.0.0.0 Safari/537.36"
20.104.18.253 - - [29/Jul/2026:12:40:03 +0300] "GET /wp-includes/blocks/about.php HTTP/1.1" 404 47 "-" "Mozilla/5.0 (Windows NT 10.0; Win64; x64) AppleWebKit/537.36 (KHTML, like Gecko) Chrome/120.0.0.0 Safari/537.36"
20.104.18.253 - - [29/Jul/2026:12:40:03 +0300] "GET /wp-admin/css/about.php HTTP/1.1" 404 47 "-" "Mozilla/5.0 (Windows NT 10.0; Win64; x64) AppleWebKit/537.36 (KHTML, like Gecko) Chrome/120.0.0.0 Safari/537.36"
20.104.18.253 - - [29/Jul/2026:12:40:03 +0300] "GET /wp-admin/images/about.php HTTP/1.1" 404 47 "-" "Mozilla/5.0 (Windows NT 10.0; Win64; x64) AppleWebKit/537.36 (KHTML, like Gecko) Chrome/120.0.0.0 Safari/537.36"
20.104.18.253 - - [29/Jul/2026:12:40:03 +0300] "GET /.well-known/pki-validation/cloud.php HTTP/1.1" 404 47 "-" "Mozilla/5.0 (Windows NT 10.0; Win64; x64) AppleWebKit/537.36 (KHTML, like Gecko) Chrome/120.0.0.0 Safari/537.36"
20.104.18.253 - - [29/Jul/2026:12:40:03 +0300] "GET /.well-known/acme-challenge/cloud.php HTTP/1.1" 404 555 "-" "Mozilla/5.0 (Windows NT 10.0; Win64; x64) AppleWebKit/537.36 (KHTML, like Gecko) Chrome/120.0.0.0 Safari/537.36"
20.104.18.253 - - [29/Jul/2026:12:40:03 +0300] "GET /wp-admin/network/cloud.php HTTP/1.1" 404 47 "-" "Mozilla/5.0 (Windows NT 10.0; Win64; x64) AppleWebKit/537.36 (KHTML, like Gecko) Chrome/120.0.0.0 Safari/537.36"
20.104.18.253 - - [29/Jul/2026:12:40:03 +0300] "GET /cloud.php HTTP/1.1" 404 47 "-" "Mozilla/5.0 (Windows NT 10.0; Win64; x64) AppleWebKit/537.36 (KHTML, like Gecko) Chrome/120.0.0.0 Safari/537.36"
20.104.18.253 - - [29/Jul/2026:12:40:04 +0300] "GET /cgi-bin/cloud.php HTTP/1.1" 404 47 "-" "Mozilla/5.0 (Windows NT 10.0; Win64; x64) AppleWebKit/537.36 (KHTML, like Gecko) Chrome/120.0.0.0 Safari/537.36"
20.104.18.253 - - [29/Jul/2026:12:40:04 +0300] "GET /wp-content/updates.php HTTP/1.1" 404 47 "-" "Mozilla/5.0 (Windows NT 10.0; Win64; x64) AppleWebKit/537.36 (KHTML, like Gecko) Chrome/120.0.0.0 Safari/537.36"
20.104.18.253 - - [29/Jul/2026:12:40:04 +0300] "GET /css/cloud.php HTTP/1.1" 404 47 "-" "Mozilla/5.0 (Windows NT 10.0; Win64; x64) AppleWebKit/537.36 (KHTML, like Gecko) Chrome/120.0.0.0 Safari/537.36"
20.104.18.253 - - [29/Jul/2026:12:40:04 +0300] "GET /wp-admin/user/cloud.php HTTP/1.1" 404 47 "-" "Mozilla/5.0 (Windows NT 10.0; Win64; x64) AppleWebKit/537.36 (KHTML, like Gecko) Chrome/120.0.0.0 Safari/537.36"
20.104.18.253 - - [29/Jul/2026:12:40:04 +0300] "GET /img/cloud.php HTTP/1.1" 404 47 "-" "Mozilla/5.0 (Windows NT 10.0; Win64; x64) AppleWebKit/537.36 (KHTML, like Gecko) Chrome/120.0.0.0 Safari/537.36"
20.104.18.253 - - [29/Jul/2026:12:40:04 +0300] "GET /wp-admin/css/colors/coffee/cloud.php HTTP/1.1" 404 47 "-" "Mozilla/5.0 (Windows NT 10.0; Win64; x64) AppleWebKit/537.36 (KHTML, like Gecko) Chrome/120.0.0.0 Safari/537.36"
20.104.18.253 - - [29/Jul/2026:12:40:05 +0300] "GET /wp-admin/images/cloud.php HTTP/1.1" 404 47 "-" "Mozilla/5.0 (Windows NT 10.0; Win64; x64) AppleWebKit/537.36 (KHTML, like Gecko) Chrome/120.0.0.0 Safari/537.36"
20.104.18.253 - - [29/Jul/2026:12:40:05 +0300] "GET /avaa.php HTTP/1.1" 404 47 "-" "Mozilla/5.0 (Windows NT 10.0; Win64; x64) AppleWebKit/537.36 (KHTML, like Gecko) Chrome/120.0.0.0 Safari/537.36"
20.104.18.253 - - [29/Jul/2026:12:40:05 +0300] "GET /images/cloud.php HTTP/1.1" 404 47 "-" "Mozilla/5.0 (Windows NT 10.0; Win64; x64) AppleWebKit/537.36 (KHTML, like Gecko) Chrome/120.0.0.0 Safari/537.36"
20.104.18.253 - - [29/Jul/2026:12:40:05 +0300] "GET /wp-admin/js/widgets/cloud.php HTTP/1.1" 404 47 "-" "Mozilla/5.0 (Windows NT 10.0; Win64; x64) AppleWebKit/537.36 (KHTML, like Gecko) Chrome/120.0.0.0 Safari/537.36"
20.104.18.253 - - [29/Jul/2026:12:40:05 +0300] "GET /wp-includes/Requests/Text/admin.php HTTP/1.1" 404 47 "-" "Mozilla/5.0 (Windows NT 10.0; Win64; x64) AppleWebKit/537.36 (KHTML, like Gecko) Chrome/120.0.0.0 Safari/537.36"
20.104.18.253 - - [29/Jul/2026:12:40:05 +0300] "GET /wp-admin/css/colors/cloud.php HTTP/1.1" 404 47 "-" "Mozilla/5.0 (Windows NT 10.0; Win64; x64) AppleWebKit/537.36 (KHTML, like Gecko) Chrome/120.0.0.0 Safari/537.36"
20.104.18.253 - - [29/Jul/2026:12:40:06 +0300] "GET /wp-admin/includes/cloud.php HTTP/1.1" 404 47 "-" "Mozilla/5.0 (Windows NT 10.0; Win64; x64) AppleWebKit/537.36 (KHTML, like Gecko) Chrome/120.0.0.0 Safari/537.36"
20.104.18.253 - - [29/Jul/2026:12:40:06 +0300] "GET /wp-admin/css/colors/blue/cloud.php HTTP/1.1" 404 47 "-" "Mozilla/5.0 (Windows NT 10.0; Win64; x64) AppleWebKit/537.36 (KHTML, like Gecko) Chrome/120.0.0.0 Safari/537.36"
20.104.18.253 - - [29/Jul/2026:12:40:06 +0300] "GET /wp-admin/cloud.php HTTP/1.1" 404 47 "-" "Mozilla/5.0 (Windows NT 10.0; Win64; x64) AppleWebKit/537.36 (KHTML, like Gecko) Chrome/120.0.0.0 Safari/537.36"
20.104.18.253 - - [29/Jul/2026:12:40:06 +0300] "GET /updates.php HTTP/1.1" 404 47 "-" "Mozilla/5.0 (Windows NT 10.0; Win64; x64) AppleWebKit/537.36 (KHTML, like Gecko) Chrome/120.0.0.0 Safari/537.36"
20.104.18.253 - - [29/Jul/2026:12:40:06 +0300] "GET /libraries/legacy/updates.php HTTP/1.1" 404 47 "-" "Mozilla/5.0 (Windows NT 10.0; Win64; x64) AppleWebKit/537.36 (KHTML, like Gecko) Chrome/120.0.0.0 Safari/537.36"
20.104.18.253 - - [29/Jul/2026:12:40:06 +0300] "GET /libraries/phpmailer/updates.php HTTP/1.1" 404 47 "-" "Mozilla/5.0 (Windows NT 10.0; Win64; x64) AppleWebKit/537.36 (KHTML, like Gecko) Chrome/120.0.0.0 Safari/537.36"
20.104.18.253 - - [29/Jul/2026:12:40:07 +0300] "GET /libraries/vendor/updates.php HTTP/1.1" 404 47 "-" "Mozilla/5.0 (Windows NT 10.0; Win64; x64) AppleWebKit/537.36 (KHTML, like Gecko) Chrome/120.0.0.0 Safari/537.36"
20.104.18.253 - - [29/Jul/2026:12:40:07 +0300] "GET /alfa-rex.php7 HTTP/1.1" 301 5 "-" "Mozilla/5.0 (Windows NT 10.0; Win64; x64) AppleWebKit/537.36 (KHTML, like Gecko) Chrome/120.0.0.0 Safari/537.36"
20.104.18.253 - - [29/Jul/2026:12:40:07 +0300] "GET /alfanew.php HTTP/1.1" 404 47 "-" "Mozilla/5.0 (Windows NT 10.0; Win64; x64) AppleWebKit/537.36 (KHTML, like Gecko) Chrome/120.0.0.0 Safari/537.36"
20.104.18.253 - - [29/Jul/2026:12:40:07 +0300] "GET /wp-content/plugins/Cache/Cache.php HTTP/1.1" 404 47 "-" "Mozilla/5.0 (Windows NT 10.0; Win64; x64) AppleWebKit/537.36 (KHTML, like Gecko) Chrome/120.0.0.0 Safari/537.36"
20.104.18.253 - - [29/Jul/2026:12:40:08 +0300] "GET /wp-admin/js/widgets/about.php7 HTTP/1.1" 301 5 "-" "Mozilla/5.0 (Windows NT 10.0; Win64; x64) AppleWebKit/537.36 (KHTML, like Gecko) Chrome/120.0.0.0 Safari/537.36"
20.104.18.253 - - [29/Jul/2026:12:40:08 +0300] "GET /wp-p.php7 HTTP/1.1" 301 5 "-" "Mozilla/5.0 (Windows NT 10.0; Win64; x64) AppleWebKit/537.36 (KHTML, like Gecko) Chrome/120.0.0.0 Safari/537.36"
20.104.18.253 - - [29/Jul/2026:12:40:08 +0300] "GET /wp-admin/repeater.php HTTP/1.1" 404 47 "-" "Mozilla/5.0 (Windows NT 10.0; Win64; x64) AppleWebKit/537.36 (KHTML, like Gecko) Chrome/120.0.0.0 Safari/537.36"
20.104.18.253 - - [29/Jul/2026:12:40:08 +0300] "GET /wp-includes/repeater.php HTTP/1.1" 404 47 "-" "Mozilla/5.0 (Windows NT 10.0; Win64; x64) AppleWebKit/537.36 (KHTML, like Gecko) Chrome/120.0.0.0 Safari/537.36"
20.104.18.253 - - [29/Jul/2026:12:40:08 +0300] "GET /wp-content/repeater.php HTTP/1.1" 404 47 "-" "Mozilla/5.0 (Windows NT 10.0; Win64; x64) AppleWebKit/537.36 (KHTML, like Gecko) Chrome/120.0.0.0 Safari/537.36"
198.38.94.87 - - [29/Jul/2026:12:40:55 +0300] "POST /xmlrpc.php HTTP/2.0" 200 439 "-" "Mozilla/5.0 (Windows NT 10.0; Win64; x64) AppleWebKit/537.36 (KHTML, like Gecko) Chrome/150.0.0.0 Safari/537.36"
91.240.85.141 - - [29/Jul/2026:12:42:09 +0300] "GET / HTTP/1.1" 200 15722 "-" "Mozilla/5.0 (X11; Linux x86_64) AppleWebKit/537.36 (KHTML, like Gecko) Chrome/44.0.2403.157 Safari/537.36"
136.116.66.153 - - [29/Jul/2026:12:44:23 +0300] "GET /tel.html HTTP/2.0" 200 15765 "-" "Mozilla/5.0 AppleWebKit/537.36 (KHTML, like Gecko; compatible; SleepBot/1.0; +http://sleepbot.com/) Chrome/131.0.0.0 Safari/537.36"
135.148.171.117 - - [29/Jul/2026:12:44:37 +0300] "GET /wp-login.php HTTP/2.0" 200 3557 "-" "Mozilla/5.0 (Windows NT 10.0; Win64; x64) AppleWebKit/537.36 (KHTML, like Gecko) Chrome/150.0.0.0 Safari/537.36"
135.148.171.117 - - [29/Jul/2026:12:44:37 +0300] "POST /wp-login.php HTTP/2.0" 200 3723 "https://wpface.ru/wp-login.php" "Mozilla/5.0 (Windows NT 10.0; Win64; x64) AppleWebKit/537.36 (KHTML, like Gecko) Chrome/150.0.0.0 Safari/537.36"
106.0.62.73 - - [29/Jul/2026:12:45:20 +0300] "GET /wp-login.php HTTP/2.0" 200 3557 "-" "Mozilla/5.0 (Windows NT 10.0; Win64; x64) AppleWebKit/537.36 (KHTML, like Gecko) Chrome/150.0.0.0 Safari/537.36"
106.0.62.73 - - [29/Jul/2026:12:45:21 +0300] "POST /wp-login.php HTTP/2.0" 200 3804 "https://www.wpface.ru/wp-login.php" "Mozilla/5.0 (Windows NT 10.0; Win64; x64) AppleWebKit/537.36 (KHTML, like Gecko) Chrome/150.0.0.0 Safari/537.36"
45.90.123.233 - - [29/Jul/2026:12:45:42 +0300] "POST /xmlrpc.php HTTP/2.0" 200 439 "-" "Mozilla/5.0 (Windows NT 10.0; Win64; x64) AppleWebKit/537.36 (KHTML, like Gecko) Chrome/150.0.0.0 Safari/537.36"
57.141.0.52 - - [29/Jul/2026:12:46:19 +0300] "GET /topics/scripts-php HTTP/2.0" 200 15156 "-" "Mozilla/5.0 (Windows NT 10.0; Win64; x64) AppleWebKit/537.36 (KHTML, like Gecko) Chrome/145.0.0.0 Safari/537.36 (compatible; meta-externalagent/1.1 (+https://developers.facebook.com/docs/sharing/webmasters/crawler))"
195.130.35.148 - - [29/Jul/2026:12:48:54 +0300] "POST /xmlrpc.php HTTP/2.0" 200 439 "-" "Mozilla/5.0 (Windows NT 10.0; Win64; x64) AppleWebKit/537.36 (KHTML, like Gecko) Chrome/150.0.0.0 Safari/537.36"
94.154.35.236 - - [29/Jul/2026:12:54:47 +0300] "HEAD /%D0%B0%D1%80%D1%85%D0%B8%D0%B2.bz2 HTTP/1.1" 301 0 "-" "Mozilla/5.0 (Windows NT 10.0; Win64; x64) AppleWebKit/537.36 (KHTML, like Gecko) Chrome/101.0.4951.67 Safari/537.36"
94.154.35.236 - - [29/Jul/2026:12:54:48 +0300] "HEAD /%D0%B0%D1%80%D1%85%D0%B8%D0%B2.bz2 HTTP/1.1" 404 0 "-" "Mozilla/5.0 (Windows NT 10.0; Win64; x64) AppleWebKit/537.36 (KHTML, like Gecko) Chrome/101.0.4951.67 Safari/537.36"
94.130.11.28 - - [29/Jul/2026:12:54:51 +0300] "GET /wp-login.php HTTP/2.0" 200 3557 "-" "Mozilla/5.0 (Windows NT 10.0; Win64; x64) AppleWebKit/537.36 (KHTML, like Gecko) Chrome/150.0.0.0 Safari/537.36"
94.130.11.28 - - [29/Jul/2026:12:54:52 +0300] "POST /wp-login.php HTTP/2.0" 200 3738 "https://wpface.ru/wp-login.php" "Mozilla/5.0 (Windows NT 10.0; Win64; x64) AppleWebKit/537.36 (KHTML, like Gecko) Chrome/150.0.0.0 Safari/537.36"
91.240.85.141 - - [29/Jul/2026:12:56:07 +0300] "GET / HTTP/1.1" 200 15721 "-" "Mozilla/5.0 (X11; Linux x86_64) AppleWebKit/537.36 (KHTML, like Gecko) Chrome/44.0.2403.157 Safari/537.36"
165.22.214.22 - - [29/Jul/2026:12:57:06 +0300] "GET /wp-login.php HTTP/2.0" 200 3557 "-" "Mozilla/5.0 (Windows NT 10.0; Win64; x64) AppleWebKit/537.36 (KHTML, like Gecko) Chrome/120.0.0.0 Safari/537.36"
