158.94.210.72 - - [29/Jul/2026:14:51:12 +0300] "GET /wp-login.php?redirect_to=https%3A%2F%2Fwpface.ru%2Fwp-admin%2Findex.php&reauth=1 HTTP/1.1" 200 3587 "https://wpface.ru/wp-login.php" "Mozilla/5.0 (Windows NT 10.0; Win64; x64; rv:118.0) Gecko/20100101 Firefox/118.0"
45.88.13.222 - - [29/Jul/2026:14:51:13 +0300] "POST /xmlrpc.php HTTP/1.1" 200 415 "-" "Mozilla/5.0 (Windows NT 10.0; Win64; x64) AppleWebKit/537.36 (KHTML, like Gecko) Chrome/120.0.0.0 Safari/537.36"
45.88.13.222 - - [29/Jul/2026:14:51:13 +0300] "GET /wp-json/wp/v2/posts?orderby=date&order=desc&_fields=date,id,title,status,type,guid,link HTTP/1.1" 200 4165 "-" "Mozilla/5.0 (Windows NT 10.0; Win64; x64) AppleWebKit/537.36 (KHTML, like Gecko) Chrome/120.0.0.0 Safari/537.36"
158.94.210.72 - - [29/Jul/2026:14:51:16 +0300] "POST /wp-login.php HTTP/1.1" 200 3725 "https://wpface.ru/wp-login.php" "Mozilla/5.0 (Macintosh; Intel Mac OS X 13_6_1) AppleWebKit/537.36 (KHTML, like Gecko) Chrome/121.0.0.0 Safari/537.36"
158.94.210.72 - - [29/Jul/2026:14:51:18 +0300] "GET /wp-admin/index.php HTTP/1.1" 302 5 "https://wpface.ru/wp-login.php" "Mozilla/5.0 (Macintosh; Intel Mac OS X 10_15_7; rv:118.0) Gecko/20100101 Firefox/118.0"
158.94.210.72 - - [29/Jul/2026:14:51:19 +0300] "GET /wp-login.php?redirect_to=https%3A%2F%2Fwpface.ru%2Fwp-admin%2Findex.php&reauth=1 HTTP/1.1" 200 3587 "https://wpface.ru/wp-login.php" "Mozilla/5.0 (Macintosh; Intel Mac OS X 10_15_7; rv:118.0) Gecko/20100101 Firefox/118.0"
158.94.210.72 - - [29/Jul/2026:14:51:25 +0300] "POST /wp-login.php HTTP/1.1" 200 3784 "https://wpface.ru/wp-login.php" "Mozilla/5.0 (X11; Linux x86_64) AppleWebKit/537.36 (KHTML, like Gecko) Chrome/119.0.0.0 Safari/537.36"
158.94.210.72 - - [29/Jul/2026:14:51:28 +0300] "GET /wp-admin/index.php HTTP/1.1" 302 5 "https://wpface.ru/wp-login.php" "Mozilla/5.0 (Macintosh; Intel Mac OS X 13_6_1) AppleWebKit/605.1.15 (KHTML, like Gecko) Version/17.1 Safari/605.1.15"
158.94.210.72 - - [29/Jul/2026:14:51:29 +0300] "GET /wp-login.php?redirect_to=https%3A%2F%2Fwpface.ru%2Fwp-admin%2Findex.php&reauth=1 HTTP/1.1" 200 3587 "https://wpface.ru/wp-login.php" "Mozilla/5.0 (Macintosh; Intel Mac OS X 13_6_1) AppleWebKit/605.1.15 (KHTML, like Gecko) Version/17.1 Safari/605.1.15"
51.81.81.39 - - [29/Jul/2026:14:51:29 +0300] "GET /wp-content/plugins/all-in-one-wp-migration/lib/view/assets/css/updater.min.css HTTP/2.0" 404 57558 "-" "Mozilla/5.0 (Macintosh; Intel Mac OS X 10_15_7; rv:149.0) Gecko/20100101 Firefox/149.0"
158.94.210.72 - - [29/Jul/2026:14:51:31 +0300] "POST /wp-login.php HTTP/1.1" 200 3790 "https://wpface.ru/wp-login.php" "Mozilla/5.0 (Macintosh; Intel Mac OS X 10_15_7) AppleWebKit/537.36 (KHTML, like Gecko) Chrome/118.0.0.0 Safari/537.36"
158.94.210.72 - - [29/Jul/2026:14:51:33 +0300] "GET /wp-admin/index.php HTTP/1.1" 302 5 "https://wpface.ru/wp-login.php" "Mozilla/5.0 (Windows NT 10.0; Win64; x64) AppleWebKit/537.36 (KHTML, like Gecko) Chrome/118.0.0.0 Safari/537.36"
158.94.210.72 - - [29/Jul/2026:14:51:37 +0300] "GET /wp-login.php?redirect_to=https%3A%2F%2Fwpface.ru%2Fwp-admin%2Findex.php&reauth=1 HTTP/1.1" 200 3587 "https://wpface.ru/wp-login.php" "Mozilla/5.0 (Windows NT 10.0; Win64; x64) AppleWebKit/537.36 (KHTML, like Gecko) Chrome/118.0.0.0 Safari/537.36"
158.94.210.72 - - [29/Jul/2026:14:51:38 +0300] "POST /wp-login.php HTTP/1.1" 200 3788 "https://wpface.ru/wp-login.php" "Mozilla/5.0 (Macintosh; Intel Mac OS X 10_15_7) AppleWebKit/605.1.15 (KHTML, like Gecko) Version/17.1 Safari/605.1.15"
158.94.210.72 - - [29/Jul/2026:14:51:42 +0300] "GET /wp-admin/index.php HTTP/1.1" 302 5 "https://wpface.ru/wp-login.php" "Mozilla/5.0 (Macintosh; Intel Mac OS X 13_6_1; rv:120.0) Gecko/20100101 Firefox/120.0"
158.94.210.72 - - [29/Jul/2026:14:51:44 +0300] "GET /wp-login.php?redirect_to=https%3A%2F%2Fwpface.ru%2Fwp-admin%2Findex.php&reauth=1 HTTP/1.1" 200 3587 "https://wpface.ru/wp-login.php" "Mozilla/5.0 (Macintosh; Intel Mac OS X 13_6_1; rv:120.0) Gecko/20100101 Firefox/120.0"
158.94.210.72 - - [29/Jul/2026:14:51:45 +0300] "POST /wp-login.php HTTP/1.1" 200 3717 "https://wpface.ru/wp-login.php" "Mozilla/5.0 (Macintosh; Intel Mac OS X 13_6_1) AppleWebKit/537.36 (KHTML, like Gecko) Chrome/119.0.0.0 Safari/537.36"
158.94.210.72 - - [29/Jul/2026:14:51:46 +0300] "GET /wp-admin/index.php HTTP/1.1" 302 5 "https://wpface.ru/wp-login.php" "Mozilla/5.0 (Macintosh; Intel Mac OS X 10_15_7) AppleWebKit/537.36 (KHTML, like Gecko) Chrome/119.0.0.0 Safari/537.36"
158.94.210.72 - - [29/Jul/2026:14:51:48 +0300] "GET /wp-login.php?redirect_to=https%3A%2F%2Fwpface.ru%2Fwp-admin%2Findex.php&reauth=1 HTTP/1.1" 200 3587 "https://wpface.ru/wp-login.php" "Mozilla/5.0 (Macintosh; Intel Mac OS X 10_15_7) AppleWebKit/537.36 (KHTML, like Gecko) Chrome/119.0.0.0 Safari/537.36"
158.94.210.72 - - [29/Jul/2026:14:51:49 +0300] "POST /wp-login.php HTTP/1.1" 200 3788 "https://wpface.ru/wp-login.php" "Mozilla/5.0 (X11; Ubuntu; Linux x86_64) AppleWebKit/537.36 (KHTML, like Gecko) Chrome/120.0.0.0 Safari/537.36"
158.94.210.72 - - [29/Jul/2026:14:51:49 +0300] "GET /wp-admin/index.php HTTP/1.1" 302 5 "https://wpface.ru/wp-login.php" "Mozilla/5.0 (Windows NT 10.0; Win64; x64) AppleWebKit/537.36 (KHTML, like Gecko) Chrome/121.0.0.0 Safari/537.36"
158.94.210.72 - - [29/Jul/2026:14:51:51 +0300] "GET /wp-login.php?redirect_to=https%3A%2F%2Fwpface.ru%2Fwp-admin%2Findex.php&reauth=1 HTTP/1.1" 200 3587 "https://wpface.ru/wp-login.php" "Mozilla/5.0 (Windows NT 10.0; Win64; x64) AppleWebKit/537.36 (KHTML, like Gecko) Chrome/121.0.0.0 Safari/537.36"
158.94.210.72 - - [29/Jul/2026:14:51:57 +0300] "POST /wp-login.php HTTP/1.1" 200 3789 "https://wpface.ru/wp-login.php" "Mozilla/5.0 (Macintosh; Intel Mac OS X 10_15_7) AppleWebKit/537.36 (KHTML, like Gecko) Chrome/120.0.0.0 Safari/537.36"
158.94.210.72 - - [29/Jul/2026:14:51:59 +0300] "GET /wp-admin/index.php HTTP/1.1" 302 5 "https://wpface.ru/wp-login.php" "Mozilla/5.0 (Macintosh; Intel Mac OS X 13_6_1) AppleWebKit/605.1.15 (KHTML, like Gecko) Version/17.1 Safari/605.1.15"
158.94.210.72 - - [29/Jul/2026:14:52:00 +0300] "GET /wp-login.php?redirect_to=https%3A%2F%2Fwpface.ru%2Fwp-admin%2Findex.php&reauth=1 HTTP/1.1" 200 3587 "https://wpface.ru/wp-login.php" "Mozilla/5.0 (Macintosh; Intel Mac OS X 13_6_1) AppleWebKit/605.1.15 (KHTML, like Gecko) Version/17.1 Safari/605.1.15"
158.94.210.72 - - [29/Jul/2026:14:52:02 +0300] "POST /wp-login.php HTTP/1.1" 200 3792 "https://wpface.ru/wp-login.php" "Mozilla/5.0 (Windows NT 11.0; Win64; x64) AppleWebKit/537.36 (KHTML, like Gecko) Chrome/121.0.0.0 Safari/537.36"
158.94.210.72 - - [29/Jul/2026:14:52:04 +0300] "GET /wp-admin/index.php HTTP/1.1" 302 5 "https://wpface.ru/wp-login.php" "Mozilla/5.0 (Macintosh; Intel Mac OS X 10_15_7) AppleWebKit/537.36 (KHTML, like Gecko) Chrome/121.0.0.0 Safari/537.36"
158.94.210.72 - - [29/Jul/2026:14:52:05 +0300] "GET /wp-login.php?redirect_to=https%3A%2F%2Fwpface.ru%2Fwp-admin%2Findex.php&reauth=1 HTTP/1.1" 200 3587 "https://wpface.ru/wp-login.php" "Mozilla/5.0 (Macintosh; Intel Mac OS X 10_15_7) AppleWebKit/537.36 (KHTML, like Gecko) Chrome/121.0.0.0 Safari/537.36"
158.94.210.72 - - [29/Jul/2026:14:52:06 +0300] "POST /wp-login.php HTTP/1.1" 200 3788 "https://wpface.ru/wp-login.php" "Mozilla/5.0 (Macintosh; Intel Mac OS X 13_6_1) AppleWebKit/605.1.15 (KHTML, like Gecko) Version/17.0 Safari/605.1.15"
158.94.210.72 - - [29/Jul/2026:14:52:06 +0300] "GET /wp-admin/index.php HTTP/1.1" 302 5 "https://wpface.ru/wp-login.php" "Mozilla/5.0 (Windows NT 11.0; Win64; x64; rv:118.0) Gecko/20100101 Firefox/118.0"
158.94.210.72 - - [29/Jul/2026:14:52:07 +0300] "GET /wp-login.php?redirect_to=https%3A%2F%2Fwpface.ru%2Fwp-admin%2Findex.php&reauth=1 HTTP/1.1" 200 3587 "https://wpface.ru/wp-login.php" "Mozilla/5.0 (Windows NT 11.0; Win64; x64; rv:118.0) Gecko/20100101 Firefox/118.0"
158.94.210.72 - - [29/Jul/2026:14:52:08 +0300] "POST /wp-login.php HTTP/1.1" 200 3727 "https://wpface.ru/wp-login.php" "Mozilla/5.0 (Macintosh; Intel Mac OS X 10_15_7) AppleWebKit/605.1.15 (KHTML, like Gecko) Version/16.6 Safari/605.1.15"
158.94.210.72 - - [29/Jul/2026:14:52:10 +0300] "GET /wp-admin/index.php HTTP/1.1" 302 5 "https://wpface.ru/wp-login.php" "Mozilla/5.0 (X11; Linux x86_64) AppleWebKit/537.36 (KHTML, like Gecko) Chrome/118.0.0.0 Safari/537.36"
185.81.144.111 - - [29/Jul/2026:14:52:13 +0300] "POST /xmlrpc.php HTTP/1.1" 200 415 "-" "Mozilla/5.0 (Windows NT 10.0; Win64; x64) AppleWebKit/537.36 (KHTML, like Gecko) Chrome/120.0.0.0 Safari/537.36"
185.81.144.111 - - [29/Jul/2026:14:52:13 +0300] "GET /wp-json/wp/v2/posts?orderby=date&order=desc&_fields=date,id,title,status,type,guid,link HTTP/1.1" 200 4165 "-" "Mozilla/5.0 (Windows NT 10.0; Win64; x64) AppleWebKit/537.36 (KHTML, like Gecko) Chrome/120.0.0.0 Safari/537.36"
158.94.210.72 - - [29/Jul/2026:14:52:14 +0300] "GET /wp-login.php?redirect_to=https%3A%2F%2Fwpface.ru%2Fwp-admin%2Findex.php&reauth=1 HTTP/1.1" 200 3587 "https://wpface.ru/wp-login.php" "Mozilla/5.0 (X11; Linux x86_64) AppleWebKit/537.36 (KHTML, like Gecko) Chrome/118.0.0.0 Safari/537.36"
158.94.210.72 - - [29/Jul/2026:14:52:15 +0300] "POST /wp-login.php HTTP/1.1" 200 3792 "https://wpface.ru/wp-login.php" "Mozilla/5.0 (Windows NT 10.0; Win64; x64; rv:118.0) Gecko/20100101 Firefox/118.0"
158.94.210.72 - - [29/Jul/2026:14:52:16 +0300] "GET /wp-admin/index.php HTTP/1.1" 302 5 "https://wpface.ru/wp-login.php" "Mozilla/5.0 (Windows NT 11.0; Win64; x64; rv:119.0) Gecko/20100101 Firefox/119.0"
158.94.210.72 - - [29/Jul/2026:14:52:18 +0300] "GET /wp-login.php?redirect_to=https%3A%2F%2Fwpface.ru%2Fwp-admin%2Findex.php&reauth=1 HTTP/1.1" 200 3587 "https://wpface.ru/wp-login.php" "Mozilla/5.0 (Windows NT 11.0; Win64; x64; rv:119.0) Gecko/20100101 Firefox/119.0"
158.94.210.72 - - [29/Jul/2026:14:52:19 +0300] "POST /wp-login.php HTTP/1.1" 200 3790 "https://wpface.ru/wp-login.php" "Mozilla/5.0 (X11; Linux x86_64) AppleWebKit/537.36 (KHTML, like Gecko) Chrome/120.0.0.0 Safari/537.36"
158.94.210.72 - - [29/Jul/2026:14:52:21 +0300] "GET /wp-admin/index.php HTTP/1.1" 302 5 "https://wpface.ru/wp-login.php" "Mozilla/5.0 (Macintosh; Intel Mac OS X 13_6_1) AppleWebKit/605.1.15 (KHTML, like Gecko) Version/17.1 Safari/605.1.15"
158.94.210.72 - - [29/Jul/2026:14:52:21 +0300] "GET /wp-login.php?redirect_to=https%3A%2F%2Fwpface.ru%2Fwp-admin%2Findex.php&reauth=1 HTTP/1.1" 200 3587 "https://wpface.ru/wp-login.php" "Mozilla/5.0 (Macintosh; Intel Mac OS X 13_6_1) AppleWebKit/605.1.15 (KHTML, like Gecko) Version/17.1 Safari/605.1.15"
158.94.210.72 - - [29/Jul/2026:14:52:22 +0300] "POST /wp-login.php HTTP/1.1" 200 3728 "https://wpface.ru/wp-login.php" "Mozilla/5.0 (Windows NT 10.0; Win64; x64) AppleWebKit/537.36 (KHTML, like Gecko) Chrome/120.0.0.0 Safari/537.36"
158.94.210.72 - - [29/Jul/2026:14:52:23 +0300] "GET /wp-admin/index.php HTTP/1.1" 302 5 "https://wpface.ru/wp-login.php" "Mozilla/5.0 (Macintosh; Intel Mac OS X 13_6_1) AppleWebKit/537.36 (KHTML, like Gecko) Chrome/121.0.0.0 Safari/537.36"
158.94.210.72 - - [29/Jul/2026:14:52:24 +0300] "GET /wp-login.php?redirect_to=https%3A%2F%2Fwpface.ru%2Fwp-admin%2Findex.php&reauth=1 HTTP/1.1" 200 3587 "https://wpface.ru/wp-login.php" "Mozilla/5.0 (Macintosh; Intel Mac OS X 13_6_1) AppleWebKit/537.36 (KHTML, like Gecko) Chrome/121.0.0.0 Safari/537.36"
158.94.210.72 - - [29/Jul/2026:14:52:25 +0300] "POST /wp-login.php HTTP/1.1" 200 3787 "https://wpface.ru/wp-login.php" "Mozilla/5.0 (Windows NT 10.0; Win64; x64; rv:119.0) Gecko/20100101 Firefox/119.0"
158.94.210.72 - - [29/Jul/2026:14:52:27 +0300] "GET /wp-admin/index.php HTTP/1.1" 302 5 "https://wpface.ru/wp-login.php" "Mozilla/5.0 (Macintosh; Intel Mac OS X 13_6_1; rv:118.0) Gecko/20100101 Firefox/118.0"
158.94.210.72 - - [29/Jul/2026:14:52:32 +0300] "GET /wp-login.php?redirect_to=https%3A%2F%2Fwpface.ru%2Fwp-admin%2Findex.php&reauth=1 HTTP/1.1" 200 3587 "https://wpface.ru/wp-login.php" "Mozilla/5.0 (Macintosh; Intel Mac OS X 13_6_1; rv:118.0) Gecko/20100101 Firefox/118.0"
158.94.210.72 - - [29/Jul/2026:14:52:33 +0300] "POST /wp-login.php HTTP/1.1" 200 3786 "https://wpface.ru/wp-login.php" "Mozilla/5.0 (Macintosh; Intel Mac OS X 13_6_1) AppleWebKit/537.36 (KHTML, like Gecko) Chrome/121.0.0.0 Safari/537.36"
158.94.210.72 - - [29/Jul/2026:14:52:34 +0300] "GET /wp-admin/index.php HTTP/1.1" 302 5 "https://wpface.ru/wp-login.php" "Mozilla/5.0 (X11; Linux x86_64) AppleWebKit/537.36 (KHTML, like Gecko) Chrome/119.0.0.0 Safari/537.36"
158.94.210.72 - - [29/Jul/2026:14:52:38 +0300] "GET /wp-login.php?redirect_to=https%3A%2F%2Fwpface.ru%2Fwp-admin%2Findex.php&reauth=1 HTTP/1.1" 200 3587 "https://wpface.ru/wp-login.php" "Mozilla/5.0 (X11; Linux x86_64) AppleWebKit/537.36 (KHTML, like Gecko) Chrome/119.0.0.0 Safari/537.36"
158.94.210.72 - - [29/Jul/2026:14:52:39 +0300] "POST /wp-login.php HTTP/1.1" 200 3786 "https://wpface.ru/wp-login.php" "Mozilla/5.0 (Windows NT 11.0; Win64; x64) AppleWebKit/537.36 (KHTML, like Gecko) Chrome/120.0.0.0 Safari/537.36"
158.94.210.72 - - [29/Jul/2026:14:52:40 +0300] "GET /wp-admin/index.php HTTP/1.1" 302 5 "https://wpface.ru/wp-login.php" "Mozilla/5.0 (Macintosh; Intel Mac OS X 13_6_1) AppleWebKit/605.1.15 (KHTML, like Gecko) Version/17.2 Safari/605.1.15"
158.94.210.72 - - [29/Jul/2026:14:52:43 +0300] "GET /wp-login.php?redirect_to=https%3A%2F%2Fwpface.ru%2Fwp-admin%2Findex.php&reauth=1 HTTP/1.1" 200 3587 "https://wpface.ru/wp-login.php" "Mozilla/5.0 (Macintosh; Intel Mac OS X 13_6_1) AppleWebKit/605.1.15 (KHTML, like Gecko) Version/17.2 Safari/605.1.15"
158.94.210.72 - - [29/Jul/2026:14:52:45 +0300] "POST /wp-login.php HTTP/1.1" 200 3784 "https://wpface.ru/wp-login.php" "Mozilla/5.0 (Macintosh; Intel Mac OS X 10_15_7) AppleWebKit/537.36 (KHTML, like Gecko) Chrome/119.0.0.0 Safari/537.36"
158.94.210.72 - - [29/Jul/2026:14:52:48 +0300] "GET /wp-admin/index.php HTTP/1.1" 302 5 "https://wpface.ru/wp-login.php" "Mozilla/5.0 (Macintosh; Intel Mac OS X 10_15_7; rv:121.0) Gecko/20100101 Firefox/121.0"
158.94.210.72 - - [29/Jul/2026:14:52:53 +0300] "GET /wp-login.php?redirect_to=https%3A%2F%2Fwpface.ru%2Fwp-admin%2Findex.php&reauth=1 HTTP/1.1" 200 3587 "https://wpface.ru/wp-login.php" "Mozilla/5.0 (Macintosh; Intel Mac OS X 10_15_7; rv:121.0) Gecko/20100101 Firefox/121.0"
158.94.210.72 - - [29/Jul/2026:14:52:56 +0300] "POST /wp-login.php HTTP/1.1" 200 3785 "https://wpface.ru/wp-login.php" "Mozilla/5.0 (X11; Linux x86_64) AppleWebKit/537.36 (KHTML, like Gecko) Chrome/120.0.0.0 Safari/537.36"
158.94.210.72 - - [29/Jul/2026:14:52:57 +0300] "GET /wp-admin/index.php HTTP/1.1" 302 5 "https://wpface.ru/wp-login.php" "Mozilla/5.0 (Macintosh; Intel Mac OS X 13_6_1) AppleWebKit/605.1.15 (KHTML, like Gecko) Version/16.6 Safari/605.1.15"
158.94.210.72 - - [29/Jul/2026:14:52:59 +0300] "GET /wp-login.php?redirect_to=https%3A%2F%2Fwpface.ru%2Fwp-admin%2Findex.php&reauth=1 HTTP/1.1" 200 3587 "https://wpface.ru/wp-login.php" "Mozilla/5.0 (Macintosh; Intel Mac OS X 13_6_1) AppleWebKit/605.1.15 (KHTML, like Gecko) Version/16.6 Safari/605.1.15"
158.94.210.72 - - [29/Jul/2026:14:53:02 +0300] "POST /wp-login.php HTTP/1.1" 200 3788 "https://wpface.ru/wp-login.php" "Mozilla/5.0 (Macintosh; Intel Mac OS X 13_6_1) AppleWebKit/537.36 (KHTML, like Gecko) Chrome/119.0.0.0 Safari/537.36"
158.94.210.72 - - [29/Jul/2026:14:53:04 +0300] "GET /wp-admin/index.php HTTP/1.1" 302 5 "https://wpface.ru/wp-login.php" "Mozilla/5.0 (Macintosh; Intel Mac OS X 10_15_7; rv:121.0) Gecko/20100101 Firefox/121.0"
158.94.210.72 - - [29/Jul/2026:14:53:05 +0300] "GET /wp-login.php?redirect_to=https%3A%2F%2Fwpface.ru%2Fwp-admin%2Findex.php&reauth=1 HTTP/1.1" 200 3587 "https://wpface.ru/wp-login.php" "Mozilla/5.0 (Macintosh; Intel Mac OS X 10_15_7; rv:121.0) Gecko/20100101 Firefox/121.0"
158.94.210.72 - - [29/Jul/2026:14:53:10 +0300] "POST /wp-login.php HTTP/1.1" 200 3786 "https://wpface.ru/wp-login.php" "Mozilla/5.0 (Macintosh; Intel Mac OS X 13_6_1) AppleWebKit/605.1.15 (KHTML, like Gecko) Version/17.2 Safari/605.1.15"
158.94.210.72 - - [29/Jul/2026:14:53:12 +0300] "GET /wp-admin/index.php HTTP/1.1" 302 5 "https://wpface.ru/wp-login.php" "Mozilla/5.0 (Windows NT 11.0; Win64; x64; rv:119.0) Gecko/20100101 Firefox/119.0"
158.94.210.72 - - [29/Jul/2026:14:53:15 +0300] "GET /wp-login.php?redirect_to=https%3A%2F%2Fwpface.ru%2Fwp-admin%2Findex.php&reauth=1 HTTP/1.1" 200 3587 "https://wpface.ru/wp-login.php" "Mozilla/5.0 (Windows NT 11.0; Win64; x64; rv:119.0) Gecko/20100101 Firefox/119.0"
158.94.210.72 - - [29/Jul/2026:14:53:15 +0300] "POST /wp-login.php HTTP/1.1" 200 3789 "https://wpface.ru/wp-login.php" "Mozilla/5.0 (Macintosh; Intel Mac OS X 13_6_1) AppleWebKit/537.36 (KHTML, like Gecko) Chrome/118.0.0.0 Safari/537.36"
135.148.171.117 - - [29/Jul/2026:14:53:18 +0300] "GET /wp-login.php HTTP/2.0" 200 3557 "-" "Mozilla/5.0 (Windows NT 10.0; Win64; x64) AppleWebKit/537.36 (KHTML, like Gecko) Chrome/150.0.0.0 Safari/537.36"
158.94.210.72 - - [29/Jul/2026:14:53:20 +0300] "GET /wp-admin/index.php HTTP/1.1" 302 5 "https://wpface.ru/wp-login.php" "Mozilla/5.0 (Macintosh; Intel Mac OS X 13_6_1) AppleWebKit/605.1.15 (KHTML, like Gecko) Version/17.2 Safari/605.1.15"
135.148.171.117 - - [29/Jul/2026:14:53:21 +0300] "POST /wp-login.php HTTP/2.0" 200 3804 "https://www.wpface.ru/wp-login.php" "Mozilla/5.0 (Windows NT 10.0; Win64; x64) AppleWebKit/537.36 (KHTML, like Gecko) Chrome/150.0.0.0 Safari/537.36"
158.94.210.72 - - [29/Jul/2026:14:53:22 +0300] "GET /wp-login.php?redirect_to=https%3A%2F%2Fwpface.ru%2Fwp-admin%2Findex.php&reauth=1 HTTP/1.1" 200 3587 "https://wpface.ru/wp-login.php" "Mozilla/5.0 (Macintosh; Intel Mac OS X 13_6_1) AppleWebKit/605.1.15 (KHTML, like Gecko) Version/17.2 Safari/605.1.15"
158.94.210.72 - - [29/Jul/2026:14:53:28 +0300] "POST /wp-login.php HTTP/1.1" 200 3787 "https://wpface.ru/wp-login.php" "Mozilla/5.0 (Macintosh; Intel Mac OS X 10_15_7) AppleWebKit/537.36 (KHTML, like Gecko) Chrome/121.0.0.0 Safari/537.36"
158.94.210.72 - - [29/Jul/2026:14:53:30 +0300] "GET /wp-admin/index.php HTTP/1.1" 302 5 "https://wpface.ru/wp-login.php" "Mozilla/5.0 (Macintosh; Intel Mac OS X 13_6_1; rv:119.0) Gecko/20100101 Firefox/119.0"
158.94.210.72 - - [29/Jul/2026:14:53:33 +0300] "GET /wp-login.php?redirect_to=https%3A%2F%2Fwpface.ru%2Fwp-admin%2Findex.php&reauth=1 HTTP/1.1" 200 3587 "https://wpface.ru/wp-login.php" "Mozilla/5.0 (Macintosh; Intel Mac OS X 13_6_1; rv:119.0) Gecko/20100101 Firefox/119.0"
158.94.210.72 - - [29/Jul/2026:14:53:37 +0300] "POST /wp-login.php HTTP/1.1" 200 3727 "https://wpface.ru/wp-login.php" "Mozilla/5.0 (Macintosh; Intel Mac OS X 10_15_7) AppleWebKit/605.1.15 (KHTML, like Gecko) Version/17.2 Safari/605.1.15"
158.94.210.72 - - [29/Jul/2026:14:53:41 +0300] "GET /wp-admin/index.php HTTP/1.1" 302 5 "https://wpface.ru/wp-login.php" "Mozilla/5.0 (X11; Linux x86_64) AppleWebKit/537.36 (KHTML, like Gecko) Chrome/120.0.0.0 Safari/537.36"
158.94.210.72 - - [29/Jul/2026:14:53:43 +0300] "GET /wp-login.php?redirect_to=https%3A%2F%2Fwpface.ru%2Fwp-admin%2Findex.php&reauth=1 HTTP/1.1" 200 3587 "https://wpface.ru/wp-login.php" "Mozilla/5.0 (X11; Linux x86_64) AppleWebKit/537.36 (KHTML, like Gecko) Chrome/120.0.0.0 Safari/537.36"
158.94.210.72 - - [29/Jul/2026:14:53:44 +0300] "POST /wp-login.php HTTP/1.1" 200 3792 "https://wpface.ru/wp-login.php" "Mozilla/5.0 (Macintosh; Intel Mac OS X 10_15_7; rv:120.0) Gecko/20100101 Firefox/120.0"
158.94.210.72 - - [29/Jul/2026:14:53:45 +0300] "GET /wp-admin/index.php HTTP/1.1" 302 5 "https://wpface.ru/wp-login.php" "Mozilla/5.0 (Macintosh; Intel Mac OS X 10_15_7) AppleWebKit/605.1.15 (KHTML, like Gecko) Version/17.0 Safari/605.1.15"
158.94.210.72 - - [29/Jul/2026:14:53:47 +0300] "GET /wp-login.php?redirect_to=https%3A%2F%2Fwpface.ru%2Fwp-admin%2Findex.php&reauth=1 HTTP/1.1" 200 3587 "https://wpface.ru/wp-login.php" "Mozilla/5.0 (Macintosh; Intel Mac OS X 10_15_7) AppleWebKit/605.1.15 (KHTML, like Gecko) Version/17.0 Safari/605.1.15"
158.94.210.72 - - [29/Jul/2026:14:53:48 +0300] "POST /wp-login.php HTTP/1.1" 200 3787 "https://wpface.ru/wp-login.php" "Mozilla/5.0 (Windows NT 10.0; Win64; x64) AppleWebKit/537.36 (KHTML, like Gecko) Chrome/121.0.0.0 Safari/537.36"
158.94.210.72 - - [29/Jul/2026:14:53:50 +0300] "GET /wp-admin/index.php HTTP/1.1" 302 5 "https://wpface.ru/wp-login.php" "Mozilla/5.0 (Macintosh; Intel Mac OS X 13_6_1) AppleWebKit/605.1.15 (KHTML, like Gecko) Version/17.1 Safari/605.1.15"
158.94.210.72 - - [29/Jul/2026:14:53:50 +0300] "GET /wp-login.php?redirect_to=https%3A%2F%2Fwpface.ru%2Fwp-admin%2Findex.php&reauth=1 HTTP/1.1" 200 3587 "https://wpface.ru/wp-login.php" "Mozilla/5.0 (Macintosh; Intel Mac OS X 13_6_1) AppleWebKit/605.1.15 (KHTML, like Gecko) Version/17.1 Safari/605.1.15"
158.94.210.72 - - [29/Jul/2026:14:53:52 +0300] "POST /wp-login.php HTTP/1.1" 200 3795 "https://wpface.ru/wp-login.php" "Mozilla/5.0 (Macintosh; Intel Mac OS X 10_15_7) AppleWebKit/605.1.15 (KHTML, like Gecko) Version/16.6 Safari/605.1.15"
158.94.210.72 - - [29/Jul/2026:14:53:54 +0300] "GET /wp-admin/index.php HTTP/1.1" 302 5 "https://wpface.ru/wp-login.php" "Mozilla/5.0 (Macintosh; Intel Mac OS X 13_6_1) AppleWebKit/537.36 (KHTML, like Gecko) Chrome/118.0.0.0 Safari/537.36"
158.94.210.72 - - [29/Jul/2026:14:53:55 +0300] "GET /wp-login.php?redirect_to=https%3A%2F%2Fwpface.ru%2Fwp-admin%2Findex.php&reauth=1 HTTP/1.1" 200 3587 "https://wpface.ru/wp-login.php" "Mozilla/5.0 (Macintosh; Intel Mac OS X 13_6_1) AppleWebKit/537.36 (KHTML, like Gecko) Chrome/118.0.0.0 Safari/537.36"
158.94.210.72 - - [29/Jul/2026:14:53:56 +0300] "POST /wp-login.php HTTP/1.1" 200 3791 "https://wpface.ru/wp-login.php" "Mozilla/5.0 (Windows NT 10.0; Win64; x64; rv:119.0) Gecko/20100101 Firefox/119.0"
158.94.210.72 - - [29/Jul/2026:14:53:59 +0300] "GET /wp-admin/index.php HTTP/1.1" 302 5 "https://wpface.ru/wp-login.php" "Mozilla/5.0 (Macintosh; Intel Mac OS X 13_6_1; rv:120.0) Gecko/20100101 Firefox/120.0"
158.94.210.72 - - [29/Jul/2026:14:54:01 +0300] "GET /wp-login.php?redirect_to=https%3A%2F%2Fwpface.ru%2Fwp-admin%2Findex.php&reauth=1 HTTP/1.1" 200 3587 "https://wpface.ru/wp-login.php" "Mozilla/5.0 (Macintosh; Intel Mac OS X 13_6_1; rv:120.0) Gecko/20100101 Firefox/120.0"
158.94.210.72 - - [29/Jul/2026:14:54:03 +0300] "POST /wp-login.php HTTP/1.1" 200 3788 "https://wpface.ru/wp-login.php" "Mozilla/5.0 (Windows NT 10.0; Win64; x64; rv:121.0) Gecko/20100101 Firefox/121.0"
158.94.210.72 - - [29/Jul/2026:14:54:04 +0300] "GET /wp-admin/index.php HTTP/1.1" 302 5 "https://wpface.ru/wp-login.php" "Mozilla/5.0 (Macintosh; Intel Mac OS X 10_15_7) AppleWebKit/537.36 (KHTML, like Gecko) Chrome/121.0.0.0 Safari/537.36"
158.94.210.72 - - [29/Jul/2026:14:54:05 +0300] "GET /wp-login.php?redirect_to=https%3A%2F%2Fwpface.ru%2Fwp-admin%2Findex.php&reauth=1 HTTP/1.1" 200 3587 "https://wpface.ru/wp-login.php" "Mozilla/5.0 (Macintosh; Intel Mac OS X 10_15_7) AppleWebKit/537.36 (KHTML, like Gecko) Chrome/121.0.0.0 Safari/537.36"
158.94.210.72 - - [29/Jul/2026:14:54:06 +0300] "POST /wp-login.php HTTP/1.1" 200 3784 "https://wpface.ru/wp-login.php" "Mozilla/5.0 (Macintosh; Intel Mac OS X 13_6_1; rv:120.0) Gecko/20100101 Firefox/120.0"
158.94.210.72 - - [29/Jul/2026:14:54:08 +0300] "GET /wp-admin/index.php HTTP/1.1" 302 5 "https://wpface.ru/wp-login.php" "Mozilla/5.0 (X11; Linux x86_64) AppleWebKit/537.36 (KHTML, like Gecko) Chrome/120.0.0.0 Safari/537.36"
158.94.210.72 - - [29/Jul/2026:14:54:10 +0300] "GET /wp-login.php?redirect_to=https%3A%2F%2Fwpface.ru%2Fwp-admin%2Findex.php&reauth=1 HTTP/1.1" 200 3587 "https://wpface.ru/wp-login.php" "Mozilla/5.0 (X11; Linux x86_64) AppleWebKit/537.36 (KHTML, like Gecko) Chrome/120.0.0.0 Safari/537.36"
158.94.210.72 - - [29/Jul/2026:14:54:14 +0300] "POST /wp-login.php HTTP/1.1" 200 3788 "https://wpface.ru/wp-login.php" "Mozilla/5.0 (Macintosh; Intel Mac OS X 10_15_7) AppleWebKit/537.36 (KHTML, like Gecko) Chrome/119.0.0.0 Safari/537.36"
158.94.210.72 - - [29/Jul/2026:14:54:15 +0300] "GET /wp-admin/index.php HTTP/1.1" 302 5 "https://wpface.ru/wp-login.php" "Mozilla/5.0 (Macintosh; Intel Mac OS X 13_6_1) AppleWebKit/537.36 (KHTML, like Gecko) Chrome/121.0.0.0 Safari/537.36"
158.94.210.72 - - [29/Jul/2026:14:54:16 +0300] "GET /wp-login.php?redirect_to=https%3A%2F%2Fwpface.ru%2Fwp-admin%2Findex.php&reauth=1 HTTP/1.1" 200 3587 "https://wpface.ru/wp-login.php" "Mozilla/5.0 (Macintosh; Intel Mac OS X 13_6_1) AppleWebKit/537.36 (KHTML, like Gecko) Chrome/121.0.0.0 Safari/537.36"
158.94.210.72 - - [29/Jul/2026:14:54:17 +0300] "POST /wp-login.php HTTP/1.1" 200 3727 "https://wpface.ru/wp-login.php" "Mozilla/5.0 (Macintosh; Intel Mac OS X 13_6_1) AppleWebKit/537.36 (KHTML, like Gecko) Chrome/118.0.0.0 Safari/537.36"
158.94.210.72 - - [29/Jul/2026:14:54:18 +0300] "GET /wp-admin/index.php HTTP/1.1" 302 5 "https://wpface.ru/wp-login.php" "Mozilla/5.0 (Macintosh; Intel Mac OS X 10_15_7) AppleWebKit/537.36 (KHTML, like Gecko) Chrome/119.0.0.0 Safari/537.36"
158.94.210.72 - - [29/Jul/2026:14:54:19 +0300] "GET /wp-login.php?redirect_to=https%3A%2F%2Fwpface.ru%2Fwp-admin%2Findex.php&reauth=1 HTTP/1.1" 200 3587 "https://wpface.ru/wp-login.php" "Mozilla/5.0 (Macintosh; Intel Mac OS X 10_15_7) AppleWebKit/537.36 (KHTML, like Gecko) Chrome/119.0.0.0 Safari/537.36"
158.94.210.72 - - [29/Jul/2026:14:54:20 +0300] "POST /wp-login.php HTTP/1.1" 200 3789 "https://wpface.ru/wp-login.php" "Mozilla/5.0 (Windows NT 10.0; Win64; x64; rv:118.0) Gecko/20100101 Firefox/118.0"
158.94.210.72 - - [29/Jul/2026:14:54:21 +0300] "GET /wp-admin/index.php HTTP/1.1" 302 5 "https://wpface.ru/wp-login.php" "Mozilla/5.0 (Macintosh; Intel Mac OS X 13_6_1; rv:119.0) Gecko/20100101 Firefox/119.0"
158.94.210.72 - - [29/Jul/2026:14:54:23 +0300] "GET /wp-login.php?redirect_to=https%3A%2F%2Fwpface.ru%2Fwp-admin%2Findex.php&reauth=1 HTTP/1.1" 200 3587 "https://wpface.ru/wp-login.php" "Mozilla/5.0 (Macintosh; Intel Mac OS X 13_6_1; rv:119.0) Gecko/20100101 Firefox/119.0"
158.94.210.72 - - [29/Jul/2026:14:54:25 +0300] "POST /wp-login.php HTTP/1.1" 200 3791 "https://wpface.ru/wp-login.php" "Mozilla/5.0 (Macintosh; Intel Mac OS X 10_15_7) AppleWebKit/537.36 (KHTML, like Gecko) Chrome/118.0.0.0 Safari/537.36"
158.94.210.72 - - [29/Jul/2026:14:54:27 +0300] "GET /wp-admin/index.php HTTP/1.1" 302 5 "https://wpface.ru/wp-login.php" "Mozilla/5.0 (Windows NT 11.0; Win64; x64; rv:120.0) Gecko/20100101 Firefox/120.0"
158.94.210.72 - - [29/Jul/2026:14:54:29 +0300] "GET /wp-login.php?redirect_to=https%3A%2F%2Fwpface.ru%2Fwp-admin%2Findex.php&reauth=1 HTTP/1.1" 200 3587 "https://wpface.ru/wp-login.php" "Mozilla/5.0 (Windows NT 11.0; Win64; x64; rv:120.0) Gecko/20100101 Firefox/120.0"
158.94.210.72 - - [29/Jul/2026:14:54:30 +0300] "POST /wp-login.php HTTP/1.1" 200 3787 "https://wpface.ru/wp-login.php" "Mozilla/5.0 (Macintosh; Intel Mac OS X 10_15_7) AppleWebKit/537.36 (KHTML, like Gecko) Chrome/120.0.0.0 Safari/537.36"
158.94.210.72 - - [29/Jul/2026:14:54:31 +0300] "GET /wp-admin/index.php HTTP/1.1" 302 5 "https://wpface.ru/wp-login.php" "Mozilla/5.0 (Macintosh; Intel Mac OS X 13_6_1) AppleWebKit/605.1.15 (KHTML, like Gecko) Version/17.1 Safari/605.1.15"
158.94.210.72 - - [29/Jul/2026:14:54:31 +0300] "GET /wp-login.php?redirect_to=https%3A%2F%2Fwpface.ru%2Fwp-admin%2Findex.php&reauth=1 HTTP/1.1" 200 3587 "https://wpface.ru/wp-login.php" "Mozilla/5.0 (Macintosh; Intel Mac OS X 13_6_1) AppleWebKit/605.1.15 (KHTML, like Gecko) Version/17.1 Safari/605.1.15"
158.94.210.72 - - [29/Jul/2026:14:54:33 +0300] "POST /wp-login.php HTTP/1.1" 200 3717 "https://wpface.ru/wp-login.php" "Mozilla/5.0 (Macintosh; Intel Mac OS X 10_15_7; rv:118.0) Gecko/20100101 Firefox/118.0"
158.94.210.72 - - [29/Jul/2026:14:54:34 +0300] "GET /wp-admin/index.php HTTP/1.1" 302 5 "https://wpface.ru/wp-login.php" "Mozilla/5.0 (Windows NT 11.0; Win64; x64) AppleWebKit/537.36 (KHTML, like Gecko) Chrome/120.0.0.0 Safari/537.36"
158.94.210.72 - - [29/Jul/2026:14:54:35 +0300] "GET /wp-login.php?redirect_to=https%3A%2F%2Fwpface.ru%2Fwp-admin%2Findex.php&reauth=1 HTTP/1.1" 200 3587 "https://wpface.ru/wp-login.php" "Mozilla/5.0 (Windows NT 11.0; Win64; x64) AppleWebKit/537.36 (KHTML, like Gecko) Chrome/120.0.0.0 Safari/537.36"
158.94.210.72 - - [29/Jul/2026:14:54:36 +0300] "POST /wp-login.php HTTP/1.1" 200 3726 "https://wpface.ru/wp-login.php" "Mozilla/5.0 (Windows NT 11.0; Win64; x64) AppleWebKit/537.36 (KHTML, like Gecko) Chrome/118.0.0.0 Safari/537.36"
158.94.210.72 - - [29/Jul/2026:14:54:40 +0300] "GET /wp-admin/index.php HTTP/1.1" 302 5 "https://wpface.ru/wp-login.php" "Mozilla/5.0 (Macintosh; Intel Mac OS X 13_6_1; rv:119.0) Gecko/20100101 Firefox/119.0"
158.94.210.72 - - [29/Jul/2026:14:54:41 +0300] "GET /wp-login.php?redirect_to=https%3A%2F%2Fwpface.ru%2Fwp-admin%2Findex.php&reauth=1 HTTP/1.1" 200 3587 "https://wpface.ru/wp-login.php" "Mozilla/5.0 (Macintosh; Intel Mac OS X 13_6_1; rv:119.0) Gecko/20100101 Firefox/119.0"
158.94.210.72 - - [29/Jul/2026:14:54:41 +0300] "POST /wp-login.php HTTP/1.1" 200 3786 "https://wpface.ru/wp-login.php" "Mozilla/5.0 (Windows NT 11.0; Win64; x64; rv:120.0) Gecko/20100101 Firefox/120.0"
158.94.210.72 - - [29/Jul/2026:14:54:42 +0300] "GET /wp-admin/index.php HTTP/1.1" 302 5 "https://wpface.ru/wp-login.php" "Mozilla/5.0 (X11; Ubuntu; Linux x86_64) AppleWebKit/537.36 (KHTML, like Gecko) Chrome/119.0.0.0 Safari/537.36"
158.94.210.72 - - [29/Jul/2026:14:54:45 +0300] "GET /wp-login.php?redirect_to=https%3A%2F%2Fwpface.ru%2Fwp-admin%2Findex.php&reauth=1 HTTP/1.1" 200 3587 "https://wpface.ru/wp-login.php" "Mozilla/5.0 (X11; Ubuntu; Linux x86_64) AppleWebKit/537.36 (KHTML, like Gecko) Chrome/119.0.0.0 Safari/537.36"
158.94.210.72 - - [29/Jul/2026:14:54:48 +0300] "POST /wp-login.php HTTP/1.1" 200 3794 "https://wpface.ru/wp-login.php" "Mozilla/5.0 (Windows NT 10.0; Win64; x64) AppleWebKit/537.36 (KHTML, like Gecko) Chrome/120.0.0.0 Safari/537.36"
158.94.210.72 - - [29/Jul/2026:14:54:50 +0300] "GET /wp-admin/index.php HTTP/1.1" 302 5 "https://wpface.ru/wp-login.php" "Mozilla/5.0 (Macintosh; Intel Mac OS X 10_15_7) AppleWebKit/605.1.15 (KHTML, like Gecko) Version/17.2 Safari/605.1.15"
158.94.210.72 - - [29/Jul/2026:14:54:50 +0300] "GET /wp-login.php?redirect_to=https%3A%2F%2Fwpface.ru%2Fwp-admin%2Findex.php&reauth=1 HTTP/1.1" 200 3587 "https://wpface.ru/wp-login.php" "Mozilla/5.0 (Macintosh; Intel Mac OS X 10_15_7) AppleWebKit/605.1.15 (KHTML, like Gecko) Version/17.2 Safari/605.1.15"
158.94.210.72 - - [29/Jul/2026:14:54:52 +0300] "POST /wp-login.php HTTP/1.1" 200 3790 "https://wpface.ru/wp-login.php" "Mozilla/5.0 (Windows NT 10.0; Win64; x64; rv:121.0) Gecko/20100101 Firefox/121.0"
158.94.210.72 - - [29/Jul/2026:14:54:53 +0300] "GET /wp-admin/index.php HTTP/1.1" 302 5 "https://wpface.ru/wp-login.php" "Mozilla/5.0 (X11; Linux x86_64) AppleWebKit/537.36 (KHTML, like Gecko) Chrome/118.0.0.0 Safari/537.36"
158.94.210.72 - - [29/Jul/2026:14:54:57 +0300] "GET /wp-login.php?redirect_to=https%3A%2F%2Fwpface.ru%2Fwp-admin%2Findex.php&reauth=1 HTTP/1.1" 200 3587 "https://wpface.ru/wp-login.php" "Mozilla/5.0 (X11; Linux x86_64) AppleWebKit/537.36 (KHTML, like Gecko) Chrome/118.0.0.0 Safari/537.36"
158.94.210.72 - - [29/Jul/2026:14:54:59 +0300] "POST /wp-login.php HTTP/1.1" 200 3783 "https://wpface.ru/wp-login.php" "Mozilla/5.0 (Windows NT 10.0; Win64; x64; rv:119.0) Gecko/20100101 Firefox/119.0"
158.94.210.72 - - [29/Jul/2026:14:55:01 +0300] "GET /wp-admin/index.php HTTP/1.1" 302 5 "https://wpface.ru/wp-login.php" "Mozilla/5.0 (Windows NT 10.0; Win64; x64) AppleWebKit/537.36 (KHTML, like Gecko) Chrome/119.0.0.0 Safari/537.36"
158.94.210.72 - - [29/Jul/2026:14:55:04 +0300] "GET /wp-login.php?redirect_to=https%3A%2F%2Fwpface.ru%2Fwp-admin%2Findex.php&reauth=1 HTTP/1.1" 200 3587 "https://wpface.ru/wp-login.php" "Mozilla/5.0 (Windows NT 10.0; Win64; x64) AppleWebKit/537.36 (KHTML, like Gecko) Chrome/119.0.0.0 Safari/537.36"
158.94.210.72 - - [29/Jul/2026:14:55:07 +0300] "POST /wp-login.php HTTP/1.1" 200 3784 "https://wpface.ru/wp-login.php" "Mozilla/5.0 (X11; Ubuntu; Linux x86_64) AppleWebKit/537.36 (KHTML, like Gecko) Chrome/119.0.0.0 Safari/537.36"
158.94.210.72 - - [29/Jul/2026:14:55:09 +0300] "GET /wp-admin/index.php HTTP/1.1" 302 5 "https://wpface.ru/wp-login.php" "Mozilla/5.0 (Windows NT 11.0; Win64; x64) AppleWebKit/537.36 (KHTML, like Gecko) Chrome/121.0.0.0 Safari/537.36"
158.94.210.72 - - [29/Jul/2026:14:55:11 +0300] "GET /wp-login.php?redirect_to=https%3A%2F%2Fwpface.ru%2Fwp-admin%2Findex.php&reauth=1 HTTP/1.1" 200 3587 "https://wpface.ru/wp-login.php" "Mozilla/5.0 (Windows NT 11.0; Win64; x64) AppleWebKit/537.36 (KHTML, like Gecko) Chrome/121.0.0.0 Safari/537.36"
158.94.210.72 - - [29/Jul/2026:14:55:11 +0300] "POST /wp-login.php HTTP/1.1" 200 3717 "https://wpface.ru/wp-login.php" "Mozilla/5.0 (Macintosh; Intel Mac OS X 13_6_1) AppleWebKit/605.1.15 (KHTML, like Gecko) Version/17.0 Safari/605.1.15"
158.94.210.72 - - [29/Jul/2026:14:55:13 +0300] "GET /wp-admin/index.php HTTP/1.1" 302 5 "https://wpface.ru/wp-login.php" "Mozilla/5.0 (X11; Ubuntu; Linux x86_64) AppleWebKit/537.36 (KHTML, like Gecko) Chrome/119.0.0.0 Safari/537.36"
158.94.210.72 - - [29/Jul/2026:14:55:16 +0300] "GET /wp-login.php?redirect_to=https%3A%2F%2Fwpface.ru%2Fwp-admin%2Findex.php&reauth=1 HTTP/1.1" 200 3587 "https://wpface.ru/wp-login.php" "Mozilla/5.0 (X11; Ubuntu; Linux x86_64) AppleWebKit/537.36 (KHTML, like Gecko) Chrome/119.0.0.0 Safari/537.36"
158.94.210.72 - - [29/Jul/2026:14:55:20 +0300] "POST /wp-login.php HTTP/1.1" 200 3717 "https://wpface.ru/wp-login.php" "Mozilla/5.0 (Windows NT 10.0; Win64; x64) AppleWebKit/537.36 (KHTML, like Gecko) Chrome/121.0.0.0 Safari/537.36"
158.94.210.72 - - [29/Jul/2026:14:55:21 +0300] "GET /wp-admin/index.php HTTP/1.1" 302 5 "https://wpface.ru/wp-login.php" "Mozilla/5.0 (Macintosh; Intel Mac OS X 10_15_7; rv:119.0) Gecko/20100101 Firefox/119.0"
158.94.210.72 - - [29/Jul/2026:14:55:24 +0300] "GET /wp-login.php?redirect_to=https%3A%2F%2Fwpface.ru%2Fwp-admin%2Findex.php&reauth=1 HTTP/1.1" 200 3587 "https://wpface.ru/wp-login.php" "Mozilla/5.0 (Macintosh; Intel Mac OS X 10_15_7; rv:119.0) Gecko/20100101 Firefox/119.0"
158.94.210.72 - - [29/Jul/2026:14:55:28 +0300] "POST /wp-login.php HTTP/1.1" 200 3786 "https://wpface.ru/wp-login.php" "Mozilla/5.0 (X11; Linux x86_64) AppleWebKit/537.36 (KHTML, like Gecko) Chrome/120.0.0.0 Safari/537.36"
158.94.210.72 - - [29/Jul/2026:14:55:31 +0300] "GET /wp-admin/index.php HTTP/1.1" 302 5 "https://wpface.ru/wp-login.php" "Mozilla/5.0 (Macintosh; Intel Mac OS X 13_6_1) AppleWebKit/537.36 (KHTML, like Gecko) Chrome/118.0.0.0 Safari/537.36"
158.94.210.72 - - [29/Jul/2026:14:55:32 +0300] "GET /wp-login.php?redirect_to=https%3A%2F%2Fwpface.ru%2Fwp-admin%2Findex.php&reauth=1 HTTP/1.1" 200 3587 "https://wpface.ru/wp-login.php" "Mozilla/5.0 (Macintosh; Intel Mac OS X 13_6_1) AppleWebKit/537.36 (KHTML, like Gecko) Chrome/118.0.0.0 Safari/537.36"
158.94.210.72 - - [29/Jul/2026:14:55:35 +0300] "POST /wp-login.php HTTP/1.1" 200 3727 "https://wpface.ru/wp-login.php" "Mozilla/5.0 (Macintosh; Intel Mac OS X 13_6_1; rv:119.0) Gecko/20100101 Firefox/119.0"
204.108.154.43 - - [29/Jul/2026:14:55:35 +0300] "GET /index.php?rest_route=/ HTTP/2.0" 200 423439 "-" "Mozilla/5.0 (Macintosh; Intel Mac OS X 10_15_7) AppleWebKit/605.1.15 (KHTML, like Gecko) Version/18.0 Safari/605.1.15"
158.94.210.72 - - [29/Jul/2026:14:55:36 +0300] "GET /wp-admin/index.php HTTP/1.1" 302 5 "https://wpface.ru/wp-login.php" "Mozilla/5.0 (Macintosh; Intel Mac OS X 13_6_1) AppleWebKit/537.36 (KHTML, like Gecko) Chrome/121.0.0.0 Safari/537.36"
158.94.210.72 - - [29/Jul/2026:14:55:37 +0300] "GET /wp-login.php?redirect_to=https%3A%2F%2Fwpface.ru%2Fwp-admin%2Findex.php&reauth=1 HTTP/1.1" 200 3587 "https://wpface.ru/wp-login.php" "Mozilla/5.0 (Macintosh; Intel Mac OS X 13_6_1) AppleWebKit/537.36 (KHTML, like Gecko) Chrome/121.0.0.0 Safari/537.36"
158.94.210.72 - - [29/Jul/2026:14:55:42 +0300] "POST /wp-login.php HTTP/1.1" 200 3786 "https://wpface.ru/wp-login.php" "Mozilla/5.0 (Windows NT 10.0; Win64; x64; rv:121.0) Gecko/20100101 Firefox/121.0"
158.94.210.72 - - [29/Jul/2026:14:55:47 +0300] "GET /wp-admin/index.php HTTP/1.1" 302 5 "https://wpface.ru/wp-login.php" "Mozilla/5.0 (X11; Linux x86_64) AppleWebKit/537.36 (KHTML, like Gecko) Chrome/121.0.0.0 Safari/537.36"
158.94.210.72 - - [29/Jul/2026:14:55:47 +0300] "GET /wp-login.php?redirect_to=https%3A%2F%2Fwpface.ru%2Fwp-admin%2Findex.php&reauth=1 HTTP/1.1" 200 3587 "https://wpface.ru/wp-login.php" "Mozilla/5.0 (X11; Linux x86_64) AppleWebKit/537.36 (KHTML, like Gecko) Chrome/121.0.0.0 Safari/537.36"
158.94.210.72 - - [29/Jul/2026:14:55:49 +0300] "POST /wp-login.php HTTP/1.1" 200 3785 "https://wpface.ru/wp-login.php" "Mozilla/5.0 (Windows NT 11.0; Win64; x64; rv:121.0) Gecko/20100101 Firefox/121.0"
158.94.210.72 - - [29/Jul/2026:14:55:50 +0300] "GET /wp-admin/index.php HTTP/1.1" 302 5 "https://wpface.ru/wp-login.php" "Mozilla/5.0 (Windows NT 10.0; Win64; x64; rv:120.0) Gecko/20100101 Firefox/120.0"
158.94.210.72 - - [29/Jul/2026:14:55:52 +0300] "GET /wp-login.php?redirect_to=https%3A%2F%2Fwpface.ru%2Fwp-admin%2Findex.php&reauth=1 HTTP/1.1" 200 3587 "https://wpface.ru/wp-login.php" "Mozilla/5.0 (Windows NT 10.0; Win64; x64; rv:120.0) Gecko/20100101 Firefox/120.0"
158.94.210.72 - - [29/Jul/2026:14:55:53 +0300] "POST /wp-login.php HTTP/1.1" 200 3717 "https://wpface.ru/wp-login.php" "Mozilla/5.0 (Windows NT 10.0; Win64; x64) AppleWebKit/537.36 (KHTML, like Gecko) Chrome/118.0.0.0 Safari/537.36"
158.94.210.72 - - [29/Jul/2026:14:55:58 +0300] "GET /wp-admin/index.php HTTP/1.1" 302 5 "https://wpface.ru/wp-login.php" "Mozilla/5.0 (X11; Linux x86_64) AppleWebKit/537.36 (KHTML, like Gecko) Chrome/121.0.0.0 Safari/537.36"
129.226.72.101 - - [29/Jul/2026:14:55:58 +0300] "GET /xmlrpc.php HTTP/2.0" 405 42 "-" "Mozilla/5.0 (Macintosh; Intel Mac OS X 10_15_7) AppleWebKit/605.1.15 (KHTML, like Gecko) Version/18.0 Safari/605.1.15"
158.94.210.72 - - [29/Jul/2026:14:56:00 +0300] "GET /wp-login.php?redirect_to=https%3A%2F%2Fwpface.ru%2Fwp-admin%2Findex.php&reauth=1 HTTP/1.1" 200 3587 "https://wpface.ru/wp-login.php" "Mozilla/5.0 (X11; Linux x86_64) AppleWebKit/537.36 (KHTML, like Gecko) Chrome/121.0.0.0 Safari/537.36"
91.240.85.141 - - [29/Jul/2026:14:56:01 +0300] "POST /wp-cron.php?doing_wp_cron=1785326161.4662299156188964843750 HTTP/1.1" 200 31 "-" "WordPress/7.0; https://wpface.ru"
129.226.72.101 - - [29/Jul/2026:14:56:01 +0300] "POST /xmlrpc.php HTTP/2.0" 200 178 "-" "Mozilla/5.0 (Macintosh; Intel Mac OS X 10_15_7) AppleWebKit/605.1.15 (KHTML, like Gecko) Version/18.0 Safari/605.1.15"
129.226.72.101 - - [29/Jul/2026:14:56:03 +0300] "POST /xmlrpc.php HTTP/2.0" 200 11965 "-" "Mozilla/5.0 (Macintosh; Intel Mac OS X 10_15_7) AppleWebKit/605.1.15 (KHTML, like Gecko) Version/18.0 Safari/605.1.15"
64.49.38.96 - - [29/Jul/2026:14:56:04 +0300] "POST /xmlrpc.php HTTP/1.1" 200 415 "-" "Mozilla/5.0 (Windows NT 10.0; Win64; x64) AppleWebKit/537.36 (KHTML, like Gecko) Chrome/120.0.0.0 Safari/537.36"
64.49.38.96 - - [29/Jul/2026:14:56:05 +0300] "GET /wp-json/wp/v2/posts?orderby=date&order=desc&_fields=date,id,title,status,type,guid,link HTTP/1.1" 200 4165 "-" "Mozilla/5.0 (Windows NT 10.0; Win64; x64) AppleWebKit/537.36 (KHTML, like Gecko) Chrome/120.0.0.0 Safari/537.36"
129.226.72.101 - - [29/Jul/2026:14:56:05 +0300] "POST /xmlrpc.php HTTP/2.0" 200 11965 "-" "Mozilla/5.0 (Windows NT 10.0; Win64; x64; rv:133.0) Gecko/20100101 Firefox/133.0"
158.94.210.72 - - [29/Jul/2026:14:56:08 +0300] "POST /wp-login.php HTTP/1.1" 200 3787 "https://wpface.ru/wp-login.php" "Mozilla/5.0 (Macintosh; Intel Mac OS X 13_6_1; rv:119.0) Gecko/20100101 Firefox/119.0"
91.240.85.141 - - [29/Jul/2026:14:56:08 +0300] "GET / HTTP/1.1" 200 15722 "-" "Mozilla/5.0 (X11; Linux x86_64) AppleWebKit/537.36 (KHTML, like Gecko) Chrome/44.0.2403.157 Safari/537.36"
129.226.72.101 - - [29/Jul/2026:14:56:09 +0300] "POST /xmlrpc.php HTTP/2.0" 200 11965 "-" "Mozilla/5.0 (Macintosh; Intel Mac OS X 10_15_7) AppleWebKit/605.1.15 (KHTML, like Gecko) Version/18.0 Safari/605.1.15"
158.94.210.72 - - [29/Jul/2026:14:56:10 +0300] "GET /wp-admin/index.php HTTP/1.1" 302 5 "https://wpface.ru/wp-login.php" "Mozilla/5.0 (X11; Ubuntu; Linux x86_64) AppleWebKit/537.36 (KHTML, like Gecko) Chrome/118.0.0.0 Safari/537.36"
158.94.210.72 - - [29/Jul/2026:14:56:11 +0300] "GET /wp-login.php?redirect_to=https%3A%2F%2Fwpface.ru%2Fwp-admin%2Findex.php&reauth=1 HTTP/1.1" 200 3587 "https://wpface.ru/wp-login.php" "Mozilla/5.0 (X11; Ubuntu; Linux x86_64) AppleWebKit/537.36 (KHTML, like Gecko) Chrome/118.0.0.0 Safari/537.36"
129.226.72.101 - - [29/Jul/2026:14:56:12 +0300] "POST /xmlrpc.php HTTP/2.0" 200 11965 "-" "Mozilla/5.0 (Windows NT 10.0; Win64; x64) AppleWebKit/537.36 (KHTML, like Gecko) Chrome/124.0.0.0 Safari/537.36"
158.94.210.72 - - [29/Jul/2026:14:56:12 +0300] "POST /wp-login.php HTTP/1.1" 200 3786 "https://wpface.ru/wp-login.php" "Mozilla/5.0 (Macintosh; Intel Mac OS X 10_15_7) AppleWebKit/537.36 (KHTML, like Gecko) Chrome/120.0.0.0 Safari/537.36"
62.60.130.128 - - [29/Jul/2026:14:56:14 +0300] "GET /?rest_route=/ HTTP/1.1" 200 261657 "-" "Mozilla/5.0"
62.60.130.128 - - [29/Jul/2026:14:56:14 +0300] "GET / HTTP/1.1" 301 5 "-" "Mozilla/5.0"
62.60.130.128 - - [29/Jul/2026:14:56:14 +0300] "GET / HTTP/1.1" 200 69897 "-" "Mozilla/5.0"
62.60.130.128 - - [29/Jul/2026:14:56:15 +0300] "POST /?rest_route=/batch/v1 HTTP/1.1" 207 27 "-" "Mozilla/5.0"
129.226.72.101 - - [29/Jul/2026:14:56:15 +0300] "POST /xmlrpc.php HTTP/2.0" 200 11965 "-" "Mozilla/5.0 (Windows NT 10.0; Win64; x64) AppleWebKit/537.36 (KHTML, like Gecko) Chrome/124.0.0.0 Safari/537.36"
158.94.210.72 - - [29/Jul/2026:14:56:15 +0300] "GET /wp-admin/index.php HTTP/1.1" 302 5 "https://wpface.ru/wp-login.php" "Mozilla/5.0 (Windows NT 10.0; Win64; x64) AppleWebKit/537.36 (KHTML, like Gecko) Chrome/119.0.0.0 Safari/537.36"
158.94.210.72 - - [29/Jul/2026:14:56:17 +0300] "GET /wp-login.php?redirect_to=https%3A%2F%2Fwpface.ru%2Fwp-admin%2Findex.php&reauth=1 HTTP/1.1" 200 3587 "https://wpface.ru/wp-login.php" "Mozilla/5.0 (Windows NT 10.0; Win64; x64) AppleWebKit/537.36 (KHTML, like Gecko) Chrome/119.0.0.0 Safari/537.36"
158.94.210.72 - - [29/Jul/2026:14:56:19 +0300] "POST /wp-login.php HTTP/1.1" 200 3787 "https://wpface.ru/wp-login.php" "Mozilla/5.0 (Macintosh; Intel Mac OS X 10_15_7) AppleWebKit/537.36 (KHTML, like Gecko) Chrome/118.0.0.0 Safari/537.36"
158.94.210.72 - - [29/Jul/2026:14:56:20 +0300] "GET /wp-admin/index.php HTTP/1.1" 302 5 "https://wpface.ru/wp-login.php" "Mozilla/5.0 (Macintosh; Intel Mac OS X 13_6_1; rv:119.0) Gecko/20100101 Firefox/119.0"
158.94.210.72 - - [29/Jul/2026:14:56:23 +0300] "GET /wp-login.php?redirect_to=https%3A%2F%2Fwpface.ru%2Fwp-admin%2Findex.php&reauth=1 HTTP/1.1" 200 3587 "https://wpface.ru/wp-login.php" "Mozilla/5.0 (Macintosh; Intel Mac OS X 13_6_1; rv:119.0) Gecko/20100101 Firefox/119.0"
158.94.210.72 - - [29/Jul/2026:14:56:27 +0300] "POST /wp-login.php HTTP/1.1" 200 3787 "https://wpface.ru/wp-login.php" "Mozilla/5.0 (Macintosh; Intel Mac OS X 13_6_1) AppleWebKit/605.1.15 (KHTML, like Gecko) Version/16.6 Safari/605.1.15"
158.94.210.72 - - [29/Jul/2026:14:56:30 +0300] "GET /wp-admin/index.php HTTP/1.1" 302 5 "https://wpface.ru/wp-login.php" "Mozilla/5.0 (Macintosh; Intel Mac OS X 13_6_1) AppleWebKit/537.36 (KHTML, like Gecko) Chrome/118.0.0.0 Safari/537.36"
158.94.210.72 - - [29/Jul/2026:14:56:32 +0300] "GET /wp-login.php?redirect_to=https%3A%2F%2Fwpface.ru%2Fwp-admin%2Findex.php&reauth=1 HTTP/1.1" 200 3587 "https://wpface.ru/wp-login.php" "Mozilla/5.0 (Macintosh; Intel Mac OS X 13_6_1) AppleWebKit/537.36 (KHTML, like Gecko) Chrome/118.0.0.0 Safari/537.36"
158.94.210.72 - - [29/Jul/2026:14:56:34 +0300] "POST /wp-login.php HTTP/1.1" 200 3794 "https://wpface.ru/wp-login.php" "Mozilla/5.0 (Macintosh; Intel Mac OS X 10_15_7) AppleWebKit/537.36 (KHTML, like Gecko) Chrome/119.0.0.0 Safari/537.36"
158.94.210.72 - - [29/Jul/2026:14:56:37 +0300] "GET /wp-admin/index.php HTTP/1.1" 302 5 "https://wpface.ru/wp-login.php" "Mozilla/5.0 (Macintosh; Intel Mac OS X 10_15_7; rv:121.0) Gecko/20100101 Firefox/121.0"
158.94.210.72 - - [29/Jul/2026:14:56:38 +0300] "GET /wp-login.php?redirect_to=https%3A%2F%2Fwpface.ru%2Fwp-admin%2Findex.php&reauth=1 HTTP/1.1" 200 3587 "https://wpface.ru/wp-login.php" "Mozilla/5.0 (Macintosh; Intel Mac OS X 10_15_7; rv:121.0) Gecko/20100101 Firefox/121.0"
158.94.210.72 - - [29/Jul/2026:14:56:40 +0300] "POST /wp-login.php HTTP/1.1" 200 3791 "https://wpface.ru/wp-login.php" "Mozilla/5.0 (Macintosh; Intel Mac OS X 10_15_7) AppleWebKit/537.36 (KHTML, like Gecko) Chrome/121.0.0.0 Safari/537.36"
91.240.85.141 - - [29/Jul/2026:14:56:43 +0300] "POST /wp-cron.php?doing_wp_cron=1785326203.2599461078643798828125 HTTP/1.1" 200 31 "-" "WordPress/7.0; https://wpface.ru"
185.239.50.122 - - [29/Jul/2026:14:56:43 +0300] "POST /xmlrpc.php HTTP/2.0" 200 178 "-" "Mozilla/5.0 (Windows NT 10.0; Win64; x64; rv:133.0) Gecko/20100101 Firefox/133.0"
129.226.72.101 - - [29/Jul/2026:14:56:45 +0300] "POST /xmlrpc.php HTTP/2.0" 200 11971 "-" "Mozilla/5.0 (Macintosh; Intel Mac OS X 10_15_7) AppleWebKit/605.1.15 (KHTML, like Gecko) Version/18.0 Safari/605.1.15"
158.94.210.72 - - [29/Jul/2026:14:56:46 +0300] "GET /wp-admin/index.php HTTP/1.1" 302 5 "https://wpface.ru/wp-login.php" "Mozilla/5.0 (Windows NT 11.0; Win64; x64) AppleWebKit/537.36 (KHTML, like Gecko) Chrome/121.0.0.0 Safari/537.36"
129.226.72.101 - - [29/Jul/2026:14:56:49 +0300] "POST /xmlrpc.php HTTP/2.0" 200 11971 "-" "Mozilla/5.0 (Windows NT 10.0; Win64; x64) AppleWebKit/537.36 (KHTML, like Gecko) Chrome/124.0.0.0 Safari/537.36"
158.94.210.72 - - [29/Jul/2026:14:56:51 +0300] "GET /wp-login.php?redirect_to=https%3A%2F%2Fwpface.ru%2Fwp-admin%2Findex.php&reauth=1 HTTP/1.1" 200 3587 "https://wpface.ru/wp-login.php" "Mozilla/5.0 (Windows NT 11.0; Win64; x64) AppleWebKit/537.36 (KHTML, like Gecko) Chrome/121.0.0.0 Safari/537.36"
129.226.72.101 - - [29/Jul/2026:14:56:52 +0300] "POST /xmlrpc.php HTTP/2.0" 200 11971 "-" "Mozilla/5.0 (Windows NT 10.0; Win64; x64; rv:133.0) Gecko/20100101 Firefox/133.0"
158.94.210.72 - - [29/Jul/2026:14:56:55 +0300] "POST /wp-login.php HTTP/1.1" 200 3791 "https://wpface.ru/wp-login.php" "Mozilla/5.0 (X11; Ubuntu; Linux x86_64) AppleWebKit/537.36 (KHTML, like Gecko) Chrome/119.0.0.0 Safari/537.36"
129.226.72.101 - - [29/Jul/2026:14:56:56 +0300] "POST /xmlrpc.php HTTP/2.0" 200 11971 "-" "Mozilla/5.0 (Macintosh; Intel Mac OS X 10_15_7) AppleWebKit/605.1.15 (KHTML, like Gecko) Version/18.0 Safari/605.1.15"
129.226.72.101 - - [29/Jul/2026:14:57:00 +0300] "POST /xmlrpc.php HTTP/2.0" 200 11971 "-" "Mozilla/5.0 (Windows NT 10.0; Win64; x64; rv:133.0) Gecko/20100101 Firefox/133.0"
91.240.85.141 - - [29/Jul/2026:14:57:03 +0300] "POST /wp-cron.php?doing_wp_cron=1785326223.6039121150970458984375 HTTP/1.1" 200 31 "-" "WordPress/7.0; https://wpface.ru"
101.36.104.239 - - [29/Jul/2026:14:57:03 +0300] "POST /xmlrpc.php HTTP/2.0" 200 178 "-" "Mozilla/5.0 (Windows NT 10.0; Win64; x64; rv:133.0) Gecko/20100101 Firefox/133.0"
158.94.210.72 - - [29/Jul/2026:14:57:05 +0300] "GET /wp-admin/index.php HTTP/1.1" 302 5 "https://wpface.ru/wp-login.php" "Mozilla/5.0 (Macintosh; Intel Mac OS X 10_15_7) AppleWebKit/605.1.15 (KHTML, like Gecko) Version/17.2 Safari/605.1.15"
129.226.72.101 - - [29/Jul/2026:14:57:05 +0300] "POST /xmlrpc.php HTTP/2.0" 200 11971 "-" "Mozilla/5.0 (Windows NT 10.0; Win64; x64; rv:133.0) Gecko/20100101 Firefox/133.0"
158.94.210.72 - - [29/Jul/2026:14:57:08 +0300] "GET /wp-login.php?redirect_to=https%3A%2F%2Fwpface.ru%2Fwp-admin%2Findex.php&reauth=1 HTTP/1.1" 200 3587 "https://wpface.ru/wp-login.php" "Mozilla/5.0 (Macintosh; Intel Mac OS X 10_15_7) AppleWebKit/605.1.15 (KHTML, like Gecko) Version/17.2 Safari/605.1.15"
193.163.92.166 - - [29/Jul/2026:14:57:10 +0300] "POST /xmlrpc.php HTTP/1.1" 200 415 "-" "Mozilla/5.0 (Windows NT 10.0; Win64; x64) AppleWebKit/537.36 (KHTML, like Gecko) Chrome/120.0.0.0 Safari/537.36"
193.163.92.166 - - [29/Jul/2026:14:57:11 +0300] "GET /wp-json/wp/v2/posts?orderby=date&order=desc&_fields=date,id,title,status,type,guid,link HTTP/1.1" 200 4165 "-" "Mozilla/5.0 (Windows NT 10.0; Win64; x64) AppleWebKit/537.36 (KHTML, like Gecko) Chrome/120.0.0.0 Safari/537.36"
158.94.210.72 - - [29/Jul/2026:14:57:13 +0300] "POST /wp-login.php HTTP/1.1" 200 3788 "https://wpface.ru/wp-login.php" "Mozilla/5.0 (X11; Linux x86_64) AppleWebKit/537.36 (KHTML, like Gecko) Chrome/120.0.0.0 Safari/537.36"
129.226.72.101 - - [29/Jul/2026:14:57:17 +0300] "POST /xmlrpc.php HTTP/2.0" 200 11971 "-" "Mozilla/5.0 (Windows NT 10.0; Win64; x64) AppleWebKit/537.36 (KHTML, like Gecko) Chrome/124.0.0.0 Safari/537.36"
158.94.210.72 - - [29/Jul/2026:14:57:18 +0300] "GET /wp-admin/index.php HTTP/1.1" 302 5 "https://wpface.ru/wp-login.php" "Mozilla/5.0 (Macintosh; Intel Mac OS X 10_15_7) AppleWebKit/605.1.15 (KHTML, like Gecko) Version/17.1 Safari/605.1.15"
129.226.72.101 - - [29/Jul/2026:14:57:21 +0300] "POST /xmlrpc.php HTTP/2.0" 200 11971 "-" "Mozilla/5.0 (Windows NT 10.0; Win64; x64) AppleWebKit/537.36 (KHTML, like Gecko) Chrome/124.0.0.0 Safari/537.36"
158.94.210.72 - - [29/Jul/2026:14:57:23 +0300] "GET /wp-login.php?redirect_to=https%3A%2F%2Fwpface.ru%2Fwp-admin%2Findex.php&reauth=1 HTTP/1.1" 200 3587 "https://wpface.ru/wp-login.php" "Mozilla/5.0 (Macintosh; Intel Mac OS X 10_15_7) AppleWebKit/605.1.15 (KHTML, like Gecko) Version/17.1 Safari/605.1.15"
129.226.72.101 - - [29/Jul/2026:14:57:23 +0300] "POST /xmlrpc.php HTTP/2.0" 200 11971 "-" "Mozilla/5.0 (Windows NT 10.0; Win64; x64; rv:133.0) Gecko/20100101 Firefox/133.0"
158.94.210.72 - - [29/Jul/2026:14:57:24 +0300] "POST /wp-login.php HTTP/1.1" 200 3789 "https://wpface.ru/wp-login.php" "Mozilla/5.0 (Macintosh; Intel Mac OS X 13_6_1) AppleWebKit/537.36 (KHTML, like Gecko) Chrome/120.0.0.0 Safari/537.36"
129.226.72.101 - - [29/Jul/2026:14:57:27 +0300] "POST /xmlrpc.php HTTP/2.0" 200 11971 "-" "Mozilla/5.0 (Macintosh; Intel Mac OS X 10_15_7) AppleWebKit/605.1.15 (KHTML, like Gecko) Version/18.0 Safari/605.1.15"
