94.23.188.220 - - [29/Jul/2026:19:45:24 +0300] "GET /wp-sitemap-posts-post-1.xml HTTP/2.0" 200 29486 "-" "Mozilla/5.0 (compatible; AhrefsBot/7.0; +http://ahrefs.com/robot/)"
5.39.1.253 - - [29/Jul/2026:19:45:34 +0300] "GET /wp-sitemap-posts-page-1.xml HTTP/2.0" 200 720 "-" "Mozilla/5.0 (compatible; AhrefsBot/7.0; +http://ahrefs.com/robot/)"
51.75.236.134 - - [29/Jul/2026:19:45:45 +0300] "GET /wp-sitemap-taxonomies-category-1.xml HTTP/2.0" 200 931 "-" "Mozilla/5.0 (compatible; AhrefsBot/7.0; +http://ahrefs.com/robot/)"
37.59.204.133 - - [29/Jul/2026:19:45:55 +0300] "GET /wp-sitemap-users-1.xml HTTP/2.0" 200 306 "-" "Mozilla/5.0 (compatible; AhrefsBot/7.0; +http://ahrefs.com/robot/)"
45.12.3.125 - - [29/Jul/2026:19:47:20 +0300] "GET //images/images/cache.php HTTP/1.1" 404 47 "-" "Mozilla/5.0 (Windows NT 10.0; Win64; x64; rv:81.0) Gecko/20100101 Firefox/81.0"
45.32.44.140 - - [29/Jul/2026:19:47:47 +0300] "GET /wp-json/wp/v2/posts HTTP/1.1" 301 169 "-" "Mozilla/5.0 (Windows NT 10.0; Win64; x64) AppleWebKit/537.36 (KHTML, like Gecko) Chrome/120.0.0.0 Safari/537.36"
157.66.191.8 - - [29/Jul/2026:19:50:47 +0300] "POST /xmlrpc.php HTTP/2.0" 200 439 "-" "Mozilla/5.0 (Windows NT 10.0; Win64; x64) AppleWebKit/537.36 (KHTML, like Gecko) Chrome/150.0.0.0 Safari/537.36"
93.123.109.39 - - [29/Jul/2026:19:52:46 +0300] "GET / HTTP/1.1" 301 169 "-" "Mozilla/5.0 (X11; Linux x86_64; rv:144.0) Gecko/20100101 Firefox/144.0"
57.141.0.16 - - [29/Jul/2026:19:52:57 +0300] "GET /order HTTP/2.0" 200 14632 "-" "Mozilla/5.0 (Windows NT 10.0; Win64; x64) AppleWebKit/537.36 (KHTML, like Gecko) Chrome/145.0.0.0 Safari/537.36 (compatible; meta-externalagent/1.1 (+https://developers.facebook.com/docs/sharing/webmasters/crawler))"
91.240.85.141 - - [29/Jul/2026:19:56:08 +0300] "GET / HTTP/1.1" 200 15723 "-" "Mozilla/5.0 (X11; Linux x86_64) AppleWebKit/537.36 (KHTML, like Gecko) Chrome/44.0.2403.157 Safari/537.36"
45.92.108.143 - - [29/Jul/2026:19:56:15 +0300] "POST /xmlrpc.php HTTP/2.0" 200 439 "-" "Mozilla/5.0 (Windows NT 10.0; Win64; x64) AppleWebKit/537.36 (KHTML, like Gecko) Chrome/150.0.0.0 Safari/537.36"
87.106.141.44 - - [29/Jul/2026:19:57:46 +0300] "GET / HTTP/1.1" 200 15724 "https://wpface.ru/" "Mozilla/5.0 (iPhone; CPU iPhone OS 17_0 like Mac OS X) AppleWebKit/605.1.15 (KHTML, like Gecko) Version/17.0 Mobile/15E148 Safari/604.1"
135.148.171.117 - - [29/Jul/2026:19:58:36 +0300] "GET /wp-login.php HTTP/2.0" 200 3557 "-" "Mozilla/5.0 (Windows NT 10.0; Win64; x64) AppleWebKit/537.36 (KHTML, like Gecko) Chrome/150.0.0.0 Safari/537.36"
135.148.171.117 - - [29/Jul/2026:19:58:47 +0300] "POST /wp-login.php HTTP/2.0" 200 3805 "https://www.wpface.ru/wp-login.php" "Mozilla/5.0 (Windows NT 10.0; Win64; x64) AppleWebKit/537.36 (KHTML, like Gecko) Chrome/150.0.0.0 Safari/537.36"
72.167.132.114 - - [29/Jul/2026:19:58:59 +0300] "GET /wp-login.php HTTP/2.0" 200 3557 "-" "Mozilla/5.0 (Windows NT 10.0; Win64; x64) AppleWebKit/537.36 (KHTML, like Gecko) Chrome/150.0.0.0 Safari/537.36"
72.167.132.114 - - [29/Jul/2026:19:59:00 +0300] "POST /wp-login.php HTTP/2.0" 200 3725 "https://wpface.ru/wp-login.php" "Mozilla/5.0 (Windows NT 10.0; Win64; x64) AppleWebKit/537.36 (KHTML, like Gecko) Chrome/150.0.0.0 Safari/537.36"
91.240.85.141 - - [29/Jul/2026:20:00:10 +0300] "GET / HTTP/1.1" 200 15725 "-" "Mozilla/5.0 (X11; Linux x86_64) AppleWebKit/537.36 (KHTML, like Gecko) Chrome/44.0.2403.157 Safari/537.36"
109.122.18.102 - - [29/Jul/2026:20:00:21 +0300] "GET /wp-login.php HTTP/1.1" 200 3569 "https://wpface.ru" "Mozilla/5.0 (Windows NT 10.0; Win64; x64) AppleWebKit/537.36 (KHTML, like Gecko) Chrome/74.0.3729.157 Safari/537.36"
109.122.18.102 - - [29/Jul/2026:20:00:22 +0300] "POST /wp-login.php HTTP/1.1" 302 5 "https://wpface.ru" "Mozilla/5.0 (Windows NT 10.0; Win64; x64) AppleWebKit/537.36 (KHTML, like Gecko) Chrome/74.0.3729.157 Safari/537.36"
91.240.85.141 - - [29/Jul/2026:20:00:25 +0300] "GET /wp-content/plugins/plh/nuxy//metaboxes/assets/webfonts/google-fonts.json HTTP/1.1" 200 706020 "-" "WordPress/7.0; https://wpface.ru"
109.122.18.102 - - [29/Jul/2026:20:00:25 +0300] "GET /wp-admin/ HTTP/1.1" 200 219272 "https://wpface.ru" "Mozilla/5.0 (Windows NT 10.0; Win64; x64) AppleWebKit/537.36 (KHTML, like Gecko) Chrome/74.0.3729.157 Safari/537.36"
91.240.85.141 - - [29/Jul/2026:20:00:27 +0300] "GET /wp-content/plugins/plh/nuxy//metaboxes/assets/webfonts/google-fonts.json HTTP/1.1" 200 706020 "-" "WordPress/7.0; https://wpface.ru"
109.122.18.102 - - [29/Jul/2026:20:00:27 +0300] "GET /wp-admin/ HTTP/1.1" 200 219278 "https://wpface.ru" "Mozilla/5.0 (Windows NT 10.0; Win64; x64) AppleWebKit/537.36 (KHTML, like Gecko) Chrome/74.0.3729.157 Safari/537.36"
198.38.90.25 - - [29/Jul/2026:20:00:27 +0300] "POST /xmlrpc.php HTTP/2.0" 200 439 "-" "Mozilla/5.0 (Windows NT 10.0; Win64; x64) AppleWebKit/537.36 (KHTML, like Gecko) Chrome/150.0.0.0 Safari/537.36"
91.240.85.141 - - [29/Jul/2026:20:00:29 +0300] "GET /wp-content/plugins/plh/nuxy//metaboxes/assets/webfonts/google-fonts.json HTTP/1.1" 200 706020 "-" "WordPress/7.0; https://wpface.ru"
109.122.18.102 - - [29/Jul/2026:20:00:29 +0300] "GET /wp-admin/user-new.php HTTP/1.1" 200 201014 "https://wpface.ru" "Mozilla/5.0 (Windows NT 10.0; Win64; x64) AppleWebKit/537.36 (KHTML, like Gecko) Chrome/74.0.3729.157 Safari/537.36"
109.122.18.102 - - [29/Jul/2026:20:00:31 +0300] "POST /wp-admin/user-new.php HTTP/1.1" 302 5 "https://wpface.ru" "Mozilla/5.0 (Windows NT 10.0; Win64; x64) AppleWebKit/537.36 (KHTML, like Gecko) Chrome/74.0.3729.157 Safari/537.36"
91.240.85.141 - - [29/Jul/2026:20:00:32 +0300] "GET /wp-content/plugins/plh/nuxy//metaboxes/assets/webfonts/google-fonts.json HTTP/1.1" 200 706020 "-" "WordPress/7.0; https://wpface.ru"
109.122.18.102 - - [29/Jul/2026:20:00:33 +0300] "GET /wp-admin/users.php?update=add&id=33 HTTP/1.1" 200 206193 "https://wpface.ru" "Mozilla/5.0 (Windows NT 10.0; Win64; x64) AppleWebKit/537.36 (KHTML, like Gecko) Chrome/74.0.3729.157 Safari/537.36"
91.240.85.141 - - [29/Jul/2026:20:00:34 +0300] "GET /wp-content/plugins/plh/nuxy//metaboxes/assets/webfonts/google-fonts.json HTTP/1.1" 200 706020 "-" "WordPress/7.0; https://wpface.ru"
109.122.18.102 - - [29/Jul/2026:20:00:35 +0300] "GET /wp-admin/plugin-install.php?tab=upload HTTP/1.1" 200 203173 "https://wpface.ru" "Mozilla/5.0 (Windows NT 10.0; Win64; x64) AppleWebKit/537.36 (KHTML, like Gecko) Chrome/74.0.3729.157 Safari/537.36"
91.240.85.141 - - [29/Jul/2026:20:00:36 +0300] "GET /wp-content/plugins/plh/nuxy//metaboxes/assets/webfonts/google-fonts.json HTTP/1.1" 200 706020 "-" "WordPress/7.0; https://wpface.ru"
109.122.18.102 - - [29/Jul/2026:20:00:37 +0300] "POST /wp-admin/update.php?action=upload-plugin HTTP/1.1" 200 197022 "https://wpface.ru" "Mozilla/5.0 (Windows NT 10.0; Win64; x64) AppleWebKit/537.36 (KHTML, like Gecko) Chrome/74.0.3729.157 Safari/537.36"
109.122.18.102 - - [29/Jul/2026:20:00:38 +0300] "GET /wp-content/plugins/nzgykrcnqy/up.php HTTP/1.1" 404 47 "https://wpface.ru" "Mozilla/5.0 (Windows NT 10.0; Win64; x64) AppleWebKit/537.36 (KHTML, like Gecko) Chrome/74.0.3729.157 Safari/537.36"
91.240.85.141 - - [29/Jul/2026:20:00:39 +0300] "GET /wp-content/plugins/plh/nuxy//metaboxes/assets/webfonts/google-fonts.json HTTP/1.1" 200 706020 "-" "WordPress/7.0; https://wpface.ru"
109.122.18.102 - - [29/Jul/2026:20:00:39 +0300] "POST /wp-admin/update.php?action=upload-plugin HTTP/1.1" 200 197023 "https://wpface.ru" "Mozilla/5.0 (Windows NT 10.0; Win64; x64) AppleWebKit/537.36 (KHTML, like Gecko) Chrome/74.0.3729.157 Safari/537.36"
109.122.18.102 - - [29/Jul/2026:20:00:40 +0300] "GET /wp-content/plugins/nzgykrcnqy/up.php HTTP/1.1" 404 47 "https://wpface.ru" "Mozilla/5.0 (Windows NT 10.0; Win64; x64) AppleWebKit/537.36 (KHTML, like Gecko) Chrome/74.0.3729.157 Safari/537.36"
91.240.85.141 - - [29/Jul/2026:20:00:41 +0300] "GET /wp-content/plugins/plh/nuxy//metaboxes/assets/webfonts/google-fonts.json HTTP/1.1" 200 706020 "-" "WordPress/7.0; https://wpface.ru"
109.122.18.102 - - [29/Jul/2026:20:00:42 +0300] "POST /wp-admin/update.php?action=upload-plugin HTTP/1.1" 200 197021 "https://wpface.ru" "Mozilla/5.0 (Windows NT 10.0; Win64; x64) AppleWebKit/537.36 (KHTML, like Gecko) Chrome/74.0.3729.157 Safari/537.36"
109.122.18.102 - - [29/Jul/2026:20:00:42 +0300] "GET /wp-content/plugins/nzgykrcnqy/up.php HTTP/1.1" 404 47 "https://wpface.ru" "Mozilla/5.0 (Windows NT 10.0; Win64; x64) AppleWebKit/537.36 (KHTML, like Gecko) Chrome/74.0.3729.157 Safari/537.36"
91.240.85.141 - - [29/Jul/2026:20:00:44 +0300] "GET /wp-content/plugins/plh/nuxy//metaboxes/assets/webfonts/google-fonts.json HTTP/1.1" 200 706020 "-" "WordPress/7.0; https://wpface.ru"
109.122.18.102 - - [29/Jul/2026:20:00:44 +0300] "GET /wp-admin/media-new.php HTTP/1.1" 200 201064 "https://wpface.ru" "Mozilla/5.0 (Windows NT 10.0; Win64; x64) AppleWebKit/537.36 (KHTML, like Gecko) Chrome/74.0.3729.157 Safari/537.36"
109.122.18.102 - - [29/Jul/2026:20:00:45 +0300] "POST /wp-admin/async-upload.php HTTP/1.1" 200 344 "https://wpface.ru" "Mozilla/5.0 (Windows NT 10.0; Win64; x64) AppleWebKit/537.36 (KHTML, like Gecko) Chrome/74.0.3729.157 Safari/537.36"
109.122.18.102 - - [29/Jul/2026:20:00:46 +0300] "GET /wp-content/uploads/2026/07/tzvqeqng.php HTTP/1.1" 404 47 "https://wpface.ru" "Mozilla/5.0 (Windows NT 10.0; Win64; x64) AppleWebKit/537.36 (KHTML, like Gecko) Chrome/74.0.3729.157 Safari/537.36"
109.122.18.102 - - [29/Jul/2026:20:00:47 +0300] "POST /wp-admin/async-upload.php HTTP/1.1" 200 346 "https://wpface.ru" "Mozilla/5.0 (Windows NT 10.0; Win64; x64) AppleWebKit/537.36 (KHTML, like Gecko) Chrome/74.0.3729.157 Safari/537.36"
109.122.18.102 - - [29/Jul/2026:20:00:49 +0300] "GET /wp-content/uploads/2026/07/tzvqeqng.phtml HTTP/1.1" 404 14346 "https://wpface.ru" "Mozilla/5.0 (Windows NT 10.0; Win64; x64) AppleWebKit/537.36 (KHTML, like Gecko) Chrome/74.0.3729.157 Safari/537.36"
109.122.18.102 - - [29/Jul/2026:20:00:50 +0300] "POST /wp-admin/async-upload.php HTTP/1.1" 200 345 "https://wpface.ru" "Mozilla/5.0 (Windows NT 10.0; Win64; x64) AppleWebKit/537.36 (KHTML, like Gecko) Chrome/74.0.3729.157 Safari/537.36"
109.122.18.102 - - [29/Jul/2026:20:00:51 +0300] "GET /wp-content/uploads/2026/07/tzvqeqng.phar HTTP/1.1" 404 14344 "https://wpface.ru" "Mozilla/5.0 (Windows NT 10.0; Win64; x64) AppleWebKit/537.36 (KHTML, like Gecko) Chrome/74.0.3729.157 Safari/537.36"
109.122.18.102 - - [29/Jul/2026:20:00:52 +0300] "POST /wp-admin/async-upload.php HTTP/1.1" 200 345 "https://wpface.ru" "Mozilla/5.0 (Windows NT 10.0; Win64; x64) AppleWebKit/537.36 (KHTML, like Gecko) Chrome/74.0.3729.157 Safari/537.36"
109.122.18.102 - - [29/Jul/2026:20:00:53 +0300] "GET /wp-content/uploads/2026/07/tzvqeqng.php5 HTTP/1.1" 404 14346 "https://wpface.ru" "Mozilla/5.0 (Windows NT 10.0; Win64; x64) AppleWebKit/537.36 (KHTML, like Gecko) Chrome/74.0.3729.157 Safari/537.36"
109.122.18.102 - - [29/Jul/2026:20:00:54 +0300] "POST /wp-admin/async-upload.php HTTP/1.1" 200 345 "https://wpface.ru" "Mozilla/5.0 (Windows NT 10.0; Win64; x64) AppleWebKit/537.36 (KHTML, like Gecko) Chrome/74.0.3729.157 Safari/537.36"
109.122.18.102 - - [29/Jul/2026:20:00:55 +0300] "GET /wp-content/uploads/2026/07/tzvqeqng.php7 HTTP/1.1" 404 14348 "https://wpface.ru" "Mozilla/5.0 (Windows NT 10.0; Win64; x64) AppleWebKit/537.36 (KHTML, like Gecko) Chrome/74.0.3729.157 Safari/537.36"
91.240.85.141 - - [29/Jul/2026:20:00:57 +0300] "GET /wp-content/plugins/plh/nuxy//metaboxes/assets/webfonts/google-fonts.json HTTP/1.1" 200 706020 "-" "WordPress/7.0; https://wpface.ru"
109.122.18.102 - - [29/Jul/2026:20:00:58 +0300] "GET /wp-admin/plugin-install.php?s=file-manager-advanced&tab=search&type=term HTTP/1.1" 200 217017 "https://wpface.ru" "Mozilla/5.0 (Windows NT 10.0; Win64; x64) AppleWebKit/537.36 (KHTML, like Gecko) Chrome/74.0.3729.157 Safari/537.36"
91.240.85.141 - - [29/Jul/2026:20:00:59 +0300] "GET /wp-content/plugins/plh/nuxy//metaboxes/assets/webfonts/google-fonts.json HTTP/1.1" 200 706020 "-" "WordPress/7.0; https://wpface.ru"
109.122.18.102 - - [29/Jul/2026:20:01:00 +0300] "POST /wp-admin/update.php?action=install-plugin&plugin=file-manager-advanced&_wpnonce=9f341e4e72 HTTP/1.1" 200 197110 "https://wpface.ru" "Mozilla/5.0 (Windows NT 10.0; Win64; x64) AppleWebKit/537.36 (KHTML, like Gecko) Chrome/74.0.3729.157 Safari/537.36"
91.240.85.141 - - [29/Jul/2026:20:01:01 +0300] "GET /wp-content/plugins/plh/nuxy//metaboxes/assets/webfonts/google-fonts.json HTTP/1.1" 200 706020 "-" "WordPress/7.0; https://wpface.ru"
109.122.18.102 - - [29/Jul/2026:20:01:02 +0300] "GET /wp-admin/plugin-editor.php HTTP/1.1" 200 206644 "https://wpface.ru" "Mozilla/5.0 (Windows NT 10.0; Win64; x64) AppleWebKit/537.36 (KHTML, like Gecko) Chrome/74.0.3729.157 Safari/537.36"
91.240.85.141 - - [29/Jul/2026:20:01:03 +0300] "GET /wp-content/plugins/plh/nuxy//metaboxes/assets/webfonts/google-fonts.json HTTP/1.1" 200 706020 "-" "WordPress/7.0; https://wpface.ru"
109.122.18.102 - - [29/Jul/2026:20:01:04 +0300] "GET /wp-admin/plugin-editor.php?file=woocommerce/woocommerce.php&plugin=woocommerce/woocommerce.php HTTP/1.1" 200 294179 "https://wpface.ru" "Mozilla/5.0 (Windows NT 10.0; Win64; x64) AppleWebKit/537.36 (KHTML, like Gecko) Chrome/74.0.3729.157 Safari/537.36"
109.122.18.102 - - [29/Jul/2026:20:01:06 +0300] "POST /wp-admin/admin-ajax.php HTTP/1.1" 200 160 "https://wpface.ru" "Mozilla/5.0 (Windows NT 10.0; Win64; x64) AppleWebKit/537.36 (KHTML, like Gecko) Chrome/74.0.3729.157 Safari/537.36"
109.122.18.102 - - [29/Jul/2026:20:01:07 +0300] "GET /wp-content/plugins/woocommerce/woocommerce.php HTTP/1.1" 200 297 "https://wpface.ru" "Mozilla/5.0 (Windows NT 10.0; Win64; x64) AppleWebKit/537.36 (KHTML, like Gecko) Chrome/74.0.3729.157 Safari/537.36"
92.222.108.113 - - [29/Jul/2026:20:01:17 +0300] "GET /topics/guide HTTP/2.0" 200 15649 "-" "Mozilla/5.0 (compatible; AhrefsBot/7.0; +http://ahrefs.com/robot/)"
103.31.153.193 - - [29/Jul/2026:20:03:32 +0300] "GET /wp-login.php HTTP/1.1" 200 3569 "https://wpface.ru" "Mozilla/5.0 (Windows NT 6.1; Win64; x64) AppleWebKit/537.36 (KHTML, like Gecko) Chrome/74.0.3729.169 Safari/537.36"
103.31.153.193 - - [29/Jul/2026:20:03:35 +0300] "POST /wp-login.php HTTP/1.1" 302 5 "https://wpface.ru" "Mozilla/5.0 (Windows NT 6.1; Win64; x64) AppleWebKit/537.36 (KHTML, like Gecko) Chrome/74.0.3729.169 Safari/537.36"
91.240.85.141 - - [29/Jul/2026:20:03:38 +0300] "GET /wp-content/plugins/plh/nuxy//metaboxes/assets/webfonts/google-fonts.json HTTP/1.1" 200 706020 "-" "WordPress/7.0; https://wpface.ru"
103.31.153.193 - - [29/Jul/2026:20:03:40 +0300] "GET /wp-admin/ HTTP/1.1" 200 219294 "https://wpface.ru" "Mozilla/5.0 (Windows NT 6.1; Win64; x64) AppleWebKit/537.36 (KHTML, like Gecko) Chrome/74.0.3729.169 Safari/537.36"
91.240.85.141 - - [29/Jul/2026:20:03:46 +0300] "GET /wp-content/plugins/plh/nuxy//metaboxes/assets/webfonts/google-fonts.json HTTP/1.1" 200 706020 "-" "WordPress/7.0; https://wpface.ru"
103.31.153.193 - - [29/Jul/2026:20:03:51 +0300] "GET /wp-admin/ HTTP/1.1" 200 219292 "https://wpface.ru" "Mozilla/5.0 (Windows NT 6.1; Win64; x64) AppleWebKit/537.36 (KHTML, like Gecko) Chrome/74.0.3729.169 Safari/537.36"
91.240.85.141 - - [29/Jul/2026:20:03:54 +0300] "GET /wp-content/plugins/plh/nuxy//metaboxes/assets/webfonts/google-fonts.json HTTP/1.1" 200 706020 "-" "WordPress/7.0; https://wpface.ru"
103.31.153.193 - - [29/Jul/2026:20:03:57 +0300] "GET /wp-admin/user-new.php HTTP/1.1" 200 201005 "https://wpface.ru" "Mozilla/5.0 (Windows NT 6.1; Win64; x64) AppleWebKit/537.36 (KHTML, like Gecko) Chrome/74.0.3729.169 Safari/537.36"
91.240.85.141 - - [29/Jul/2026:20:04:00 +0300] "GET /wp-content/plugins/plh/nuxy//metaboxes/assets/webfonts/google-fonts.json HTTP/1.1" 200 706020 "-" "WordPress/7.0; https://wpface.ru"
103.31.153.193 - - [29/Jul/2026:20:04:03 +0300] "POST /wp-admin/user-new.php HTTP/1.1" 200 201103 "https://wpface.ru" "Mozilla/5.0 (Windows NT 6.1; Win64; x64) AppleWebKit/537.36 (KHTML, like Gecko) Chrome/74.0.3729.169 Safari/537.36"
91.240.85.141 - - [29/Jul/2026:20:04:06 +0300] "GET /wp-content/plugins/plh/nuxy//metaboxes/assets/webfonts/google-fonts.json HTTP/1.1" 200 706020 "-" "WordPress/7.0; https://wpface.ru"
103.31.153.193 - - [29/Jul/2026:20:04:07 +0300] "GET /wp-admin/plugin-install.php?tab=upload HTTP/1.1" 200 203165 "https://wpface.ru" "Mozilla/5.0 (Windows NT 6.1; Win64; x64) AppleWebKit/537.36 (KHTML, like Gecko) Chrome/74.0.3729.169 Safari/537.36"
91.240.85.141 - - [29/Jul/2026:20:04:08 +0300] "GET /wp-content/plugins/plh/nuxy//metaboxes/assets/webfonts/google-fonts.json HTTP/1.1" 200 706020 "-" "WordPress/7.0; https://wpface.ru"
103.31.153.193 - - [29/Jul/2026:20:04:09 +0300] "POST /wp-admin/update.php?action=upload-plugin HTTP/1.1" 200 197023 "https://wpface.ru" "Mozilla/5.0 (Windows NT 6.1; Win64; x64) AppleWebKit/537.36 (KHTML, like Gecko) Chrome/74.0.3729.169 Safari/537.36"
103.31.153.193 - - [29/Jul/2026:20:04:10 +0300] "GET /wp-content/plugins/bebjzhtawa/up.php HTTP/1.1" 404 47 "https://wpface.ru" "Mozilla/5.0 (Windows NT 6.1; Win64; x64) AppleWebKit/537.36 (KHTML, like Gecko) Chrome/74.0.3729.169 Safari/537.36"
91.240.85.141 - - [29/Jul/2026:20:04:11 +0300] "GET /wp-content/plugins/plh/nuxy//metaboxes/assets/webfonts/google-fonts.json HTTP/1.1" 200 706020 "-" "WordPress/7.0; https://wpface.ru"
103.31.153.193 - - [29/Jul/2026:20:04:12 +0300] "POST /wp-admin/update.php?action=upload-plugin HTTP/1.1" 200 197023 "https://wpface.ru" "Mozilla/5.0 (Windows NT 6.1; Win64; x64) AppleWebKit/537.36 (KHTML, like Gecko) Chrome/74.0.3729.169 Safari/537.36"
103.31.153.193 - - [29/Jul/2026:20:04:12 +0300] "GET /wp-content/plugins/bebjzhtawa/up.php HTTP/1.1" 404 47 "https://wpface.ru" "Mozilla/5.0 (Windows NT 6.1; Win64; x64) AppleWebKit/537.36 (KHTML, like Gecko) Chrome/74.0.3729.169 Safari/537.36"
91.240.85.141 - - [29/Jul/2026:20:04:14 +0300] "GET /wp-content/plugins/plh/nuxy//metaboxes/assets/webfonts/google-fonts.json HTTP/1.1" 200 706020 "-" "WordPress/7.0; https://wpface.ru"
92.222.108.108 - - [29/Jul/2026:20:04:14 +0300] "GET /wp-content/plugins/plh/assets/css/chat.css?ver=1785344477 HTTP/2.0" 200 2234 "-" "Mozilla/5.0 (compatible; AhrefsBot/7.0; +http://ahrefs.com/robot/)"
103.31.153.193 - - [29/Jul/2026:20:04:15 +0300] "POST /wp-admin/update.php?action=upload-plugin HTTP/1.1" 200 197023 "https://wpface.ru" "Mozilla/5.0 (Windows NT 6.1; Win64; x64) AppleWebKit/537.36 (KHTML, like Gecko) Chrome/74.0.3729.169 Safari/537.36"
103.31.153.193 - - [29/Jul/2026:20:04:15 +0300] "GET /wp-content/plugins/bebjzhtawa/up.php HTTP/1.1" 404 47 "https://wpface.ru" "Mozilla/5.0 (Windows NT 6.1; Win64; x64) AppleWebKit/537.36 (KHTML, like Gecko) Chrome/74.0.3729.169 Safari/537.36"
91.240.85.141 - - [29/Jul/2026:20:04:16 +0300] "GET /wp-content/plugins/plh/nuxy//metaboxes/assets/webfonts/google-fonts.json HTTP/1.1" 200 706020 "-" "WordPress/7.0; https://wpface.ru"
103.31.153.193 - - [29/Jul/2026:20:04:18 +0300] "GET /wp-admin/media-new.php HTTP/1.1" 200 201068 "https://wpface.ru" "Mozilla/5.0 (Windows NT 6.1; Win64; x64) AppleWebKit/537.36 (KHTML, like Gecko) Chrome/74.0.3729.169 Safari/537.36"
103.31.153.193 - - [29/Jul/2026:20:04:22 +0300] "POST /wp-admin/async-upload.php HTTP/1.1" 200 344 "https://wpface.ru" "Mozilla/5.0 (Windows NT 6.1; Win64; x64) AppleWebKit/537.36 (KHTML, like Gecko) Chrome/74.0.3729.169 Safari/537.36"
103.31.153.193 - - [29/Jul/2026:20:04:22 +0300] "GET /wp-content/uploads/2026/07/ahasedzq.php HTTP/1.1" 404 47 "https://wpface.ru" "Mozilla/5.0 (Windows NT 6.1; Win64; x64) AppleWebKit/537.36 (KHTML, like Gecko) Chrome/74.0.3729.169 Safari/537.36"
103.31.153.193 - - [29/Jul/2026:20:04:23 +0300] "POST /wp-admin/async-upload.php HTTP/1.1" 200 346 "https://wpface.ru" "Mozilla/5.0 (Windows NT 6.1; Win64; x64) AppleWebKit/537.36 (KHTML, like Gecko) Chrome/74.0.3729.169 Safari/537.36"
103.31.153.193 - - [29/Jul/2026:20:04:25 +0300] "GET /wp-content/uploads/2026/07/ahasedzq.phtml HTTP/1.1" 404 14346 "https://wpface.ru" "Mozilla/5.0 (Windows NT 6.1; Win64; x64) AppleWebKit/537.36 (KHTML, like Gecko) Chrome/74.0.3729.169 Safari/537.36"
103.31.153.193 - - [29/Jul/2026:20:04:26 +0300] "POST /wp-admin/async-upload.php HTTP/1.1" 200 345 "https://wpface.ru" "Mozilla/5.0 (Windows NT 6.1; Win64; x64) AppleWebKit/537.36 (KHTML, like Gecko) Chrome/74.0.3729.169 Safari/537.36"
103.31.153.193 - - [29/Jul/2026:20:04:27 +0300] "GET /wp-content/uploads/2026/07/ahasedzq.phar HTTP/1.1" 404 14346 "https://wpface.ru" "Mozilla/5.0 (Windows NT 6.1; Win64; x64) AppleWebKit/537.36 (KHTML, like Gecko) Chrome/74.0.3729.169 Safari/537.36"
103.31.153.193 - - [29/Jul/2026:20:04:28 +0300] "POST /wp-admin/async-upload.php HTTP/1.1" 200 345 "https://wpface.ru" "Mozilla/5.0 (Windows NT 6.1; Win64; x64) AppleWebKit/537.36 (KHTML, like Gecko) Chrome/74.0.3729.169 Safari/537.36"
103.31.153.193 - - [29/Jul/2026:20:04:29 +0300] "GET /wp-content/uploads/2026/07/ahasedzq.php5 HTTP/1.1" 404 14347 "https://wpface.ru" "Mozilla/5.0 (Windows NT 6.1; Win64; x64) AppleWebKit/537.36 (KHTML, like Gecko) Chrome/74.0.3729.169 Safari/537.36"
103.31.153.193 - - [29/Jul/2026:20:04:31 +0300] "POST /wp-admin/async-upload.php HTTP/1.1" 200 345 "https://wpface.ru" "Mozilla/5.0 (Windows NT 6.1; Win64; x64) AppleWebKit/537.36 (KHTML, like Gecko) Chrome/74.0.3729.169 Safari/537.36"
103.31.153.193 - - [29/Jul/2026:20:04:34 +0300] "GET /wp-content/uploads/2026/07/ahasedzq.php7 HTTP/1.1" 404 14343 "https://wpface.ru" "Mozilla/5.0 (Windows NT 6.1; Win64; x64) AppleWebKit/537.36 (KHTML, like Gecko) Chrome/74.0.3729.169 Safari/537.36"
91.240.85.141 - - [29/Jul/2026:20:04:37 +0300] "GET /wp-content/plugins/plh/nuxy//metaboxes/assets/webfonts/google-fonts.json HTTP/1.1" 200 706020 "-" "WordPress/7.0; https://wpface.ru"
103.31.153.193 - - [29/Jul/2026:20:04:45 +0300] "GET /wp-admin/plugin-install.php?s=file-manager-advanced&tab=search&type=term HTTP/1.1" 200 216891 "https://wpface.ru" "Mozilla/5.0 (Windows NT 6.1; Win64; x64) AppleWebKit/537.36 (KHTML, like Gecko) Chrome/74.0.3729.169 Safari/537.36"
91.240.85.141 - - [29/Jul/2026:20:04:58 +0300] "GET /wp-content/plugins/plh/nuxy//metaboxes/assets/webfonts/google-fonts.json HTTP/1.1" 200 706020 "-" "WordPress/7.0; https://wpface.ru"
103.31.153.193 - - [29/Jul/2026:20:04:59 +0300] "POST /wp-admin/update.php?action=install-plugin&plugin=file-manager-advanced&_wpnonce=1894d3e64f HTTP/1.1" 200 197104 "https://wpface.ru" "Mozilla/5.0 (Windows NT 6.1; Win64; x64) AppleWebKit/537.36 (KHTML, like Gecko) Chrome/74.0.3729.169 Safari/537.36"
91.240.85.141 - - [29/Jul/2026:20:05:10 +0300] "GET /wp-content/plugins/plh/nuxy//metaboxes/assets/webfonts/google-fonts.json HTTP/1.1" 200 706020 "-" "WordPress/7.0; https://wpface.ru"
103.31.153.193 - - [29/Jul/2026:20:05:11 +0300] "GET /wp-admin/plugin-editor.php HTTP/1.1" 200 206623 "https://wpface.ru" "Mozilla/5.0 (Windows NT 6.1; Win64; x64) AppleWebKit/537.36 (KHTML, like Gecko) Chrome/74.0.3729.169 Safari/537.36"
91.240.85.141 - - [29/Jul/2026:20:05:19 +0300] "GET /wp-content/plugins/plh/nuxy//metaboxes/assets/webfonts/google-fonts.json HTTP/1.1" 200 706020 "-" "WordPress/7.0; https://wpface.ru"
103.31.153.193 - - [29/Jul/2026:20:05:23 +0300] "GET /wp-admin/plugin-editor.php?file=classic-editor/classic-editor.php&plugin=classic-editor/classic-editor.php HTTP/1.1" 200 215241 "https://wpface.ru" "Mozilla/5.0 (Windows NT 6.1; Win64; x64) AppleWebKit/537.36 (KHTML, like Gecko) Chrome/74.0.3729.169 Safari/537.36"
91.240.85.141 - - [29/Jul/2026:20:05:25 +0300] "GET /wp-content/plugins/plh/nuxy//metaboxes/assets/webfonts/google-fonts.json HTTP/1.1" 200 706020 "-" "WordPress/7.0; https://wpface.ru"
91.240.85.141 - - [29/Jul/2026:20:05:25 +0300] "GET /wp-admin/plugin-editor.php?plugin=classic-editor%2Fclassic-editor.php&file=classic-editor%2Fclassic-editor.php&wp_scrape_key=6714f6ce87bb8c6ed5fb3eede1131a60&wp_scrape_nonce=971156690 HTTP/1.1" 200 204274 "-" "WordPress/7.0; https://wpface.ru"
91.240.85.141 - - [29/Jul/2026:20:05:25 +0300] "GET /?wp_scrape_key=6714f6ce87bb8c6ed5fb3eede1131a60&wp_scrape_nonce=971156690 HTTP/1.1" 200 17975 "-" "WordPress/7.0; https://wpface.ru"
103.31.153.193 - - [29/Jul/2026:20:05:25 +0300] "POST /wp-admin/admin-ajax.php HTTP/1.1" 200 160 "https://wpface.ru" "Mozilla/5.0 (Windows NT 6.1; Win64; x64) AppleWebKit/537.36 (KHTML, like Gecko) Chrome/74.0.3729.169 Safari/537.36"
103.31.153.193 - - [29/Jul/2026:20:05:26 +0300] "GET /wp-content/plugins/classic-editor/classic-editor.php HTTP/1.1" 200 297 "https://wpface.ru" "Mozilla/5.0 (Windows NT 6.1; Win64; x64) AppleWebKit/537.36 (KHTML, like Gecko) Chrome/74.0.3729.169 Safari/537.36"
217.182.128.41 - - [29/Jul/2026:20:06:08 +0300] "GET /wp-login.php HTTP/2.0" 200 3782 "-" "Mozilla/5.0 (Windows NT 10.0; Win64; x64) AppleWebKit/537.36 (KHTML, like Gecko) Chrome/150.0.0.0 Safari/537.36"
176.31.139.8 - - [29/Jul/2026:20:06:15 +0300] "GET /topics/scripts-php HTTP/2.0" 200 15408 "-" "Mozilla/5.0 (compatible; AhrefsBot/7.0; +http://ahrefs.com/robot/)"
91.240.85.141 - - [29/Jul/2026:20:06:15 +0300] "POST /wp-cron.php?doing_wp_cron=1785344775.9136528968811035156250 HTTP/1.1" 200 31 "-" "WordPress/7.0; https://wpface.ru"
185.76.243.23 - - [29/Jul/2026:20:06:15 +0300] "POST /xmlrpc.php HTTP/2.0" 200 545 "-" "curl/7.81.0"
72.167.132.114 - - [29/Jul/2026:20:06:51 +0300] "POST /xmlrpc.php HTTP/2.0" 200 805 "-" "Mozilla/5.0 (Windows NT 10.0; Win64; x64) AppleWebKit/537.36 (KHTML, like Gecko) Chrome/150.0.0.0 Safari/537.36"
17.246.19.126 - - [29/Jul/2026:20:08:15 +0300] "GET /paymtech-woocommerce.html/feed HTTP/2.0" 200 1167 "-" "Mozilla/5.0 (Macintosh; Intel Mac OS X 10_15_7) AppleWebKit/605.1.15 (KHTML, like Gecko) Version/17.4 Safari/605.1.15 (Applebot/0.1; +http://www.apple.com/go/applebot)"
103.174.152.87 - - [29/Jul/2026:20:08:43 +0300] "GET /wp-login.php HTTP/2.0" 200 3782 "-" "Mozilla/5.0 (Windows NT 10.0; Win64; x64) AppleWebKit/537.36 (KHTML, like Gecko) Chrome/120.0.0.0 Safari/537.36"
103.174.152.87 - - [29/Jul/2026:20:08:43 +0300] "POST /wp-login.php HTTP/2.0" 200 3886 "https://wpface.ru/wp-login.php" "Mozilla/5.0 (Windows NT 10.0; Win64; x64) AppleWebKit/537.36 (KHTML, like Gecko) Chrome/120.0.0.0 Safari/537.36"
51.68.247.203 - - [29/Jul/2026:20:08:58 +0300] "GET /wp-content/plugins/plh/assets/css/chat.css?ver=1785344775 HTTP/2.0" 200 2234 "-" "Mozilla/5.0 (compatible; AhrefsBot/7.0; +http://ahrefs.com/robot/)"
152.228.220.143 - - [29/Jul/2026:20:09:06 +0300] "GET /feed/rss HTTP/1.1" 301 169 "-" "Mozilla/5.0 (X11; Linux i686) AppleWebKit/537.36 (KHTML, like Gecko) Chrome/30.0.1599.66 Safari/537.36"
152.228.220.143 - - [29/Jul/2026:20:09:06 +0300] "GET /feed/rss HTTP/1.1" 301 378 "-" "Mozilla/5.0 (X11; Linux i686) AppleWebKit/537.36 (KHTML, like Gecko) Chrome/30.0.1599.66 Safari/537.36"
152.228.220.143 - - [29/Jul/2026:20:09:06 +0300] "GET /feed HTTP/1.1" 200 92026 "-" "Mozilla/5.0 (X11; Linux i686) AppleWebKit/537.36 (KHTML, like Gecko) Chrome/30.0.1599.66 Safari/537.36"
54.37.118.64 - - [29/Jul/2026:20:10:37 +0300] "GET /topics/seo-tools HTTP/2.0" 200 15033 "-" "Mozilla/5.0 (compatible; AhrefsBot/7.0; +http://ahrefs.com/robot/)"
94.103.84.74 - - [29/Jul/2026:20:12:16 +0300] "GET /wp-login.php HTTP/2.0" 200 3782 "-" "Mozilla/5.0 (Macintosh; Intel Mac OS X 10_15_7) AppleWebKit/605.1.15 (KHTML, like Gecko) Version/18.0 Safari/605.1.15"
94.103.84.74 - - [29/Jul/2026:20:12:17 +0300] "POST /xmlrpc.php HTTP/2.0" 200 1564 "-" "Mozilla/5.0 (Windows NT 10.0; Win64; x64) AppleWebKit/537.36 (KHTML, like Gecko) Chrome/124.0.0.0 Safari/537.36"
94.154.35.236 - - [29/Jul/2026:20:12:41 +0300] "HEAD /new.bz2 HTTP/1.1" 301 0 "-" "Mozilla/5.0 (Windows NT 10.0; Win64; x64) AppleWebKit/537.36 (KHTML, like Gecko) Chrome/101.0.4951.67 Safari/537.36"
94.154.35.236 - - [29/Jul/2026:20:12:41 +0300] "HEAD /new.bz2 HTTP/1.1" 404 0 "-" "Mozilla/5.0 (Windows NT 10.0; Win64; x64) AppleWebKit/537.36 (KHTML, like Gecko) Chrome/101.0.4951.67 Safari/537.36"
94.103.84.74 - - [29/Jul/2026:20:13:09 +0300] "GET /wp-login.php HTTP/2.0" 200 3782 "-" "Mozilla/5.0 (Windows NT 10.0; Win64; x64; rv:133.0) Gecko/20100101 Firefox/133.0"
94.103.84.74 - - [29/Jul/2026:20:13:11 +0300] "POST /wp-login.php HTTP/2.0" 302 366 "https://wpface.ru/wp-login.php" "Mozilla/5.0 (Windows NT 10.0; Win64; x64; rv:133.0) Gecko/20100101 Firefox/133.0"
91.240.85.141 - - [29/Jul/2026:20:13:11 +0300] "GET /wp-content/plugins/plh/nuxy//metaboxes/assets/webfonts/google-fonts.json HTTP/1.1" 200 706020 "-" "WordPress/7.0; https://wpface.ru"
94.103.84.74 - - [29/Jul/2026:20:13:12 +0300] "GET /wp-admin/ HTTP/2.0" 200 219377 "https://wpface.ru/wp-login.php" "Mozilla/5.0 (Windows NT 10.0; Win64; x64; rv:133.0) Gecko/20100101 Firefox/133.0"
94.103.84.74 - - [29/Jul/2026:20:13:47 +0300] "GET /wp-admin/admin-ajax.php?action=rest-nonce HTTP/2.0" 200 293 "-" "Mozilla/5.0 (Windows NT 10.0; Win64; x64; rv:133.0) Gecko/20100101 Firefox/133.0"
94.103.84.74 - - [29/Jul/2026:20:13:48 +0300] "GET /wp-json/wp/v2/users/me HTTP/2.0" 403 566 "-" "Mozilla/5.0 (Windows NT 10.0; Win64; x64; rv:133.0) Gecko/20100101 Firefox/133.0"
94.103.84.74 - - [29/Jul/2026:20:13:48 +0300] "GET /wp-json/wp/v2/users/me HTTP/2.0" 403 566 "-" "Mozilla/5.0 (Windows NT 10.0; Win64; x64; rv:133.0) Gecko/20100101 Firefox/133.0"
94.103.84.74 - - [29/Jul/2026:20:13:49 +0300] "GET /wp-json/wp/v2/users/me HTTP/2.0" 403 566 "-" "Mozilla/5.0 (Windows NT 10.0; Win64; x64; rv:133.0) Gecko/20100101 Firefox/133.0"
94.103.84.74 - - [29/Jul/2026:20:13:50 +0300] "GET /wp-json/wp/v2/users/me HTTP/2.0" 403 566 "-" "Mozilla/5.0 (Windows NT 10.0; Win64; x64; rv:133.0) Gecko/20100101 Firefox/133.0"
94.103.84.74 - - [29/Jul/2026:20:13:55 +0300] "GET /wp-json/wp/v2/users/me HTTP/2.0" 403 566 "-" "Mozilla/5.0 (Windows NT 10.0; Win64; x64; rv:133.0) Gecko/20100101 Firefox/133.0"
5.39.1.243 - - [29/Jul/2026:20:14:01 +0300] "GET /wp-content/uploads/2023/08/whoislogos-1.png HTTP/2.0" 200 11349 "-" "Mozilla/5.0 (compatible; AhrefsBot/7.0; +http://ahrefs.com/robot/)"
92.222.108.112 - - [29/Jul/2026:20:14:02 +0300] "GET /topics/seo-tools HTTP/2.0" 200 15032 "-" "Mozilla/5.0 (compatible; AhrefsBot/7.0; +http://ahrefs.com/robot/)"
54.37.118.93 - - [29/Jul/2026:20:14:03 +0300] "GET /wp-content/plugins/plh/assets/css/chat.css?ver=1785345037 HTTP/2.0" 200 2234 "-" "Mozilla/5.0 (compatible; AhrefsBot/7.0; +http://ahrefs.com/robot/)"
91.240.85.141 - - [29/Jul/2026:20:14:08 +0300] "GET / HTTP/1.1" 200 15961 "-" "Mozilla/5.0 (X11; Linux x86_64) AppleWebKit/537.36 (KHTML, like Gecko) Chrome/44.0.2403.157 Safari/537.36"
91.240.85.141 - - [29/Jul/2026:20:14:23 +0300] "GET /wp-content/plugins/plh/nuxy//metaboxes/assets/webfonts/google-fonts.json HTTP/1.1" 200 706020 "-" "WordPress/7.0; https://wpface.ru"
94.103.84.74 - - [29/Jul/2026:20:14:24 +0300] "GET /wp-admin/plugin-install.php HTTP/2.0" 200 211139 "-" "Mozilla/5.0 (Windows NT 10.0; Win64; x64; rv:133.0) Gecko/20100101 Firefox/133.0"
94.103.84.74 - - [29/Jul/2026:20:14:25 +0300] "POST /wp-admin/update.php?action=upload-plugin HTTP/2.0" 500 3054 "https://wpface.ru/wp-admin/update.php?action=upload-plugin" "Mozilla/5.0 (Windows NT 10.0; Win64; x64; rv:133.0) Gecko/20100101 Firefox/133.0"
94.103.84.74 - - [29/Jul/2026:20:14:54 +0300] "GET /wp-admin/admin-ajax.php?action=rest-nonce HTTP/2.0" 200 293 "-" "Mozilla/5.0 (Windows NT 10.0; Win64; x64; rv:133.0) Gecko/20100101 Firefox/133.0"
94.103.84.74 - - [29/Jul/2026:20:14:54 +0300] "POST /wp-json/wp/v2/users/me/application-passwords HTTP/2.0" 403 566 "https://wpface.ru/wp-json/wp/v2/users/me/application-passwords" "Mozilla/5.0 (Windows NT 10.0; Win64; x64; rv:133.0) Gecko/20100101 Firefox/133.0"
92.222.108.97 - - [29/Jul/2026:20:14:59 +0300] "GET /topics/plugins-wordpress HTTP/2.0" 200 16256 "-" "Mozilla/5.0 (compatible; AhrefsBot/7.0; +http://ahrefs.com/robot/)"
35.254.191.135 - - [29/Jul/2026:20:19:24 +0300] "GET /topics/services HTTP/2.0" 200 15892 "-" "Mozilla/5.0 AppleWebKit/537.36 (KHTML, like Gecko; compatible; SleepBot/1.0; +http://sleepbot.com/) Chrome/131.0.0.0 Safari/537.36"
94.23.188.200 - - [29/Jul/2026:20:19:41 +0300] "GET /wp-content/plugins/plh/assets/css/chat.css?ver=1785345299 HTTP/2.0" 200 2234 "-" "Mozilla/5.0 (compatible; AhrefsBot/7.0; +http://ahrefs.com/robot/)"
192.250.229.42 - - [29/Jul/2026:20:21:17 +0300] "POST /xmlrpc.php HTTP/2.0" 200 805 "-" "Mozilla/5.0 (Windows NT 10.0; Win64; x64) AppleWebKit/537.36 (KHTML, like Gecko) Chrome/150.0.0.0 Safari/537.36"
91.240.85.141 - - [29/Jul/2026:20:25:22 +0300] "POST /wp-cron.php?doing_wp_cron=1785345922.5967459678649902343750 HTTP/1.1" 200 31 "-" "WordPress/7.0; https://wpface.ru"
94.103.84.74 - - [29/Jul/2026:20:25:22 +0300] "GET /wp-login.php HTTP/2.0" 200 3782 "-" "Mozilla/5.0 (Macintosh; Intel Mac OS X 10_15_7) AppleWebKit/605.1.15 (KHTML, like Gecko) Version/18.0 Safari/605.1.15"
94.103.84.74 - - [29/Jul/2026:20:25:23 +0300] "POST /xmlrpc.php HTTP/2.0" 200 1564 "-" "Mozilla/5.0 (Windows NT 10.0; Win64; x64) AppleWebKit/537.36 (KHTML, like Gecko) Chrome/124.0.0.0 Safari/537.36"
94.103.84.74 - - [29/Jul/2026:20:26:07 +0300] "GET /wp-login.php HTTP/2.0" 200 3782 "-" "Mozilla/5.0 (Windows NT 10.0; Win64; x64) AppleWebKit/537.36 (KHTML, like Gecko) Chrome/124.0.0.0 Safari/537.36"
94.103.84.74 - - [29/Jul/2026:20:26:07 +0300] "POST /wp-login.php HTTP/2.0" 302 366 "https://wpface.ru/wp-login.php" "Mozilla/5.0 (Windows NT 10.0; Win64; x64) AppleWebKit/537.36 (KHTML, like Gecko) Chrome/124.0.0.0 Safari/537.36"
91.240.85.141 - - [29/Jul/2026:20:26:08 +0300] "GET /wp-content/plugins/plh/nuxy//metaboxes/assets/webfonts/google-fonts.json HTTP/1.1" 200 706020 "-" "WordPress/7.0; https://wpface.ru"
94.103.84.74 - - [29/Jul/2026:20:26:08 +0300] "GET /wp-admin/ HTTP/2.0" 200 219425 "https://wpface.ru/wp-login.php" "Mozilla/5.0 (Windows NT 10.0; Win64; x64) AppleWebKit/537.36 (KHTML, like Gecko) Chrome/124.0.0.0 Safari/537.36"
94.103.84.74 - - [29/Jul/2026:20:26:41 +0300] "GET /wp-admin/admin-ajax.php?action=rest-nonce HTTP/2.0" 200 294 "-" "Mozilla/5.0 (Windows NT 10.0; Win64; x64) AppleWebKit/537.36 (KHTML, like Gecko) Chrome/124.0.0.0 Safari/537.36"
94.103.84.74 - - [29/Jul/2026:20:26:41 +0300] "GET /wp-json/wp/v2/users/me HTTP/2.0" 403 566 "-" "Mozilla/5.0 (Windows NT 10.0; Win64; x64) AppleWebKit/537.36 (KHTML, like Gecko) Chrome/124.0.0.0 Safari/537.36"
94.103.84.74 - - [29/Jul/2026:20:26:42 +0300] "GET /wp-json/wp/v2/users/me HTTP/2.0" 403 566 "-" "Mozilla/5.0 (Windows NT 10.0; Win64; x64) AppleWebKit/537.36 (KHTML, like Gecko) Chrome/124.0.0.0 Safari/537.36"
94.103.84.74 - - [29/Jul/2026:20:26:43 +0300] "GET /wp-json/wp/v2/users/me HTTP/2.0" 403 566 "-" "Mozilla/5.0 (Windows NT 10.0; Win64; x64) AppleWebKit/537.36 (KHTML, like Gecko) Chrome/124.0.0.0 Safari/537.36"
94.103.84.74 - - [29/Jul/2026:20:26:43 +0300] "GET /wp-json/wp/v2/users/me HTTP/2.0" 403 566 "-" "Mozilla/5.0 (Windows NT 10.0; Win64; x64) AppleWebKit/537.36 (KHTML, like Gecko) Chrome/124.0.0.0 Safari/537.36"
94.103.84.74 - - [29/Jul/2026:20:26:44 +0300] "GET /wp-json/wp/v2/users/me HTTP/2.0" 403 566 "-" "Mozilla/5.0 (Windows NT 10.0; Win64; x64) AppleWebKit/537.36 (KHTML, like Gecko) Chrome/124.0.0.0 Safari/537.36"
91.240.85.141 - - [29/Jul/2026:20:27:09 +0300] "GET /wp-content/plugins/plh/nuxy//metaboxes/assets/webfonts/google-fonts.json HTTP/1.1" 200 706020 "-" "WordPress/7.0; https://wpface.ru"
91.240.85.141 - - [29/Jul/2026:20:27:09 +0300] "POST /wp-cron.php?doing_wp_cron=1785346029.4702110290527343750000 HTTP/1.1" 200 31 "-" "WordPress/7.0; https://wpface.ru"
94.103.84.74 - - [29/Jul/2026:20:27:09 +0300] "GET /wp-admin/plugin-install.php HTTP/2.0" 200 211183 "-" "Mozilla/5.0 (Windows NT 10.0; Win64; x64) AppleWebKit/537.36 (KHTML, like Gecko) Chrome/124.0.0.0 Safari/537.36"
94.103.84.74 - - [29/Jul/2026:20:27:10 +0300] "POST /wp-admin/update.php?action=upload-plugin HTTP/2.0" 500 3054 "https://wpface.ru/wp-admin/update.php?action=upload-plugin" "Mozilla/5.0 (Windows NT 10.0; Win64; x64) AppleWebKit/537.36 (KHTML, like Gecko) Chrome/124.0.0.0 Safari/537.36"
66.102.9.203 - - [29/Jul/2026:20:27:10 +0300] "HEAD /feed HTTP/1.1" 301 0 "-" "FeedBurner/1.0 (http://www.FeedBurner.com)"
66.102.9.202 - - [29/Jul/2026:20:27:10 +0300] "HEAD /feed HTTP/1.1" 200 0 "-" "FeedBurner/1.0 (http://www.FeedBurner.com)"
94.103.84.74 - - [29/Jul/2026:20:27:33 +0300] "GET /wp-admin/admin-ajax.php?action=rest-nonce HTTP/2.0" 200 294 "-" "Mozilla/5.0 (Windows NT 10.0; Win64; x64) AppleWebKit/537.36 (KHTML, like Gecko) Chrome/124.0.0.0 Safari/537.36"
94.103.84.74 - - [29/Jul/2026:20:27:35 +0300] "POST /wp-json/wp/v2/users/me/application-passwords HTTP/2.0" 403 566 "https://wpface.ru/wp-json/wp/v2/users/me/application-passwords" "Mozilla/5.0 (Windows NT 10.0; Win64; x64) AppleWebKit/537.36 (KHTML, like Gecko) Chrome/124.0.0.0 Safari/537.36"
104.43.52.173 - - [29/Jul/2026:20:28:00 +0300] "POST /xmlrpc.php HTTP/2.0" 200 805 "-" "Mozilla/5.0 (Windows NT 10.0; Win64; x64) AppleWebKit/537.36 (KHTML, like Gecko) Chrome/150.0.0.0 Safari/537.36"
91.240.85.141 - - [29/Jul/2026:20:28:07 +0300] "GET / HTTP/1.1" 200 15960 "-" "Mozilla/5.0 (X11; Linux x86_64) AppleWebKit/537.36 (KHTML, like Gecko) Chrome/44.0.2403.157 Safari/537.36"
91.240.85.141 - - [29/Jul/2026:20:31:37 +0300] "POST /wp-cron.php?doing_wp_cron=1785346297.1990880966186523437500 HTTP/1.1" 200 31 "-" "WordPress/7.0; https://wpface.ru"
208.122.213.225 - - [29/Jul/2026:20:31:37 +0300] "POST /xmlrpc.php HTTP/2.0" 200 805 "-" "Mozilla/5.0 (Windows NT 10.0; Win64; x64) AppleWebKit/537.36 (KHTML, like Gecko) Chrome/150.0.0.0 Safari/537.36"
190.92.174.190 - - [29/Jul/2026:20:33:57 +0300] "GET /wp-login.php HTTP/2.0" 200 3782 "-" "Mozilla/5.0 (Windows NT 10.0; Win64; x64) AppleWebKit/537.36 (KHTML, like Gecko) Chrome/150.0.0.0 Safari/537.36"
190.92.174.190 - - [29/Jul/2026:20:33:57 +0300] "POST /wp-login.php HTTP/2.0" 200 3897 "https://wpface.ru/wp-login.php" "Mozilla/5.0 (Windows NT 10.0; Win64; x64) AppleWebKit/537.36 (KHTML, like Gecko) Chrome/150.0.0.0 Safari/537.36"
45.227.254.5 - - [29/Jul/2026:20:35:58 +0300] "GET /wp-login.php HTTP/2.0" 200 3782 "-" "Mozilla/5.0 (Windows NT 10.0; Win64; x64) AppleWebKit/537.36 (KHTML, like Gecko) Chrome/124.0.0.0 Safari/537.36"
45.227.254.5 - - [29/Jul/2026:20:35:59 +0300] "POST /xmlrpc.php HTTP/2.0" 200 1564 "-" "Mozilla/5.0 (Windows NT 10.0; Win64; x64) AppleWebKit/537.36 (KHTML, like Gecko) Chrome/124.0.0.0 Safari/537.36"
45.227.254.5 - - [29/Jul/2026:20:36:31 +0300] "GET /wp-login.php HTTP/2.0" 200 3782 "-" "Mozilla/5.0 (Windows NT 10.0; Win64; x64) AppleWebKit/537.36 (KHTML, like Gecko) Chrome/124.0.0.0 Safari/537.36"
45.227.254.5 - - [29/Jul/2026:20:36:31 +0300] "POST /wp-login.php HTTP/2.0" 302 366 "https://wpface.ru/wp-login.php" "Mozilla/5.0 (Windows NT 10.0; Win64; x64) AppleWebKit/537.36 (KHTML, like Gecko) Chrome/124.0.0.0 Safari/537.36"
91.240.85.141 - - [29/Jul/2026:20:36:32 +0300] "GET /wp-content/plugins/plh/nuxy//metaboxes/assets/webfonts/google-fonts.json HTTP/1.1" 200 706020 "-" "WordPress/7.0; https://wpface.ru"
45.227.254.5 - - [29/Jul/2026:20:36:33 +0300] "GET /wp-admin/ HTTP/2.0" 200 219388 "https://wpface.ru/wp-login.php" "Mozilla/5.0 (Windows NT 10.0; Win64; x64) AppleWebKit/537.36 (KHTML, like Gecko) Chrome/124.0.0.0 Safari/537.36"
91.240.85.141 - - [29/Jul/2026:20:36:38 +0300] "GET /wp-content/plugins/plh/nuxy//metaboxes/assets/webfonts/google-fonts.json HTTP/1.1" 200 706020 "-" "WordPress/7.0; https://wpface.ru"
45.227.254.5 - - [29/Jul/2026:20:36:38 +0300] "GET /wp-admin/ HTTP/2.0" 200 219397 "-" "Mozilla/5.0 (Windows NT 10.0; Win64; x64) AppleWebKit/537.36 (KHTML, like Gecko) Chrome/124.0.0.0 Safari/537.36"
45.227.254.5 - - [29/Jul/2026:20:36:39 +0300] "GET /wp-admin/admin-ajax.php?action=rest-nonce HTTP/2.0" 400 367 "-" "Mozilla/5.0 (Windows NT 10.0; Win64; x64) AppleWebKit/537.36 (KHTML, like Gecko) Chrome/124.0.0.0 Safari/537.36"
45.227.254.5 - - [29/Jul/2026:20:36:39 +0300] "GET /wp-admin/admin-ajax.php?action=rest-nonce HTTP/2.0" 200 294 "-" "Mozilla/5.0 (Windows NT 10.0; Win64; x64) AppleWebKit/537.36 (KHTML, like Gecko) Chrome/124.0.0.0 Safari/537.36"
45.227.254.5 - - [29/Jul/2026:20:36:39 +0300] "GET /wp-json/wp/v2/users/me HTTP/2.0" 403 566 "-" "Mozilla/5.0 (Windows NT 10.0; Win64; x64) AppleWebKit/537.36 (KHTML, like Gecko) Chrome/124.0.0.0 Safari/537.36"
45.227.254.5 - - [29/Jul/2026:20:36:40 +0300] "GET /wp-json/wp/v2/users/me HTTP/2.0" 403 566 "-" "Mozilla/5.0 (Windows NT 10.0; Win64; x64) AppleWebKit/537.36 (KHTML, like Gecko) Chrome/124.0.0.0 Safari/537.36"
45.227.254.5 - - [29/Jul/2026:20:36:40 +0300] "GET /wp-json/wp/v2/users/me HTTP/2.0" 403 566 "-" "Mozilla/5.0 (Windows NT 10.0; Win64; x64) AppleWebKit/537.36 (KHTML, like Gecko) Chrome/124.0.0.0 Safari/537.36"
45.227.254.5 - - [29/Jul/2026:20:36:40 +0300] "GET /wp-json/wp/v2/users/me HTTP/2.0" 403 566 "-" "Mozilla/5.0 (Windows NT 10.0; Win64; x64) AppleWebKit/537.36 (KHTML, like Gecko) Chrome/124.0.0.0 Safari/537.36"
45.227.254.5 - - [29/Jul/2026:20:36:41 +0300] "GET /wp-json/wp/v2/users/me HTTP/2.0" 403 566 "-" "Mozilla/5.0 (Windows NT 10.0; Win64; x64) AppleWebKit/537.36 (KHTML, like Gecko) Chrome/124.0.0.0 Safari/537.36"
91.240.85.141 - - [29/Jul/2026:20:36:48 +0300] "GET /wp-content/plugins/plh/nuxy//metaboxes/assets/webfonts/google-fonts.json HTTP/1.1" 200 706020 "-" "WordPress/7.0; https://wpface.ru"
45.227.254.5 - - [29/Jul/2026:20:36:48 +0300] "GET /wp-admin/plugin-install.php HTTP/2.0" 200 211201 "-" "Mozilla/5.0 (Windows NT 10.0; Win64; x64) AppleWebKit/537.36 (KHTML, like Gecko) Chrome/124.0.0.0 Safari/537.36"
45.227.254.5 - - [29/Jul/2026:20:36:49 +0300] "POST /wp-admin/update.php?action=upload-plugin HTTP/2.0" 500 3054 "https://wpface.ru/wp-admin/update.php?action=upload-plugin" "Mozilla/5.0 (Windows NT 10.0; Win64; x64) AppleWebKit/537.36 (KHTML, like Gecko) Chrome/124.0.0.0 Safari/537.36"
91.240.85.141 - - [29/Jul/2026:20:37:51 +0300] "POST /wp-cron.php?doing_wp_cron=1785346671.2109150886535644531250 HTTP/1.1" 200 31 "-" "WordPress/7.0; https://wpface.ru"
212.80.9.235 - - [29/Jul/2026:20:37:51 +0300] "GET /wp-login.php HTTP/2.0" 200 3782 "-" "Mozilla/5.0 (Windows NT 10.0; Win64; x64) AppleWebKit/537.36 (KHTML, like Gecko) Chrome/150.0.0.0 Safari/537.36"
92.222.104.213 - - [29/Jul/2026:20:40:47 +0300] "GET /topics/services HTTP/2.0" 200 15887 "-" "Mozilla/5.0 (compatible; AhrefsBot/7.0; +http://ahrefs.com/robot/)"
152.53.111.131 - - [29/Jul/2026:20:41:55 +0300] "POST /xmlrpc.php HTTP/2.0" 200 805 "-" "Mozilla/5.0 (Windows NT 10.0; Win64; x64) AppleWebKit/537.36 (KHTML, like Gecko) Chrome/150.0.0.0 Safari/537.36"
91.240.85.141 - - [29/Jul/2026:20:42:09 +0300] "GET / HTTP/1.1" 200 15961 "-" "Mozilla/5.0 (X11; Linux x86_64) AppleWebKit/537.36 (KHTML, like Gecko) Chrome/44.0.2403.157 Safari/537.36"
54.37.118.91 - - [29/Jul/2026:20:43:38 +0300] "GET /wp-content/plugins/plh/assets/css/chat.css?ver=1785346847 HTTP/2.0" 200 2234 "-" "Mozilla/5.0 (compatible; AhrefsBot/7.0; +http://ahrefs.com/robot/)"
119.195.102.159 - - [29/Jul/2026:20:43:52 +0300] "GET /wp-login.php HTTP/2.0" 200 3782 "-" "Mozilla/5.0 (Windows NT 10.0; Win64; x64) AppleWebKit/537.36 (KHTML, like Gecko) Chrome/150.0.0.0 Safari/537.36"
119.195.102.159 - - [29/Jul/2026:20:43:52 +0300] "POST /wp-login.php HTTP/2.0" 200 3900 "https://wpface.ru/wp-login.php" "Mozilla/5.0 (Windows NT 10.0; Win64; x64) AppleWebKit/537.36 (KHTML, like Gecko) Chrome/150.0.0.0 Safari/537.36"
184.168.126.180 - - [29/Jul/2026:20:48:41 +0300] "POST /xmlrpc.php HTTP/2.0" 200 805 "-" "Mozilla/5.0 (Windows NT 10.0; Win64; x64) AppleWebKit/537.36 (KHTML, like Gecko) Chrome/150.0.0.0 Safari/537.36"
198.38.94.67 - - [29/Jul/2026:20:51:41 +0300] "POST /xmlrpc.php HTTP/2.0" 200 805 "-" "Mozilla/5.0 (Windows NT 10.0; Win64; x64) AppleWebKit/537.36 (KHTML, like Gecko) Chrome/150.0.0.0 Safari/537.36"
94.154.35.236 - - [29/Jul/2026:20:54:42 +0300] "HEAD /root.bz2 HTTP/1.1" 301 0 "-" "Mozilla/5.0 (Windows NT 10.0; Win64; x64) AppleWebKit/537.36 (KHTML, like Gecko) Chrome/101.0.4951.67 Safari/537.36"
94.154.35.236 - - [29/Jul/2026:20:54:43 +0300] "HEAD /root.bz2 HTTP/1.1" 404 0 "-" "Mozilla/5.0 (Windows NT 10.0; Win64; x64) AppleWebKit/537.36 (KHTML, like Gecko) Chrome/101.0.4951.67 Safari/537.36"
91.240.85.141 - - [29/Jul/2026:20:56:08 +0300] "GET / HTTP/1.1" 200 15957 "-" "Mozilla/5.0 (X11; Linux x86_64) AppleWebKit/537.36 (KHTML, like Gecko) Chrome/44.0.2403.157 Safari/537.36"
135.148.171.117 - - [29/Jul/2026:20:57:43 +0300] "GET /wp-login.php HTTP/2.0" 200 3782 "-" "Mozilla/5.0 (Windows NT 10.0; Win64; x64) AppleWebKit/537.36 (KHTML, like Gecko) Chrome/150.0.0.0 Safari/537.36"
103.57.220.209 - - [29/Jul/2026:20:58:02 +0300] "POST /xmlrpc.php HTTP/2.0" 200 805 "-" "Mozilla/5.0 (Windows NT 10.0; Win64; x64) AppleWebKit/537.36 (KHTML, like Gecko) Chrome/150.0.0.0 Safari/537.36"
91.240.85.141 - - [29/Jul/2026:21:00:11 +0300] "GET / HTTP/1.1" 200 15961 "-" "Mozilla/5.0 (X11; Linux x86_64) AppleWebKit/537.36 (KHTML, like Gecko) Chrome/44.0.2403.157 Safari/537.36"
20.104.18.253 - - [29/Jul/2026:21:00:53 +0300] "GET /--wp-lgj.php HTTP/1.1" 404 47 "-" "Mozilla/5.0 (Windows NT 10.0; Win64; x64) AppleWebKit/537.36 (KHTML, like Gecko) Chrome/120.0.0.0 Safari/537.36"
20.104.18.253 - - [29/Jul/2026:21:00:54 +0300] "GET /.well-known/.well-known/ HTTP/1.1" 404 14598 "-" "Mozilla/5.0 (Windows NT 10.0; Win64; x64) AppleWebKit/537.36 (KHTML, like Gecko) Chrome/120.0.0.0 Safari/537.36"
20.104.18.253 - - [29/Jul/2026:21:00:54 +0300] "GET /.well-known/autoload_classmap.php HTTP/1.1" 404 47 "-" "Mozilla/5.0 (Windows NT 10.0; Win64; x64) AppleWebKit/537.36 (KHTML, like Gecko) Chrome/120.0.0.0 Safari/537.36"
20.104.18.253 - - [29/Jul/2026:21:00:54 +0300] "GET /.well-known/flower.php HTTP/1.1" 404 47 "-" "Mozilla/5.0 (Windows NT 10.0; Win64; x64) AppleWebKit/537.36 (KHTML, like Gecko) Chrome/120.0.0.0 Safari/537.36"
20.104.18.253 - - [29/Jul/2026:21:00:54 +0300] "GET /.well-known/xleet.php HTTP/1.1" 404 47 "-" "Mozilla/5.0 (Windows NT 10.0; Win64; x64) AppleWebKit/537.36 (KHTML, like Gecko) Chrome/120.0.0.0 Safari/537.36"
20.104.18.253 - - [29/Jul/2026:21:00:54 +0300] "GET /.well-known/acme-challenge/flower.php HTTP/1.1" 404 555 "-" "Mozilla/5.0 (Windows NT 10.0; Win64; x64) AppleWebKit/537.36 (KHTML, like Gecko) Chrome/120.0.0.0 Safari/537.36"
20.104.18.253 - - [29/Jul/2026:21:00:54 +0300] "GET /.well-known/acme-challenge/xleet.php HTTP/1.1" 404 555 "-" "Mozilla/5.0 (Windows NT 10.0; Win64; x64) AppleWebKit/537.36 (KHTML, like Gecko) Chrome/120.0.0.0 Safari/537.36"
20.104.18.253 - - [29/Jul/2026:21:00:55 +0300] "GET /.well-known/pki-validation/about.php HTTP/1.1" 404 47 "-" "Mozilla/5.0 (Windows NT 10.0; Win64; x64) AppleWebKit/537.36 (KHTML, like Gecko) Chrome/120.0.0.0 Safari/537.36"
20.104.18.253 - - [29/Jul/2026:21:00:55 +0300] "GET /.well-known/pki-validation/autoload_classmap.php HTTP/1.1" 404 47 "-" "Mozilla/5.0 (Windows NT 10.0; Win64; x64) AppleWebKit/537.36 (KHTML, like Gecko) Chrome/120.0.0.0 Safari/537.36"
20.104.18.253 - - [29/Jul/2026:21:00:55 +0300] "GET /.well-known/pki-validation/configKZU/Jump/0-woodhous/Ven-C/Ven-US/0-upstartd/ HTTP/1.1" 404 14599 "-" "Mozilla/5.0 (Windows NT 10.0; Win64; x64) AppleWebKit/537.36 (KHTML, like Gecko) Chrome/120.0.0.0 Safari/537.36"
20.104.18.253 - - [29/Jul/2026:21:00:55 +0300] "GET /.well-known/pki-validation/flower.php HTTP/1.1" 404 47 "-" "Mozilla/5.0 (Windows NT 10.0; Win64; x64) AppleWebKit/537.36 (KHTML, like Gecko) Chrome/120.0.0.0 Safari/537.36"
20.104.18.253 - - [29/Jul/2026:21:00:55 +0300] "GET /.well-known/pki-validation/xleet.php HTTP/1.1" 404 47 "-" "Mozilla/5.0 (Windows NT 10.0; Win64; x64) AppleWebKit/537.36 (KHTML, like Gecko) Chrome/120.0.0.0 Safari/537.36"
20.104.18.253 - - [29/Jul/2026:21:00:55 +0300] "GET /.wp-cli/autoload_classmap.php HTTP/1.1" 404 47 "-" "Mozilla/5.0 (Windows NT 10.0; Win64; x64) AppleWebKit/537.36 (KHTML, like Gecko) Chrome/120.0.0.0 Safari/537.36"
20.104.18.253 - - [29/Jul/2026:21:00:55 +0300] "GET /.wp-cli/flower.php HTTP/1.1" 404 47 "-" "Mozilla/5.0 (Windows NT 10.0; Win64; x64) AppleWebKit/537.36 (KHTML, like Gecko) Chrome/120.0.0.0 Safari/537.36"
20.104.18.253 - - [29/Jul/2026:21:00:56 +0300] "GET /.wp-cli/xleet.php HTTP/1.1" 404 47 "-" "Mozilla/5.0 (Windows NT 10.0; Win64; x64) AppleWebKit/537.36 (KHTML, like Gecko) Chrome/120.0.0.0 Safari/537.36"
20.104.18.253 - - [29/Jul/2026:21:00:56 +0300] "GET //wp-admin/network/autoload_classmap.php HTTP/1.1" 404 47 "-" "Mozilla/5.0 (Windows NT 10.0; Win64; x64) AppleWebKit/537.36 (KHTML, like Gecko) Chrome/120.0.0.0 Safari/537.36"
20.104.18.253 - - [29/Jul/2026:21:00:56 +0300] "GET //wp-admin/network/flower.php HTTP/1.1" 404 47 "-" "Mozilla/5.0 (Windows NT 10.0; Win64; x64) AppleWebKit/537.36 (KHTML, like Gecko) Chrome/120.0.0.0 Safari/537.36"
20.104.18.253 - - [29/Jul/2026:21:00:56 +0300] "GET //wp-admin/network/xleet.php/wp-content/flower.php HTTP/1.1" 404 47 "-" "Mozilla/5.0 (Windows NT 10.0; Win64; x64) AppleWebKit/537.36 (KHTML, like Gecko) Chrome/120.0.0.0 Safari/537.36"
20.104.18.253 - - [29/Jul/2026:21:00:56 +0300] "GET /1.php HTTP/1.1" 404 47 "-" "Mozilla/5.0 (Windows NT 10.0; Win64; x64) AppleWebKit/537.36 (KHTML, like Gecko) Chrome/120.0.0.0 Safari/537.36"
20.104.18.253 - - [29/Jul/2026:21:00:56 +0300] "GET /admin.php HTTP/1.1" 404 47 "-" "Mozilla/5.0 (Windows NT 10.0; Win64; x64) AppleWebKit/537.36 (KHTML, like Gecko) Chrome/120.0.0.0 Safari/537.36"
20.104.18.253 - - [29/Jul/2026:21:00:56 +0300] "GET /as.php HTTP/1.1" 404 47 "-" "Mozilla/5.0 (Windows NT 10.0; Win64; x64) AppleWebKit/537.36 (KHTML, like Gecko) Chrome/120.0.0.0 Safari/537.36"
20.104.18.253 - - [29/Jul/2026:21:00:56 +0300] "GET /autoload_classmap.php HTTP/1.1" 404 47 "-" "Mozilla/5.0 (Windows NT 10.0; Win64; x64) AppleWebKit/537.36 (KHTML, like Gecko) Chrome/120.0.0.0 Safari/537.36"
20.104.18.253 - - [29/Jul/2026:21:00:57 +0300] "GET /back.php HTTP/1.1" 404 47 "-" "Mozilla/5.0 (Windows NT 10.0; Win64; x64) AppleWebKit/537.36 (KHTML, like Gecko) Chrome/120.0.0.0 Safari/537.36"
