91.240.85.141 - - [29/Jul/2026:04:16:15 +0300] "GET /wp-content/plugins/plh/nuxy//metaboxes/assets/webfonts/google-fonts.json HTTP/1.1" 200 706020 "-" "WordPress/7.0; https://wpface.ru"
166.88.149.13 - - [29/Jul/2026:04:16:15 +0300] "GET /wp-admin/user-new.php HTTP/2.0" 200 200788 "https://wpface.ru/wp-login.php" "Mozilla/5.0 (Windows NT 10.0; Win64; x64) AppleWebKit/537.36 (KHTML, like Gecko) Chrome/145.0.0.0 Safari/537.36"
166.88.149.13 - - [29/Jul/2026:04:16:17 +0300] "POST /wp-admin/user-new.php HTTP/2.0" 302 0 "https://wpface.ru/wp-login.php" "Mozilla/5.0 (Windows NT 10.0; Win64; x64) AppleWebKit/537.36 (KHTML, like Gecko) Chrome/145.0.0.0 Safari/537.36"
91.240.85.141 - - [29/Jul/2026:04:16:18 +0300] "GET /wp-content/plugins/plh/nuxy//metaboxes/assets/webfonts/google-fonts.json HTTP/1.1" 200 706020 "-" "WordPress/7.0; https://wpface.ru"
166.88.149.13 - - [29/Jul/2026:04:16:18 +0300] "GET /wp-admin/users.php?update=add&id=30 HTTP/2.0" 200 206177 "https://wpface.ru/wp-login.php" "Mozilla/5.0 (Windows NT 10.0; Win64; x64) AppleWebKit/537.36 (KHTML, like Gecko) Chrome/145.0.0.0 Safari/537.36"
91.240.85.141 - - [29/Jul/2026:04:16:21 +0300] "GET /wp-content/plugins/plh/nuxy//metaboxes/assets/webfonts/google-fonts.json HTTP/1.1" 200 706020 "-" "WordPress/7.0; https://wpface.ru"
166.88.149.13 - - [29/Jul/2026:04:16:21 +0300] "GET /wp-admin/plugins.php?plugin_status=all&paged=1&s HTTP/2.0" 200 214874 "https://wpface.ru/wp-login.php" "Mozilla/5.0 (Windows NT 10.0; Win64; x64) AppleWebKit/537.36 (KHTML, like Gecko) Chrome/145.0.0.0 Safari/537.36"
91.240.85.141 - - [29/Jul/2026:04:16:25 +0300] "GET /wp-content/plugins/plh/nuxy//metaboxes/assets/webfonts/google-fonts.json HTTP/1.1" 200 706020 "-" "WordPress/7.0; https://wpface.ru"
166.88.149.13 - - [29/Jul/2026:04:16:25 +0300] "GET /wp-admin/plugins.php HTTP/2.0" 200 214781 "https://wpface.ru/wp-login.php" "Mozilla/5.0 (Windows NT 10.0; Win64; x64) AppleWebKit/537.36 (KHTML, like Gecko) Chrome/145.0.0.0 Safari/537.36"
91.240.85.141 - - [29/Jul/2026:04:16:28 +0300] "GET /wp-content/plugins/plh/nuxy//metaboxes/assets/webfonts/google-fonts.json HTTP/1.1" 200 706020 "-" "WordPress/7.0; https://wpface.ru"
166.88.149.13 - - [29/Jul/2026:04:16:28 +0300] "GET /wp-admin/plugin-install.php HTTP/2.0" 200 210956 "https://wpface.ru/wp-login.php" "Mozilla/5.0 (Windows NT 10.0; Win64; x64) AppleWebKit/537.36 (KHTML, like Gecko) Chrome/145.0.0.0 Safari/537.36"
166.88.149.13 - - [29/Jul/2026:04:16:32 +0300] "POST /wp-admin/admin-ajax.php HTTP/2.0" 200 216 "https://wpface.ru/wp-login.php" "Mozilla/5.0 (Windows NT 10.0; Win64; x64) AppleWebKit/537.36 (KHTML, like Gecko) Chrome/145.0.0.0 Safari/537.36"
166.88.149.13 - - [29/Jul/2026:04:16:34 +0300] "POST /wp-admin/admin-ajax.php HTTP/2.0" 200 186 "https://wpface.ru/wp-login.php" "Mozilla/5.0 (Windows NT 10.0; Win64; x64) AppleWebKit/537.36 (KHTML, like Gecko) Chrome/145.0.0.0 Safari/537.36"
91.240.85.141 - - [29/Jul/2026:04:16:36 +0300] "GET /wp-content/plugins/plh/nuxy//metaboxes/assets/webfonts/google-fonts.json HTTP/1.1" 200 706020 "-" "WordPress/7.0; https://wpface.ru"
166.88.149.13 - - [29/Jul/2026:04:16:36 +0300] "GET /wp-admin/plugins.php?plugin_status=all&paged=1&s HTTP/2.0" 200 214872 "https://wpface.ru/wp-login.php" "Mozilla/5.0 (Windows NT 10.0; Win64; x64) AppleWebKit/537.36 (KHTML, like Gecko) Chrome/145.0.0.0 Safari/537.36"
213.165.88.159 - - [29/Jul/2026:04:16:41 +0300] "GET /wp-login.php HTTP/2.0" 200 3557 "-" "Mozilla/5.0 (Windows NT 10.0; Win64; x64) AppleWebKit/537.36 (KHTML, like Gecko) Chrome/150.0.0.0 Safari/537.36"
213.165.88.159 - - [29/Jul/2026:04:16:42 +0300] "POST /wp-login.php HTTP/2.0" 200 3735 "https://wpface.ru/wp-login.php" "Mozilla/5.0 (Windows NT 10.0; Win64; x64) AppleWebKit/537.36 (KHTML, like Gecko) Chrome/150.0.0.0 Safari/537.36"
195.40.122.55 - - [29/Jul/2026:04:19:27 +0300] "GET /wp-login.php HTTP/2.0" 200 3557 "-" "Mozilla/5.0 (Windows NT 10.0; Win64; x64) AppleWebKit/537.36 (KHTML, like Gecko) Chrome/145.0.0.0 Safari/537.36"
195.40.122.55 - - [29/Jul/2026:04:19:30 +0300] "POST /wp-login.php HTTP/2.0" 302 0 "https://wpface.ru/wp-login.php" "Mozilla/5.0 (Windows NT 10.0; Win64; x64) AppleWebKit/537.36 (KHTML, like Gecko) Chrome/145.0.0.0 Safari/537.36"
91.240.85.141 - - [29/Jul/2026:04:19:31 +0300] "GET /wp-content/plugins/plh/nuxy//metaboxes/assets/webfonts/google-fonts.json HTTP/1.1" 200 706020 "-" "WordPress/7.0; https://wpface.ru"
195.40.122.55 - - [29/Jul/2026:04:19:31 +0300] "GET /wp-admin/ HTTP/2.0" 200 218532 "https://wpface.ru/wp-login.php" "Mozilla/5.0 (Windows NT 10.0; Win64; x64) AppleWebKit/537.36 (KHTML, like Gecko) Chrome/145.0.0.0 Safari/537.36"
91.240.85.141 - - [29/Jul/2026:04:19:36 +0300] "GET /wp-content/plugins/plh/nuxy//metaboxes/assets/webfonts/google-fonts.json HTTP/1.1" 200 706020 "-" "WordPress/7.0; https://wpface.ru"
195.40.122.55 - - [29/Jul/2026:04:19:36 +0300] "GET /wp-admin/user-new.php HTTP/2.0" 200 200786 "https://wpface.ru/wp-login.php" "Mozilla/5.0 (Windows NT 10.0; Win64; x64) AppleWebKit/537.36 (KHTML, like Gecko) Chrome/145.0.0.0 Safari/537.36"
91.240.85.141 - - [29/Jul/2026:04:19:41 +0300] "GET /wp-content/plugins/plh/nuxy//metaboxes/assets/webfonts/google-fonts.json HTTP/1.1" 200 706020 "-" "WordPress/7.0; https://wpface.ru"
195.40.122.55 - - [29/Jul/2026:04:19:42 +0300] "POST /wp-admin/user-new.php HTTP/2.0" 200 200870 "https://wpface.ru/wp-login.php" "Mozilla/5.0 (Windows NT 10.0; Win64; x64) AppleWebKit/537.36 (KHTML, like Gecko) Chrome/145.0.0.0 Safari/537.36"
91.240.85.141 - - [29/Jul/2026:04:19:46 +0300] "GET /wp-content/plugins/plh/nuxy//metaboxes/assets/webfonts/google-fonts.json HTTP/1.1" 200 706020 "-" "WordPress/7.0; https://wpface.ru"
195.40.122.55 - - [29/Jul/2026:04:19:46 +0300] "GET /wp-admin/plugins.php?plugin_status=all&paged=1&s HTTP/2.0" 200 214842 "https://wpface.ru/wp-login.php" "Mozilla/5.0 (Windows NT 10.0; Win64; x64) AppleWebKit/537.36 (KHTML, like Gecko) Chrome/145.0.0.0 Safari/537.36"
91.240.85.141 - - [29/Jul/2026:04:19:49 +0300] "GET /wp-content/plugins/plh/nuxy//metaboxes/assets/webfonts/google-fonts.json HTTP/1.1" 200 706020 "-" "WordPress/7.0; https://wpface.ru"
195.40.122.55 - - [29/Jul/2026:04:19:49 +0300] "GET /wp-admin/plugins.php HTTP/2.0" 200 214758 "https://wpface.ru/wp-login.php" "Mozilla/5.0 (Windows NT 10.0; Win64; x64) AppleWebKit/537.36 (KHTML, like Gecko) Chrome/145.0.0.0 Safari/537.36"
91.240.85.141 - - [29/Jul/2026:04:19:54 +0300] "GET /wp-content/plugins/plh/nuxy//metaboxes/assets/webfonts/google-fonts.json HTTP/1.1" 200 706020 "-" "WordPress/7.0; https://wpface.ru"
195.40.122.55 - - [29/Jul/2026:04:19:54 +0300] "GET /wp-admin/plugin-install.php HTTP/2.0" 200 210958 "https://wpface.ru/wp-login.php" "Mozilla/5.0 (Windows NT 10.0; Win64; x64) AppleWebKit/537.36 (KHTML, like Gecko) Chrome/145.0.0.0 Safari/537.36"
195.40.122.55 - - [29/Jul/2026:04:19:59 +0300] "POST /wp-admin/admin-ajax.php HTTP/2.0" 200 216 "https://wpface.ru/wp-login.php" "Mozilla/5.0 (Windows NT 10.0; Win64; x64) AppleWebKit/537.36 (KHTML, like Gecko) Chrome/145.0.0.0 Safari/537.36"
195.40.122.55 - - [29/Jul/2026:04:20:02 +0300] "POST /wp-admin/admin-ajax.php HTTP/2.0" 200 186 "https://wpface.ru/wp-login.php" "Mozilla/5.0 (Windows NT 10.0; Win64; x64) AppleWebKit/537.36 (KHTML, like Gecko) Chrome/145.0.0.0 Safari/537.36"
91.240.85.141 - - [29/Jul/2026:04:20:05 +0300] "GET /wp-content/plugins/plh/nuxy//metaboxes/assets/webfonts/google-fonts.json HTTP/1.1" 200 706020 "-" "WordPress/7.0; https://wpface.ru"
195.40.122.55 - - [29/Jul/2026:04:20:05 +0300] "GET /wp-admin/plugins.php?plugin_status=all&paged=1&s HTTP/2.0" 200 214844 "https://wpface.ru/wp-login.php" "Mozilla/5.0 (Windows NT 10.0; Win64; x64) AppleWebKit/537.36 (KHTML, like Gecko) Chrome/145.0.0.0 Safari/537.36"
20.9.63.139 - - [29/Jul/2026:04:23:17 +0300] "GET /admin.php HTTP/1.1" 404 47 "-" "Mozilla/5.0 (Windows NT 10.0; Win64; x64) AppleWebKit/537.36 (KHTML, like Gecko) Chrome/120.0.0.0 Safari/537.36"
20.9.63.139 - - [29/Jul/2026:04:23:17 +0300] "GET /edit.php HTTP/1.1" 404 47 "-" "Mozilla/5.0 (Windows NT 10.0; Win64; x64) AppleWebKit/537.36 (KHTML, like Gecko) Chrome/120.0.0.0 Safari/537.36"
20.9.63.139 - - [29/Jul/2026:04:23:17 +0300] "GET /w.php HTTP/1.1" 404 47 "-" "Mozilla/5.0 (Windows NT 10.0; Win64; x64) AppleWebKit/537.36 (KHTML, like Gecko) Chrome/120.0.0.0 Safari/537.36"
20.9.63.139 - - [29/Jul/2026:04:23:17 +0300] "GET /file.php HTTP/1.1" 404 47 "-" "Mozilla/5.0 (Windows NT 10.0; Win64; x64) AppleWebKit/537.36 (KHTML, like Gecko) Chrome/120.0.0.0 Safari/537.36"
20.9.63.139 - - [29/Jul/2026:04:23:17 +0300] "GET /adminfuns.php HTTP/1.1" 404 47 "-" "Mozilla/5.0 (Windows NT 10.0; Win64; x64) AppleWebKit/537.36 (KHTML, like Gecko) Chrome/120.0.0.0 Safari/537.36"
20.9.63.139 - - [29/Jul/2026:04:23:18 +0300] "GET /aa.php HTTP/1.1" 404 47 "-" "Mozilla/5.0 (Windows NT 10.0; Win64; x64) AppleWebKit/537.36 (KHTML, like Gecko) Chrome/120.0.0.0 Safari/537.36"
20.9.63.139 - - [29/Jul/2026:04:23:18 +0300] "GET /classwithtostring.php HTTP/1.1" 404 47 "-" "Mozilla/5.0 (Windows NT 10.0; Win64; x64) AppleWebKit/537.36 (KHTML, like Gecko) Chrome/120.0.0.0 Safari/537.36"
20.9.63.139 - - [29/Jul/2026:04:23:18 +0300] "GET /about.php HTTP/1.1" 404 47 "-" "Mozilla/5.0 (Windows NT 10.0; Win64; x64) AppleWebKit/537.36 (KHTML, like Gecko) Chrome/120.0.0.0 Safari/537.36"
20.9.63.139 - - [29/Jul/2026:04:23:18 +0300] "GET /goods.php HTTP/1.1" 404 47 "-" "Mozilla/5.0 (Windows NT 10.0; Win64; x64) AppleWebKit/537.36 (KHTML, like Gecko) Chrome/120.0.0.0 Safari/537.36"
20.9.63.139 - - [29/Jul/2026:04:23:18 +0300] "GET /php8.php HTTP/1.1" 404 47 "-" "Mozilla/5.0 (Windows NT 10.0; Win64; x64) AppleWebKit/537.36 (KHTML, like Gecko) Chrome/120.0.0.0 Safari/537.36"
20.9.63.139 - - [29/Jul/2026:04:23:19 +0300] "GET /info.php HTTP/1.1" 404 47 "-" "Mozilla/5.0 (Windows NT 10.0; Win64; x64) AppleWebKit/537.36 (KHTML, like Gecko) Chrome/120.0.0.0 Safari/537.36"
20.9.63.139 - - [29/Jul/2026:04:23:19 +0300] "GET /chosen.php HTTP/1.1" 404 47 "-" "Mozilla/5.0 (Windows NT 10.0; Win64; x64) AppleWebKit/537.36 (KHTML, like Gecko) Chrome/120.0.0.0 Safari/537.36"
20.9.63.139 - - [29/Jul/2026:04:23:19 +0300] "GET /simple.php HTTP/1.1" 404 47 "-" "Mozilla/5.0 (Windows NT 10.0; Win64; x64) AppleWebKit/537.36 (KHTML, like Gecko) Chrome/120.0.0.0 Safari/537.36"
20.9.63.139 - - [29/Jul/2026:04:23:19 +0300] "GET /ioxi-o.php HTTP/1.1" 404 47 "-" "Mozilla/5.0 (Windows NT 10.0; Win64; x64) AppleWebKit/537.36 (KHTML, like Gecko) Chrome/120.0.0.0 Safari/537.36"
20.9.63.139 - - [29/Jul/2026:04:23:19 +0300] "GET /av.php HTTP/1.1" 404 47 "-" "Mozilla/5.0 (Windows NT 10.0; Win64; x64) AppleWebKit/537.36 (KHTML, like Gecko) Chrome/120.0.0.0 Safari/537.36"
20.9.63.139 - - [29/Jul/2026:04:23:19 +0300] "GET /wp-admin HTTP/1.1" 301 169 "-" "Mozilla/5.0 (Windows NT 10.0; Win64; x64) AppleWebKit/537.36 (KHTML, like Gecko) Chrome/120.0.0.0 Safari/537.36"
20.9.63.139 - - [29/Jul/2026:04:23:19 +0300] "GET /wp.php HTTP/1.1" 404 47 "-" "Mozilla/5.0 (Windows NT 10.0; Win64; x64) AppleWebKit/537.36 (KHTML, like Gecko) Chrome/120.0.0.0 Safari/537.36"
20.9.63.139 - - [29/Jul/2026:04:23:20 +0300] "GET /file2.php HTTP/1.1" 404 47 "-" "Mozilla/5.0 (Windows NT 10.0; Win64; x64) AppleWebKit/537.36 (KHTML, like Gecko) Chrome/120.0.0.0 Safari/537.36"
20.9.63.139 - - [29/Jul/2026:04:23:20 +0300] "GET /images/class-config.php HTTP/1.1" 404 47 "-" "Mozilla/5.0 (Windows NT 10.0; Win64; x64) AppleWebKit/537.36 (KHTML, like Gecko) Chrome/120.0.0.0 Safari/537.36"
20.9.63.139 - - [29/Jul/2026:04:23:20 +0300] "GET /alfa.php HTTP/1.1" 404 47 "-" "Mozilla/5.0 (Windows NT 10.0; Win64; x64) AppleWebKit/537.36 (KHTML, like Gecko) Chrome/120.0.0.0 Safari/537.36"
20.9.63.139 - - [29/Jul/2026:04:23:20 +0300] "GET /1.php HTTP/1.1" 404 47 "-" "Mozilla/5.0 (Windows NT 10.0; Win64; x64) AppleWebKit/537.36 (KHTML, like Gecko) Chrome/120.0.0.0 Safari/537.36"
20.9.63.139 - - [29/Jul/2026:04:23:20 +0300] "GET /222.php HTTP/1.1" 404 47 "-" "Mozilla/5.0 (Windows NT 10.0; Win64; x64) AppleWebKit/537.36 (KHTML, like Gecko) Chrome/120.0.0.0 Safari/537.36"
20.9.63.139 - - [29/Jul/2026:04:23:20 +0300] "GET /asasx.php HTTP/1.1" 404 47 "-" "Mozilla/5.0 (Windows NT 10.0; Win64; x64) AppleWebKit/537.36 (KHTML, like Gecko) Chrome/120.0.0.0 Safari/537.36"
20.9.63.139 - - [29/Jul/2026:04:23:21 +0300] "GET /filemanager.php HTTP/1.1" 404 47 "-" "Mozilla/5.0 (Windows NT 10.0; Win64; x64) AppleWebKit/537.36 (KHTML, like Gecko) Chrome/120.0.0.0 Safari/537.36"
20.9.63.139 - - [29/Jul/2026:04:23:21 +0300] "GET /themes.php HTTP/1.1" 404 47 "-" "Mozilla/5.0 (Windows NT 10.0; Win64; x64) AppleWebKit/537.36 (KHTML, like Gecko) Chrome/120.0.0.0 Safari/537.36"
20.9.63.139 - - [29/Jul/2026:04:23:21 +0300] "GET /wp-content/admin.php HTTP/1.1" 404 47 "-" "Mozilla/5.0 (Windows NT 10.0; Win64; x64) AppleWebKit/537.36 (KHTML, like Gecko) Chrome/120.0.0.0 Safari/537.36"
20.9.63.139 - - [29/Jul/2026:04:23:21 +0300] "GET /buy.php HTTP/1.1" 404 47 "-" "Mozilla/5.0 (Windows NT 10.0; Win64; x64) AppleWebKit/537.36 (KHTML, like Gecko) Chrome/120.0.0.0 Safari/537.36"
20.9.63.139 - - [29/Jul/2026:04:23:21 +0300] "GET /dropdown.php HTTP/1.1" 404 47 "-" "Mozilla/5.0 (Windows NT 10.0; Win64; x64) AppleWebKit/537.36 (KHTML, like Gecko) Chrome/120.0.0.0 Safari/537.36"
20.9.63.139 - - [29/Jul/2026:04:23:21 +0300] "GET /inputs.php HTTP/1.1" 404 47 "-" "Mozilla/5.0 (Windows NT 10.0; Win64; x64) AppleWebKit/537.36 (KHTML, like Gecko) Chrome/120.0.0.0 Safari/537.36"
20.9.63.139 - - [29/Jul/2026:04:23:22 +0300] "GET /100.php HTTP/1.1" 404 47 "-" "Mozilla/5.0 (Windows NT 10.0; Win64; x64) AppleWebKit/537.36 (KHTML, like Gecko) Chrome/120.0.0.0 Safari/537.36"
20.9.63.139 - - [29/Jul/2026:04:23:22 +0300] "GET /akc.php HTTP/1.1" 404 47 "-" "Mozilla/5.0 (Windows NT 10.0; Win64; x64) AppleWebKit/537.36 (KHTML, like Gecko) Chrome/120.0.0.0 Safari/537.36"
20.9.63.139 - - [29/Jul/2026:04:23:22 +0300] "GET /autoload_classmap/function.php HTTP/1.1" 404 47 "-" "Mozilla/5.0 (Windows NT 10.0; Win64; x64) AppleWebKit/537.36 (KHTML, like Gecko) Chrome/120.0.0.0 Safari/537.36"
20.9.63.139 - - [29/Jul/2026:04:23:22 +0300] "GET /php.php HTTP/1.1" 404 47 "-" "Mozilla/5.0 (Windows NT 10.0; Win64; x64) AppleWebKit/537.36 (KHTML, like Gecko) Chrome/120.0.0.0 Safari/537.36"
20.9.63.139 - - [29/Jul/2026:04:23:22 +0300] "GET /t.php HTTP/1.1" 404 47 "-" "Mozilla/5.0 (Windows NT 10.0; Win64; x64) AppleWebKit/537.36 (KHTML, like Gecko) Chrome/120.0.0.0 Safari/537.36"
20.9.63.139 - - [29/Jul/2026:04:23:22 +0300] "GET /index/function.php HTTP/1.1" 404 47 "-" "Mozilla/5.0 (Windows NT 10.0; Win64; x64) AppleWebKit/537.36 (KHTML, like Gecko) Chrome/120.0.0.0 Safari/537.36"
20.9.63.139 - - [29/Jul/2026:04:23:22 +0300] "GET /wk/index.php HTTP/1.1" 404 47 "-" "Mozilla/5.0 (Windows NT 10.0; Win64; x64) AppleWebKit/537.36 (KHTML, like Gecko) Chrome/120.0.0.0 Safari/537.36"
20.9.63.139 - - [29/Jul/2026:04:23:23 +0300] "GET /wp-blink.php HTTP/1.1" 404 47 "-" "Mozilla/5.0 (Windows NT 10.0; Win64; x64) AppleWebKit/537.36 (KHTML, like Gecko) Chrome/120.0.0.0 Safari/537.36"
20.9.63.139 - - [29/Jul/2026:04:23:23 +0300] "GET /xfun.php HTTP/1.1" 404 47 "-" "Mozilla/5.0 (Windows NT 10.0; Win64; x64) AppleWebKit/537.36 (KHTML, like Gecko) Chrome/120.0.0.0 Safari/537.36"
20.9.63.139 - - [29/Jul/2026:04:23:23 +0300] "GET /p.php HTTP/1.1" 404 47 "-" "Mozilla/5.0 (Windows NT 10.0; Win64; x64) AppleWebKit/537.36 (KHTML, like Gecko) Chrome/120.0.0.0 Safari/537.36"
20.9.63.139 - - [29/Jul/2026:04:23:23 +0300] "GET /wp-content/themes/admin.php HTTP/1.1" 404 47 "-" "Mozilla/5.0 (Windows NT 10.0; Win64; x64) AppleWebKit/537.36 (KHTML, like Gecko) Chrome/120.0.0.0 Safari/537.36"
20.9.63.139 - - [29/Jul/2026:04:23:23 +0300] "GET /aaa.php HTTP/1.1" 404 47 "-" "Mozilla/5.0 (Windows NT 10.0; Win64; x64) AppleWebKit/537.36 (KHTML, like Gecko) Chrome/120.0.0.0 Safari/537.36"
20.9.63.139 - - [29/Jul/2026:04:23:24 +0300] "GET /term.php HTTP/1.1" 404 47 "-" "Mozilla/5.0 (Windows NT 10.0; Win64; x64) AppleWebKit/537.36 (KHTML, like Gecko) Chrome/120.0.0.0 Safari/537.36"
20.9.63.139 - - [29/Jul/2026:04:23:24 +0300] "GET /7.php HTTP/1.1" 404 47 "-" "Mozilla/5.0 (Windows NT 10.0; Win64; x64) AppleWebKit/537.36 (KHTML, like Gecko) Chrome/120.0.0.0 Safari/537.36"
20.9.63.139 - - [29/Jul/2026:04:23:24 +0300] "GET /file5.php HTTP/1.1" 404 47 "-" "Mozilla/5.0 (Windows NT 10.0; Win64; x64) AppleWebKit/537.36 (KHTML, like Gecko) Chrome/120.0.0.0 Safari/537.36"
20.9.63.139 - - [29/Jul/2026:04:23:24 +0300] "GET /makeasmtp.php HTTP/1.1" 404 47 "-" "Mozilla/5.0 (Windows NT 10.0; Win64; x64) AppleWebKit/537.36 (KHTML, like Gecko) Chrome/120.0.0.0 Safari/537.36"
20.9.63.139 - - [29/Jul/2026:04:23:24 +0300] "GET /wp-content/index.php HTTP/1.1" 200 31 "-" "Mozilla/5.0 (Windows NT 10.0; Win64; x64) AppleWebKit/537.36 (KHTML, like Gecko) Chrome/120.0.0.0 Safari/537.36"
20.9.63.139 - - [29/Jul/2026:04:23:24 +0300] "GET /atomlib.php HTTP/1.1" 404 47 "-" "Mozilla/5.0 (Windows NT 10.0; Win64; x64) AppleWebKit/537.36 (KHTML, like Gecko) Chrome/120.0.0.0 Safari/537.36"
20.9.63.139 - - [29/Jul/2026:04:23:25 +0300] "GET /min.php HTTP/1.1" 404 47 "-" "Mozilla/5.0 (Windows NT 10.0; Win64; x64) AppleWebKit/537.36 (KHTML, like Gecko) Chrome/120.0.0.0 Safari/537.36"
20.9.63.139 - - [29/Jul/2026:04:23:25 +0300] "GET /mac.php HTTP/1.1" 404 47 "-" "Mozilla/5.0 (Windows NT 10.0; Win64; x64) AppleWebKit/537.36 (KHTML, like Gecko) Chrome/120.0.0.0 Safari/537.36"
20.9.63.139 - - [29/Jul/2026:04:23:25 +0300] "GET /nc4.php HTTP/1.1" 404 47 "-" "Mozilla/5.0 (Windows NT 10.0; Win64; x64) AppleWebKit/537.36 (KHTML, like Gecko) Chrome/120.0.0.0 Safari/537.36"
91.240.85.141 - - [29/Jul/2026:04:24:13 +0300] "POST /wp-cron.php?doing_wp_cron=1785288253.3888630867004394531250 HTTP/1.1" 200 31 "-" "WordPress/7.0; https://wpface.ru"
5.182.209.54 - - [29/Jul/2026:04:24:13 +0300] "GET /wp-login.php HTTP/2.0" 200 3557 "-" "Mozilla/5.0 (Windows NT 10.0; Win64; x64) AppleWebKit/537.36 (KHTML, like Gecko) Chrome/150.0.0.0 Safari/537.36"
5.182.209.54 - - [29/Jul/2026:04:24:14 +0300] "POST /wp-login.php HTTP/2.0" 200 3804 "https://www.wpface.ru/wp-login.php" "Mozilla/5.0 (Windows NT 10.0; Win64; x64) AppleWebKit/537.36 (KHTML, like Gecko) Chrome/150.0.0.0 Safari/537.36"
91.240.85.141 - - [29/Jul/2026:04:25:09 +0300] "POST /wp-cron.php?doing_wp_cron=1785288309.7979090213775634765625 HTTP/1.1" 200 31 "-" "WordPress/7.0; https://wpface.ru"
198.38.94.87 - - [29/Jul/2026:04:25:09 +0300] "GET /wp-login.php HTTP/2.0" 200 3557 "-" "Mozilla/5.0 (Windows NT 10.0; Win64; x64) AppleWebKit/537.36 (KHTML, like Gecko) Chrome/150.0.0.0 Safari/537.36"
198.38.94.87 - - [29/Jul/2026:04:25:10 +0300] "POST /wp-login.php HTTP/2.0" 200 3723 "https://wpface.ru/wp-login.php" "Mozilla/5.0 (Windows NT 10.0; Win64; x64) AppleWebKit/537.36 (KHTML, like Gecko) Chrome/150.0.0.0 Safari/537.36"
129.204.188.64 - - [29/Jul/2026:04:25:36 +0300] "GET / HTTP/1.1" 301 169 "-" "Mozilla/5.0 (iPhone; CPU iPhone OS 13_2_3 like Mac OS X) AppleWebKit/605.1.15 (KHTML, like Gecko) Version/13.0.3 Mobile/15E148 Safari/604.1"
195.130.35.148 - - [29/Jul/2026:04:26:43 +0300] "POST /xmlrpc.php HTTP/2.0" 200 439 "-" "Mozilla/5.0 (Windows NT 10.0; Win64; x64) AppleWebKit/537.36 (KHTML, like Gecko) Chrome/150.0.0.0 Safari/537.36"
91.240.85.141 - - [29/Jul/2026:04:28:07 +0300] "POST /wp-cron.php?doing_wp_cron=1785288487.6458220481872558593750 HTTP/1.1" 200 31 "-" "WordPress/7.0; https://wpface.ru"
91.240.85.141 - - [29/Jul/2026:04:28:07 +0300] "GET / HTTP/1.1" 200 15722 "-" "Mozilla/5.0 (X11; Linux x86_64) AppleWebKit/537.36 (KHTML, like Gecko) Chrome/44.0.2403.157 Safari/537.36"
57.141.0.2 - - [29/Jul/2026:04:29:41 +0300] "GET /wplicense.html HTTP/2.0" 200 17585 "-" "Mozilla/5.0 (Macintosh; Intel Mac OS X 10_15_7) AppleWebKit/537.36 (KHTML, like Gecko) Chrome/145.0.0.0 Safari/537.36 (compatible; meta-externalagent/1.1 (+https://developers.facebook.com/docs/sharing/webmasters/crawler))"
65.98.127.3 - - [29/Jul/2026:04:30:19 +0300] "POST /xmlrpc.php HTTP/2.0" 200 439 "-" "Mozilla/5.0 (Windows NT 10.0; Win64; x64) AppleWebKit/537.36 (KHTML, like Gecko) Chrome/150.0.0.0 Safari/537.36"
72.167.132.114 - - [29/Jul/2026:04:31:14 +0300] "GET /wp-login.php HTTP/2.0" 200 3557 "-" "Mozilla/5.0 (Windows NT 10.0; Win64; x64) AppleWebKit/537.36 (KHTML, like Gecko) Chrome/150.0.0.0 Safari/537.36"
72.167.132.114 - - [29/Jul/2026:04:31:15 +0300] "POST /wp-login.php HTTP/2.0" 200 3735 "https://wpface.ru/wp-login.php" "Mozilla/5.0 (Windows NT 10.0; Win64; x64) AppleWebKit/537.36 (KHTML, like Gecko) Chrome/150.0.0.0 Safari/537.36"
51.195.32.231 - - [29/Jul/2026:04:31:53 +0300] "GET /wp-login.php HTTP/2.0" 200 3557 "-" "Mozilla/5.0 (Windows NT 10.0; Win64; x64) AppleWebKit/537.36 (KHTML, like Gecko) Chrome/150.0.0.0 Safari/537.36"
51.195.32.231 - - [29/Jul/2026:04:31:54 +0300] "POST /wp-login.php HTTP/2.0" 200 3738 "https://wpface.ru/wp-login.php" "Mozilla/5.0 (Windows NT 10.0; Win64; x64) AppleWebKit/537.36 (KHTML, like Gecko) Chrome/150.0.0.0 Safari/537.36"
5.39.1.242 - - [29/Jul/2026:04:32:41 +0300] "GET /wp-sitemap.xml HTTP/2.0" 200 507 "-" "Mozilla/5.0 (compatible; AhrefsBot/7.0; +http://ahrefs.com/robot/)"
176.31.139.3 - - [29/Jul/2026:04:32:51 +0300] "GET /wp-sitemap-posts-post-1.xml HTTP/2.0" 200 8160 "-" "Mozilla/5.0 (compatible; AhrefsBot/7.0; +http://ahrefs.com/robot/)"
54.37.118.93 - - [29/Jul/2026:04:33:16 +0300] "GET /wp-sitemap-posts-page-1.xml HTTP/2.0" 200 720 "-" "Mozilla/5.0 (compatible; AhrefsBot/7.0; +http://ahrefs.com/robot/)"
5.39.1.240 - - [29/Jul/2026:04:33:27 +0300] "GET /wp-sitemap-taxonomies-category-1.xml HTTP/2.0" 200 931 "-" "Mozilla/5.0 (compatible; AhrefsBot/7.0; +http://ahrefs.com/robot/)"
94.23.188.212 - - [29/Jul/2026:04:33:37 +0300] "GET /wp-sitemap-users-1.xml HTTP/2.0" 200 306 "-" "Mozilla/5.0 (compatible; AhrefsBot/7.0; +http://ahrefs.com/robot/)"
192.250.227.29 - - [29/Jul/2026:04:34:17 +0300] "GET /wp-login.php HTTP/2.0" 200 3557 "-" "Mozilla/5.0 (Windows NT 10.0; Win64; x64) AppleWebKit/537.36 (KHTML, like Gecko) Chrome/150.0.0.0 Safari/537.36"
192.250.227.29 - - [29/Jul/2026:04:34:17 +0300] "POST /wp-login.php HTTP/2.0" 200 3735 "https://wpface.ru/wp-login.php" "Mozilla/5.0 (Windows NT 10.0; Win64; x64) AppleWebKit/537.36 (KHTML, like Gecko) Chrome/150.0.0.0 Safari/537.36"
51.195.32.231 - - [29/Jul/2026:04:34:39 +0300] "POST /xmlrpc.php HTTP/2.0" 200 439 "-" "Mozilla/5.0 (Windows NT 10.0; Win64; x64) AppleWebKit/537.36 (KHTML, like Gecko) Chrome/150.0.0.0 Safari/537.36"
209.38.221.42 - - [29/Jul/2026:04:35:16 +0300] "POST /xmlrpc.php HTTP/2.0" 200 439 "-" "Mozilla/5.0 (Windows NT 10.0; Win64; x64) AppleWebKit/537.36 (KHTML, like Gecko) Chrome/150.0.0.0 Safari/537.36"
161.248.201.7 - - [29/Jul/2026:04:35:21 +0300] "POST /xmlrpc.php HTTP/2.0" 200 439 "-" "Mozilla/5.0 (Windows NT 10.0; Win64; x64) AppleWebKit/537.36 (KHTML, like Gecko) Chrome/150.0.0.0 Safari/537.36"
93.152.221.59 - - [29/Jul/2026:04:36:21 +0300] "POST /?rest_route=/batch/v1 HTTP/1.1" 301 169 "http://www.wpface.ru/" "Mozilla/5.0 (Windows NT 10.0; Win64; x64) AppleWebKit/537.36 (KHTML, like Gecko) Chrome/126.0.0.0 Safari/537.36"
93.152.221.59 - - [29/Jul/2026:04:36:21 +0300] "GET /?rest_route=/batch/v1 HTTP/1.1" 404 335 "http://www.wpface.ru/" "Mozilla/5.0 (Windows NT 10.0; Win64; x64) AppleWebKit/537.36 (KHTML, like Gecko) Chrome/126.0.0.0 Safari/537.36"
66.249.93.140 - - [29/Jul/2026:04:36:25 +0300] "GET /feed HTTP/1.1" 301 169 "-" "FeedBurner/1.0 (http://www.FeedBurner.com)"
66.249.93.129 - - [29/Jul/2026:04:36:25 +0300] "GET /feed HTTP/1.1" 200 78735 "-" "FeedBurner/1.0 (http://www.FeedBurner.com)"
94.154.35.236 - - [29/Jul/2026:04:36:50 +0300] "HEAD /2025.tar.bz2 HTTP/1.1" 301 0 "-" "Mozilla/5.0 (Windows NT 10.0; Win64; x64) AppleWebKit/537.36 (KHTML, like Gecko) Chrome/101.0.4951.67 Safari/537.36"
94.154.35.236 - - [29/Jul/2026:04:36:50 +0300] "HEAD /2025.tar.bz2 HTTP/1.1" 404 0 "-" "Mozilla/5.0 (Windows NT 10.0; Win64; x64) AppleWebKit/537.36 (KHTML, like Gecko) Chrome/101.0.4951.67 Safari/537.36"
139.59.210.46 - - [29/Jul/2026:04:37:12 +0300] "POST /xmlrpc.php HTTP/1.1" 200 453 "-" "Mozilla/5.0 (Windows NT 10.0) AppleWebKit/537.36 (KHTML, like Gecko) Chrome/140.0.0.0 Safari/537.36"
198.38.94.67 - - [29/Jul/2026:04:39:56 +0300] "POST /xmlrpc.php HTTP/2.0" 200 439 "-" "Mozilla/5.0 (Windows NT 10.0; Win64; x64) AppleWebKit/537.36 (KHTML, like Gecko) Chrome/150.0.0.0 Safari/537.36"
91.240.85.141 - - [29/Jul/2026:04:42:08 +0300] "GET / HTTP/1.1" 200 15723 "-" "Mozilla/5.0 (X11; Linux x86_64) AppleWebKit/537.36 (KHTML, like Gecko) Chrome/44.0.2403.157 Safari/537.36"
194.63.239.149 - - [29/Jul/2026:04:49:26 +0300] "GET /wp-login.php HTTP/2.0" 200 3557 "-" "Mozilla/5.0 (Windows NT 10.0; Win64; x64) AppleWebKit/537.36 (KHTML, like Gecko) Chrome/150.0.0.0 Safari/537.36"
194.63.239.149 - - [29/Jul/2026:04:49:26 +0300] "POST /wp-login.php HTTP/2.0" 200 3723 "https://wpface.ru/wp-login.php" "Mozilla/5.0 (Windows NT 10.0; Win64; x64) AppleWebKit/537.36 (KHTML, like Gecko) Chrome/150.0.0.0 Safari/537.36"
198.38.94.87 - - [29/Jul/2026:04:49:34 +0300] "GET /wp-login.php HTTP/2.0" 200 3557 "-" "Mozilla/5.0 (Windows NT 10.0; Win64; x64) AppleWebKit/537.36 (KHTML, like Gecko) Chrome/150.0.0.0 Safari/537.36"
198.38.94.87 - - [29/Jul/2026:04:49:35 +0300] "POST /wp-login.php HTTP/2.0" 200 3735 "https://wpface.ru/wp-login.php" "Mozilla/5.0 (Windows NT 10.0; Win64; x64) AppleWebKit/537.36 (KHTML, like Gecko) Chrome/150.0.0.0 Safari/537.36"
114.34.90.9 - - [29/Jul/2026:04:51:04 +0300] "GET /wp-login.php HTTP/2.0" 200 3557 "-" "Mozilla/5.0 (Windows NT 10.0; Win64; x64) AppleWebKit/537.36 (KHTML, like Gecko) Chrome/150.0.0.0 Safari/537.36"
114.34.90.9 - - [29/Jul/2026:04:51:06 +0300] "POST /wp-login.php HTTP/2.0" 200 3804 "https://www.wpface.ru/wp-login.php" "Mozilla/5.0 (Windows NT 10.0; Win64; x64) AppleWebKit/537.36 (KHTML, like Gecko) Chrome/150.0.0.0 Safari/537.36"
62.113.113.43 - - [29/Jul/2026:04:51:42 +0300] "GET / HTTP/1.1" 200 69866 "-" "Mozilla/5.0 (iPad; CPU OS 7_3 like Mac OS X) AppleWebKit/537.37.1 (KHTML, like Gecko) Version/7.0 Mobile/11A465 Safari/7679.51"
62.113.113.43 - - [29/Jul/2026:04:51:42 +0300] "GET / HTTP/1.1" 301 169 "-" "Mozilla/5.0 (iPad; CPU OS 7_0_2 like Mac OS X; en-SG) AppleWebKit/538.17.32 (KHTML, like Gecko) Version/10.0.3 Mobile/8C2 Safari/538.17.32"
62.113.113.43 - - [29/Jul/2026:04:51:42 +0300] "GET / HTTP/1.1" 200 69897 "-" "Mozilla/5.0 (iPad; CPU OS 7_0_2 like Mac OS X; en-SG) AppleWebKit/538.17.32 (KHTML, like Gecko) Version/10.0.3 Mobile/8C2 Safari/538.17.32"
161.123.209.159 - - [29/Jul/2026:04:52:00 +0300] "GET /wp-login.php HTTP/2.0" 200 3557 "-" "Mozilla/5.0 (Windows NT 10.0; Win64; x64) AppleWebKit/537.36 (KHTML, like Gecko) Chrome/145.0.0.0 Safari/537.36"
161.123.209.159 - - [29/Jul/2026:04:52:02 +0300] "POST /wp-login.php HTTP/2.0" 302 0 "https://wpface.ru/wp-login.php" "Mozilla/5.0 (Windows NT 10.0; Win64; x64) AppleWebKit/537.36 (KHTML, like Gecko) Chrome/145.0.0.0 Safari/537.36"
91.240.85.141 - - [29/Jul/2026:04:52:03 +0300] "GET /wp-content/plugins/plh/nuxy//metaboxes/assets/webfonts/google-fonts.json HTTP/1.1" 200 706020 "-" "WordPress/7.0; https://wpface.ru"
161.123.209.159 - - [29/Jul/2026:04:52:04 +0300] "GET /wp-admin/ HTTP/2.0" 200 218570 "https://wpface.ru/wp-login.php" "Mozilla/5.0 (Windows NT 10.0; Win64; x64) AppleWebKit/537.36 (KHTML, like Gecko) Chrome/145.0.0.0 Safari/537.36"
91.240.85.141 - - [29/Jul/2026:04:52:07 +0300] "GET /wp-content/plugins/plh/nuxy//metaboxes/assets/webfonts/google-fonts.json HTTP/1.1" 200 706020 "-" "WordPress/7.0; https://wpface.ru"
161.123.209.159 - - [29/Jul/2026:04:52:07 +0300] "GET /wp-admin/user-new.php HTTP/2.0" 200 200757 "https://wpface.ru/wp-login.php" "Mozilla/5.0 (Windows NT 10.0; Win64; x64) AppleWebKit/537.36 (KHTML, like Gecko) Chrome/145.0.0.0 Safari/537.36"
91.240.85.141 - - [29/Jul/2026:04:52:10 +0300] "GET /wp-content/plugins/plh/nuxy//metaboxes/assets/webfonts/google-fonts.json HTTP/1.1" 200 706020 "-" "WordPress/7.0; https://wpface.ru"
161.123.209.159 - - [29/Jul/2026:04:52:10 +0300] "POST /wp-admin/user-new.php HTTP/2.0" 200 200844 "https://wpface.ru/wp-login.php" "Mozilla/5.0 (Windows NT 10.0; Win64; x64) AppleWebKit/537.36 (KHTML, like Gecko) Chrome/145.0.0.0 Safari/537.36"
91.240.85.141 - - [29/Jul/2026:04:52:14 +0300] "GET /wp-content/plugins/plh/nuxy//metaboxes/assets/webfonts/google-fonts.json HTTP/1.1" 200 706020 "-" "WordPress/7.0; https://wpface.ru"
161.123.209.159 - - [29/Jul/2026:04:52:14 +0300] "GET /wp-admin/plugins.php?plugin_status=all&paged=1&s HTTP/2.0" 200 214887 "https://wpface.ru/wp-login.php" "Mozilla/5.0 (Windows NT 10.0; Win64; x64) AppleWebKit/537.36 (KHTML, like Gecko) Chrome/145.0.0.0 Safari/537.36"
91.240.85.141 - - [29/Jul/2026:04:52:17 +0300] "GET /wp-content/plugins/plh/nuxy//metaboxes/assets/webfonts/google-fonts.json HTTP/1.1" 200 706020 "-" "WordPress/7.0; https://wpface.ru"
161.123.209.159 - - [29/Jul/2026:04:52:17 +0300] "GET /wp-admin/plugins.php HTTP/2.0" 200 214797 "https://wpface.ru/wp-login.php" "Mozilla/5.0 (Windows NT 10.0; Win64; x64) AppleWebKit/537.36 (KHTML, like Gecko) Chrome/145.0.0.0 Safari/537.36"
91.240.85.141 - - [29/Jul/2026:04:52:21 +0300] "GET /wp-content/plugins/plh/nuxy//metaboxes/assets/webfonts/google-fonts.json HTTP/1.1" 200 706020 "-" "WordPress/7.0; https://wpface.ru"
161.123.209.159 - - [29/Jul/2026:04:52:21 +0300] "GET /wp-admin/plugin-install.php HTTP/2.0" 200 210864 "https://wpface.ru/wp-login.php" "Mozilla/5.0 (Windows NT 10.0; Win64; x64) AppleWebKit/537.36 (KHTML, like Gecko) Chrome/145.0.0.0 Safari/537.36"
161.123.209.159 - - [29/Jul/2026:04:52:25 +0300] "POST /wp-admin/admin-ajax.php HTTP/2.0" 200 216 "https://wpface.ru/wp-login.php" "Mozilla/5.0 (Windows NT 10.0; Win64; x64) AppleWebKit/537.36 (KHTML, like Gecko) Chrome/145.0.0.0 Safari/537.36"
161.123.209.159 - - [29/Jul/2026:04:52:27 +0300] "POST /wp-admin/admin-ajax.php HTTP/2.0" 200 186 "https://wpface.ru/wp-login.php" "Mozilla/5.0 (Windows NT 10.0; Win64; x64) AppleWebKit/537.36 (KHTML, like Gecko) Chrome/145.0.0.0 Safari/537.36"
91.240.85.141 - - [29/Jul/2026:04:52:29 +0300] "GET /wp-content/plugins/plh/nuxy//metaboxes/assets/webfonts/google-fonts.json HTTP/1.1" 200 706020 "-" "WordPress/7.0; https://wpface.ru"
161.123.209.159 - - [29/Jul/2026:04:52:29 +0300] "GET /wp-admin/plugins.php?plugin_status=all&paged=1&s HTTP/2.0" 200 214886 "https://wpface.ru/wp-login.php" "Mozilla/5.0 (Windows NT 10.0; Win64; x64) AppleWebKit/537.36 (KHTML, like Gecko) Chrome/145.0.0.0 Safari/537.36"
91.240.85.141 - - [29/Jul/2026:04:56:08 +0300] "GET / HTTP/1.1" 200 15722 "-" "Mozilla/5.0 (X11; Linux x86_64) AppleWebKit/537.36 (KHTML, like Gecko) Chrome/44.0.2403.157 Safari/537.36"
114.34.90.9 - - [29/Jul/2026:04:57:17 +0300] "GET /wp-login.php HTTP/2.0" 200 3557 "-" "Mozilla/5.0 (Windows NT 10.0; Win64; x64) AppleWebKit/537.36 (KHTML, like Gecko) Chrome/150.0.0.0 Safari/537.36"
114.34.90.9 - - [29/Jul/2026:04:57:18 +0300] "POST /wp-login.php HTTP/2.0" 200 3738 "https://wpface.ru/wp-login.php" "Mozilla/5.0 (Windows NT 10.0; Win64; x64) AppleWebKit/537.36 (KHTML, like Gecko) Chrome/150.0.0.0 Safari/537.36"
213.171.211.213 - - [29/Jul/2026:04:57:21 +0300] "POST /xmlrpc.php HTTP/2.0" 200 439 "-" "Mozilla/5.0 (Windows NT 10.0; Win64; x64) AppleWebKit/537.36 (KHTML, like Gecko) Chrome/150.0.0.0 Safari/537.36"
45.148.10.62 - - [29/Jul/2026:04:58:30 +0300] "GET / HTTP/1.1" 200 15722 "-" "Mozilla/5.0 (Windows NT 10.0; Win64; x64; rv:133.0) Gecko/20100101 Firefox/133.0"
45.148.10.62 - - [29/Jul/2026:04:58:30 +0300] "GET /.env HTTP/1.1" 404 14337 "-" "Mozilla/5.0 (X11; Linux x86_64) AppleWebKit/537.36 (KHTML, like Gecko) Chrome/131.0.0.0 Safari/537.36"
45.148.10.62 - - [29/Jul/2026:04:58:30 +0300] "GET /%22/src/js/app.js%22 HTTP/1.1" 301 5 "-" "Mozilla/5.0 (Windows NT 10.0; Win64; x64; rv:133.0) Gecko/20100101 Firefox/133.0"
45.148.10.62 - - [29/Jul/2026:04:58:30 +0300] "GET /wp-content/plugins/plh/assets/js/chat.js?ver=1.0.6 HTTP/1.1" 200 2813 "-" "Mozilla/5.0 (Windows NT 10.0; Win64; x64; rv:133.0) Gecko/20100101 Firefox/133.0"
45.148.10.62 - - [29/Jul/2026:04:58:30 +0300] "GET /wp-content/plugins/plh/assets/vendors/petite-vue.js?ver=1.0.6 HTTP/1.1" 200 7725 "-" "Mozilla/5.0 (Macintosh; Intel Mac OS X 10_15_7) AppleWebKit/537.36 (KHTML, like Gecko) Chrome/131.0.0.0 Safari/537.36"
45.148.10.62 - - [29/Jul/2026:04:58:30 +0300] "GET /wp-content/plugins/enlighter/cache/enlighterjs.min.js?ver=IDyK95jeyIY9s4b HTTP/1.1" 200 20691 "-" "Mozilla/5.0 (Windows NT 10.0; Win64; x64) AppleWebKit/537.36 (KHTML, like Gecko) Chrome/131.0.0.0 Safari/537.36"
45.148.10.62 - - [29/Jul/2026:04:58:30 +0300] "GET /%22/src/js/jquery.countdown.js%22 HTTP/1.1" 301 5 "-" "Mozilla/5.0 (Windows NT 10.0; Win64; x64; rv:133.0) Gecko/20100101 Firefox/133.0"
45.148.10.62 - - [29/Jul/2026:04:58:30 +0300] "GET /src/js/app.js HTTP/1.1" 404 14343 "-" "Mozilla/5.0 (Windows NT 10.0; Win64; x64; rv:133.0) Gecko/20100101 Firefox/133.0"
45.148.10.62 - - [29/Jul/2026:04:58:30 +0300] "GET /src/js/wpface.js HTTP/1.1" 404 14342 "-" "Mozilla/5.0 (Windows NT 10.0; Win64; x64; rv:133.0) Gecko/20100101 Firefox/133.0"
45.148.10.62 - - [29/Jul/2026:04:58:30 +0300] "GET /src/js/jquery.countdown.js HTTP/1.1" 404 14343 "-" "Mozilla/5.0 (X11; Linux x86_64) AppleWebKit/537.36 (KHTML, like Gecko) Chrome/131.0.0.0 Safari/537.36"
45.148.10.62 - - [29/Jul/2026:04:58:30 +0300] "GET /%22/src/js/tilt.jquery.min.js%22 HTTP/1.1" 301 5 "-" "Mozilla/5.0 (X11; Linux x86_64) AppleWebKit/537.36 (KHTML, like Gecko) Chrome/131.0.0.0 Safari/537.36"
45.148.10.62 - - [29/Jul/2026:04:58:30 +0300] "GET /src/js/jquery.min.js HTTP/1.1" 404 14344 "-" "Mozilla/5.0 (Macintosh; Intel Mac OS X 10_15_7) AppleWebKit/537.36 (KHTML, like Gecko) Chrome/131.0.0.0 Safari/537.36"
45.148.10.62 - - [29/Jul/2026:04:58:30 +0300] "GET /%22/src/js/wpface.js%22 HTTP/1.1" 301 5 "-" "Mozilla/5.0 (Windows NT 10.0; Win64; x64; rv:133.0) Gecko/20100101 Firefox/133.0"
45.148.10.62 - - [29/Jul/2026:04:58:30 +0300] "GET / HTTP/1.1" 200 15721 "-" "Mozilla/5.0 (Macintosh; Intel Mac OS X 10_15_7) AppleWebKit/537.36 (KHTML, like Gecko) Chrome/131.0.0.0 Safari/537.36"
45.148.10.62 - - [29/Jul/2026:04:58:31 +0300] "GET /src/js/tilt.jquery.min.js HTTP/1.1" 404 14341 "-" "Mozilla/5.0 (X11; Linux x86_64) AppleWebKit/537.36 (KHTML, like Gecko) Chrome/131.0.0.0 Safari/537.36"
45.148.10.62 - - [29/Jul/2026:04:58:31 +0300] "GET /src/js/owl.carousel.min.js HTTP/1.1" 404 14345 "-" "Mozilla/5.0 (Windows NT 10.0; Win64; x64) AppleWebKit/537.36 (KHTML, like Gecko) Chrome/131.0.0.0 Safari/537.36"
45.148.10.62 - - [29/Jul/2026:04:58:31 +0300] "GET /%2eenv HTTP/1.1" 404 14344 "-" "Mozilla/5.0 (Windows NT 10.0; Win64; x64) AppleWebKit/537.36 (KHTML, like Gecko) Chrome/131.0.0.0 Safari/537.36"
45.148.10.62 - - [29/Jul/2026:04:58:31 +0300] "GET /%22/src/js/jquery.min.js%22 HTTP/1.1" 301 5 "-" "Mozilla/5.0 (X11; Linux x86_64) AppleWebKit/537.36 (KHTML, like Gecko) Chrome/131.0.0.0 Safari/537.36"
45.148.10.62 - - [29/Jul/2026:04:58:31 +0300] "GET /src/js/bootstrap.bundle.min.js HTTP/1.1" 404 14346 "-" "Mozilla/5.0 (Windows NT 10.0; Win64; x64; rv:133.0) Gecko/20100101 Firefox/133.0"
45.148.10.62 - - [29/Jul/2026:04:58:31 +0300] "GET /%22/src/js/owl.carousel.min.js%22 HTTP/1.1" 301 5 "-" "Mozilla/5.0 (X11; Linux x86_64) AppleWebKit/537.36 (KHTML, like Gecko) Chrome/131.0.0.0 Safari/537.36"
45.148.10.62 - - [29/Jul/2026:04:58:31 +0300] "GET /%22/src/js/bootstrap.bundle.min.js%22 HTTP/1.1" 301 5 "-" "Mozilla/5.0 (Windows NT 10.0; Win64; x64) AppleWebKit/537.36 (KHTML, like Gecko) Chrome/131.0.0.0 Safari/537.36"
45.148.10.62 - - [29/Jul/2026:04:58:31 +0300] "GET /%22/src/js/app.js HTTP/1.1" 404 14346 "https://wpface.ru/%22/src/js/app.js%22" "Mozilla/5.0 (Windows NT 10.0; Win64; x64; rv:133.0) Gecko/20100101 Firefox/133.0"
45.148.10.62 - - [29/Jul/2026:04:58:31 +0300] "GET /%22/src/js/jquery.countdown.js HTTP/1.1" 404 14344 "https://wpface.ru/%22/src/js/jquery.countdown.js%22" "Mozilla/5.0 (Windows NT 10.0; Win64; x64; rv:133.0) Gecko/20100101 Firefox/133.0"
45.148.10.62 - - [29/Jul/2026:04:58:31 +0300] "GET /%22/src/js/tilt.jquery.min.js HTTP/1.1" 404 14343 "https://wpface.ru/%22/src/js/tilt.jquery.min.js%22" "Mozilla/5.0 (X11; Linux x86_64) AppleWebKit/537.36 (KHTML, like Gecko) Chrome/131.0.0.0 Safari/537.36"
45.148.10.62 - - [29/Jul/2026:04:58:31 +0300] "GET /%22/src/js/wpface.js HTTP/1.1" 404 14344 "https://wpface.ru/%22/src/js/wpface.js%22" "Mozilla/5.0 (Windows NT 10.0; Win64; x64; rv:133.0) Gecko/20100101 Firefox/133.0"
45.148.10.62 - - [29/Jul/2026:04:58:31 +0300] "GET /%22/src/js/bootstrap.bundle.min.js HTTP/1.1" 404 14342 "https://wpface.ru/%22/src/js/bootstrap.bundle.min.js%22" "Mozilla/5.0 (Windows NT 10.0; Win64; x64) AppleWebKit/537.36 (KHTML, like Gecko) Chrome/131.0.0.0 Safari/537.36"
45.148.10.62 - - [29/Jul/2026:04:58:31 +0300] "GET /%2f%2eenv HTTP/1.1" 404 14344 "-" "Mozilla/5.0 (Windows NT 10.0; Win64; x64; rv:133.0) Gecko/20100101 Firefox/133.0"
45.148.10.62 - - [29/Jul/2026:04:58:31 +0300] "GET /%22/src/js/owl.carousel.min.js HTTP/1.1" 404 14342 "https://wpface.ru/%22/src/js/owl.carousel.min.js%22" "Mozilla/5.0 (X11; Linux x86_64) AppleWebKit/537.36 (KHTML, like Gecko) Chrome/131.0.0.0 Safari/537.36"
45.148.10.62 - - [29/Jul/2026:04:58:31 +0300] "GET /?phpinfo=1 HTTP/1.1" 200 15721 "-" "Mozilla/5.0 (Windows NT 10.0; Win64; x64) AppleWebKit/537.36 (KHTML, like Gecko) Chrome/131.0.0.0 Safari/537.36"
45.148.10.62 - - [29/Jul/2026:04:58:31 +0300] "GET /%22/src/js/jquery.min.js HTTP/1.1" 404 14346 "https://wpface.ru/%22/src/js/jquery.min.js%22" "Mozilla/5.0 (X11; Linux x86_64) AppleWebKit/537.36 (KHTML, like Gecko) Chrome/131.0.0.0 Safari/537.36"
45.148.10.62 - - [29/Jul/2026:04:58:32 +0300] "GET /.aws/credentials HTTP/1.1" 404 14347 "-" "Mozilla/5.0 (Macintosh; Intel Mac OS X 10_15_7) AppleWebKit/537.36 (KHTML, like Gecko) Chrome/131.0.0.0 Safari/537.36"
45.148.10.62 - - [29/Jul/2026:04:58:32 +0300] "GET /api/.env HTTP/1.1" 404 14346 "-" "Mozilla/5.0 (Macintosh; Intel Mac OS X 10_15_7) AppleWebKit/537.36 (KHTML, like Gecko) Chrome/131.0.0.0 Safari/537.36"
45.148.10.62 - - [29/Jul/2026:04:58:32 +0300] "GET /.env.bak HTTP/1.1" 404 14341 "-" "Mozilla/5.0 (Windows NT 10.0; Win64; x64) AppleWebKit/537.36 (KHTML, like Gecko) Chrome/131.0.0.0 Safari/537.36"
45.148.10.62 - - [29/Jul/2026:04:58:32 +0300] "GET /aws-ses.json HTTP/1.1" 404 14344 "-" "Mozilla/5.0 (Windows NT 10.0; Win64; x64; rv:133.0) Gecko/20100101 Firefox/133.0"
45.148.10.62 - - [29/Jul/2026:04:58:32 +0300] "GET /.stripe/ HTTP/1.1" 404 14344 "-" "Mozilla/5.0 (X11; Linux x86_64) AppleWebKit/537.36 (KHTML, like Gecko) Chrome/131.0.0.0 Safari/537.36"
45.148.10.62 - - [29/Jul/2026:04:58:32 +0300] "GET /stripe/.env HTTP/1.1" 404 14343 "-" "Mozilla/5.0 (Windows NT 10.0; Win64; x64; rv:133.0) Gecko/20100101 Firefox/133.0"
45.148.10.62 - - [29/Jul/2026:04:58:32 +0300] "GET /.env.aws HTTP/1.1" 404 14344 "-" "Mozilla/5.0 (Windows NT 10.0; Win64; x64; rv:133.0) Gecko/20100101 Firefox/133.0"
45.148.10.62 - - [29/Jul/2026:04:58:32 +0300] "GET /.env.save HTTP/1.1" 404 14340 "-" "Mozilla/5.0 (Windows NT 10.0; Win64; x64; rv:133.0) Gecko/20100101 Firefox/133.0"
45.148.10.62 - - [29/Jul/2026:04:58:33 +0300] "GET /.env.local HTTP/1.1" 404 14346 "-" "Mozilla/5.0 (Windows NT 10.0; Win64; x64; rv:133.0) Gecko/20100101 Firefox/133.0"
45.148.10.62 - - [29/Jul/2026:04:58:33 +0300] "GET /backend/.env HTTP/1.1" 404 14343 "-" "Mozilla/5.0 (Windows NT 10.0; Win64; x64; rv:133.0) Gecko/20100101 Firefox/133.0"
45.148.10.62 - - [29/Jul/2026:04:58:33 +0300] "GET /test.php HTTP/1.1" 404 47 "-" "Mozilla/5.0 (Macintosh; Intel Mac OS X 10_15_7) AppleWebKit/537.36 (KHTML, like Gecko) Chrome/131.0.0.0 Safari/537.36"
45.148.10.62 - - [29/Jul/2026:04:58:33 +0300] "GET /.env.backup HTTP/1.1" 404 14342 "-" "Mozilla/5.0 (Windows NT 10.0; Win64; x64) AppleWebKit/537.36 (KHTML, like Gecko) Chrome/131.0.0.0 Safari/537.36"
45.148.10.62 - - [29/Jul/2026:04:58:33 +0300] "GET /.env.old HTTP/1.1" 404 14344 "-" "Mozilla/5.0 (X11; Linux x86_64) AppleWebKit/537.36 (KHTML, like Gecko) Chrome/131.0.0.0 Safari/537.36"
45.148.10.62 - - [29/Jul/2026:04:58:34 +0300] "GET /.env.tmp HTTP/1.1" 404 14343 "-" "Mozilla/5.0 (Macintosh; Intel Mac OS X 10_15_7) AppleWebKit/537.36 (KHTML, like Gecko) Chrome/131.0.0.0 Safari/537.36"
45.148.10.62 - - [29/Jul/2026:04:58:34 +0300] "GET /.env.php.bak HTTP/1.1" 404 14343 "-" "Mozilla/5.0 (Windows NT 10.0; Win64; x64; rv:133.0) Gecko/20100101 Firefox/133.0"
45.148.10.62 - - [29/Jul/2026:04:58:34 +0300] "GET /.env.php HTTP/1.1" 404 47 "-" "Mozilla/5.0 (Macintosh; Intel Mac OS X 10_15_7) AppleWebKit/537.36 (KHTML, like Gecko) Chrome/131.0.0.0 Safari/537.36"
45.148.10.62 - - [29/Jul/2026:04:58:34 +0300] "GET /.env.txt HTTP/1.1" 404 14341 "-" "Mozilla/5.0 (Macintosh; Intel Mac OS X 10_15_7) AppleWebKit/537.36 (KHTML, like Gecko) Chrome/131.0.0.0 Safari/537.36"
45.148.10.62 - - [29/Jul/2026:04:58:34 +0300] "GET /.env.prod HTTP/1.1" 404 14343 "-" "Mozilla/5.0 (Windows NT 10.0; Win64; x64) AppleWebKit/537.36 (KHTML, like Gecko) Chrome/131.0.0.0 Safari/537.36"
45.148.10.62 - - [29/Jul/2026:04:58:34 +0300] "GET /.env.dev HTTP/1.1" 404 14341 "-" "Mozilla/5.0 (X11; Linux x86_64) AppleWebKit/537.36 (KHTML, like Gecko) Chrome/131.0.0.0 Safari/537.36"
45.148.10.62 - - [29/Jul/2026:04:58:34 +0300] "GET /config.json.save HTTP/1.1" 404 14345 "-" "Mozilla/5.0 (Macintosh; Intel Mac OS X 10_15_7) AppleWebKit/537.36 (KHTML, like Gecko) Chrome/131.0.0.0 Safari/537.36"
45.148.10.62 - - [29/Jul/2026:04:58:35 +0300] "GET /.git/config HTTP/1.1" 404 14346 "-" "Mozilla/5.0 (Macintosh; Intel Mac OS X 10_15_7) AppleWebKit/537.36 (KHTML, like Gecko) Chrome/131.0.0.0 Safari/537.36"
45.148.10.62 - - [29/Jul/2026:04:58:35 +0300] "GET /wp-config.php HTTP/1.1" 200 31 "-" "Mozilla/5.0 (Windows NT 10.0; Win64; x64) AppleWebKit/537.36 (KHTML, like Gecko) Chrome/131.0.0.0 Safari/537.36"
45.148.10.62 - - [29/Jul/2026:04:58:35 +0300] "GET /wp-config.php.old HTTP/1.1" 404 14345 "-" "Mozilla/5.0 (Windows NT 10.0; Win64; x64; rv:133.0) Gecko/20100101 Firefox/133.0"
45.148.10.62 - - [29/Jul/2026:04:58:35 +0300] "GET /config.php HTTP/1.1" 404 47 "-" "Mozilla/5.0 (X11; Linux x86_64) AppleWebKit/537.36 (KHTML, like Gecko) Chrome/131.0.0.0 Safari/537.36"
45.148.10.62 - - [29/Jul/2026:04:58:35 +0300] "GET /config.php.bak HTTP/1.1" 404 14343 "-" "Mozilla/5.0 (Macintosh; Intel Mac OS X 10_15_7) AppleWebKit/537.36 (KHTML, like Gecko) Chrome/131.0.0.0 Safari/537.36"
45.148.10.62 - - [29/Jul/2026:04:58:35 +0300] "GET /config.js HTTP/1.1" 404 14346 "-" "Mozilla/5.0 (X11; Linux x86_64) AppleWebKit/537.36 (KHTML, like Gecko) Chrome/131.0.0.0 Safari/537.36"
45.148.10.62 - - [29/Jul/2026:04:58:35 +0300] "GET /aws-config.js HTTP/1.1" 404 14344 "-" "Mozilla/5.0 (Macintosh; Intel Mac OS X 10_15_7) AppleWebKit/537.36 (KHTML, like Gecko) Chrome/131.0.0.0 Safari/537.36"
45.148.10.62 - - [29/Jul/2026:04:58:35 +0300] "GET /aws.config.js HTTP/1.1" 404 14344 "-" "Mozilla/5.0 (Macintosh; Intel Mac OS X 10_15_7) AppleWebKit/537.36 (KHTML, like Gecko) Chrome/131.0.0.0 Safari/537.36"
45.148.10.62 - - [29/Jul/2026:04:58:35 +0300] "GET /phpinfo.php HTTP/1.1" 404 47 "-" "Mozilla/5.0 (Windows NT 10.0; Win64; x64; rv:133.0) Gecko/20100101 Firefox/133.0"
91.240.85.141 - - [29/Jul/2026:05:00:10 +0300] "GET / HTTP/1.1" 200 15721 "-" "Mozilla/5.0 (X11; Linux x86_64) AppleWebKit/537.36 (KHTML, like Gecko) Chrome/44.0.2403.157 Safari/537.36"
152.53.111.131 - - [29/Jul/2026:05:01:09 +0300] "POST /xmlrpc.php HTTP/2.0" 200 439 "-" "Mozilla/5.0 (Windows NT 10.0; Win64; x64) AppleWebKit/537.36 (KHTML, like Gecko) Chrome/150.0.0.0 Safari/537.36"
156.244.46.207 - - [29/Jul/2026:05:01:09 +0300] "POST /xmlrpc.php HTTP/2.0" 200 439 "-" "Mozilla/5.0 (Windows NT 10.0; Win64; x64) AppleWebKit/537.36 (KHTML, like Gecko) Chrome/150.0.0.0 Safari/537.36"
94.154.35.236 - - [29/Jul/2026:05:01:34 +0300] "HEAD /2026.tar.bz2 HTTP/1.1" 301 0 "-" "Mozilla/5.0 (Windows NT 10.0; Win64; x64) AppleWebKit/537.36 (KHTML, like Gecko) Chrome/101.0.4951.67 Safari/537.36"
94.154.35.236 - - [29/Jul/2026:05:01:35 +0300] "HEAD /2026.tar.bz2 HTTP/1.1" 404 0 "-" "Mozilla/5.0 (Windows NT 10.0; Win64; x64) AppleWebKit/537.36 (KHTML, like Gecko) Chrome/101.0.4951.67 Safari/537.36"
160.250.130.168 - - [29/Jul/2026:05:05:59 +0300] "POST /xmlrpc.php HTTP/2.0" 200 439 "-" "Mozilla/5.0 (Windows NT 10.0; Win64; x64) AppleWebKit/537.36 (KHTML, like Gecko) Chrome/150.0.0.0 Safari/537.36"
209.42.18.223 - - [29/Jul/2026:05:06:03 +0300] "GET /wp-login.php HTTP/2.0" 200 3557 "-" "Mozilla/5.0 (Windows NT 10.0; Win64; x64) AppleWebKit/537.36 (KHTML, like Gecko) Chrome/150.0.0.0 Safari/537.36"
209.42.18.223 - - [29/Jul/2026:05:06:03 +0300] "POST /wp-login.php HTTP/2.0" 200 3735 "https://wpface.ru/wp-login.php" "Mozilla/5.0 (Windows NT 10.0; Win64; x64) AppleWebKit/537.36 (KHTML, like Gecko) Chrome/150.0.0.0 Safari/537.36"
135.148.171.117 - - [29/Jul/2026:05:09:04 +0300] "POST /xmlrpc.php HTTP/2.0" 200 439 "-" "Mozilla/5.0 (Windows NT 10.0; Win64; x64) AppleWebKit/537.36 (KHTML, like Gecko) Chrome/150.0.0.0 Safari/537.36"
167.100.106.199 - - [29/Jul/2026:05:11:27 +0300] "GET /wp-login.php HTTP/2.0" 200 3557 "-" "Mozilla/5.0 (Windows NT 10.0; Win64; x64) AppleWebKit/537.36 (KHTML, like Gecko) Chrome/145.0.0.0 Safari/537.36"
167.100.106.199 - - [29/Jul/2026:05:11:29 +0300] "POST /wp-login.php HTTP/2.0" 302 0 "https://wpface.ru/wp-login.php" "Mozilla/5.0 (Windows NT 10.0; Win64; x64) AppleWebKit/537.36 (KHTML, like Gecko) Chrome/145.0.0.0 Safari/537.36"
91.240.85.141 - - [29/Jul/2026:05:11:30 +0300] "GET /wp-content/plugins/plh/nuxy//metaboxes/assets/webfonts/google-fonts.json HTTP/1.1" 200 706020 "-" "WordPress/7.0; https://wpface.ru"
167.100.106.199 - - [29/Jul/2026:05:11:30 +0300] "GET /wp-admin/ HTTP/2.0" 200 218508 "https://wpface.ru/wp-login.php" "Mozilla/5.0 (Windows NT 10.0; Win64; x64) AppleWebKit/537.36 (KHTML, like Gecko) Chrome/145.0.0.0 Safari/537.36"
91.240.85.141 - - [29/Jul/2026:05:11:33 +0300] "GET /wp-content/plugins/plh/nuxy//metaboxes/assets/webfonts/google-fonts.json HTTP/1.1" 200 706020 "-" "WordPress/7.0; https://wpface.ru"
167.100.106.199 - - [29/Jul/2026:05:11:33 +0300] "GET /wp-admin/user-new.php HTTP/2.0" 200 200935 "https://wpface.ru/wp-login.php" "Mozilla/5.0 (Windows NT 10.0; Win64; x64) AppleWebKit/537.36 (KHTML, like Gecko) Chrome/145.0.0.0 Safari/537.36"
91.240.85.141 - - [29/Jul/2026:05:11:35 +0300] "GET /wp-content/plugins/plh/nuxy//metaboxes/assets/webfonts/google-fonts.json HTTP/1.1" 200 706020 "-" "WordPress/7.0; https://wpface.ru"
167.100.106.199 - - [29/Jul/2026:05:11:35 +0300] "POST /wp-admin/user-new.php HTTP/2.0" 200 201025 "https://wpface.ru/wp-login.php" "Mozilla/5.0 (Windows NT 10.0; Win64; x64) AppleWebKit/537.36 (KHTML, like Gecko) Chrome/145.0.0.0 Safari/537.36"
91.240.85.141 - - [29/Jul/2026:05:11:38 +0300] "GET /wp-content/plugins/plh/nuxy//metaboxes/assets/webfonts/google-fonts.json HTTP/1.1" 200 706020 "-" "WordPress/7.0; https://wpface.ru"
167.100.106.199 - - [29/Jul/2026:05:11:38 +0300] "GET /wp-admin/plugins.php?plugin_status=all&paged=1&s HTTP/2.0" 200 214847 "https://wpface.ru/wp-login.php" "Mozilla/5.0 (Windows NT 10.0; Win64; x64) AppleWebKit/537.36 (KHTML, like Gecko) Chrome/145.0.0.0 Safari/537.36"
91.240.85.141 - - [29/Jul/2026:05:11:40 +0300] "GET /wp-content/plugins/plh/nuxy//metaboxes/assets/webfonts/google-fonts.json HTTP/1.1" 200 706020 "-" "WordPress/7.0; https://wpface.ru"
167.100.106.199 - - [29/Jul/2026:05:11:40 +0300] "GET /wp-admin/plugins.php HTTP/2.0" 200 214761 "https://wpface.ru/wp-login.php" "Mozilla/5.0 (Windows NT 10.0; Win64; x64) AppleWebKit/537.36 (KHTML, like Gecko) Chrome/145.0.0.0 Safari/537.36"
91.240.85.141 - - [29/Jul/2026:05:11:43 +0300] "GET /wp-content/plugins/plh/nuxy//metaboxes/assets/webfonts/google-fonts.json HTTP/1.1" 200 706020 "-" "WordPress/7.0; https://wpface.ru"
167.100.106.199 - - [29/Jul/2026:05:11:43 +0300] "GET /wp-admin/plugin-install.php HTTP/2.0" 200 210965 "https://wpface.ru/wp-login.php" "Mozilla/5.0 (Windows NT 10.0; Win64; x64) AppleWebKit/537.36 (KHTML, like Gecko) Chrome/145.0.0.0 Safari/537.36"
167.100.106.199 - - [29/Jul/2026:05:11:46 +0300] "POST /wp-admin/admin-ajax.php HTTP/2.0" 200 216 "https://wpface.ru/wp-login.php" "Mozilla/5.0 (Windows NT 10.0; Win64; x64) AppleWebKit/537.36 (KHTML, like Gecko) Chrome/145.0.0.0 Safari/537.36"
167.100.106.199 - - [29/Jul/2026:05:11:48 +0300] "POST /wp-admin/admin-ajax.php HTTP/2.0" 200 186 "https://wpface.ru/wp-login.php" "Mozilla/5.0 (Windows NT 10.0; Win64; x64) AppleWebKit/537.36 (KHTML, like Gecko) Chrome/145.0.0.0 Safari/537.36"
91.240.85.141 - - [29/Jul/2026:05:11:50 +0300] "GET /wp-content/plugins/plh/nuxy//metaboxes/assets/webfonts/google-fonts.json HTTP/1.1" 200 706020 "-" "WordPress/7.0; https://wpface.ru"
167.100.106.199 - - [29/Jul/2026:05:11:50 +0300] "GET /wp-admin/plugins.php?plugin_status=all&paged=1&s HTTP/2.0" 200 214850 "https://wpface.ru/wp-login.php" "Mozilla/5.0 (Windows NT 10.0; Win64; x64) AppleWebKit/537.36 (KHTML, like Gecko) Chrome/145.0.0.0 Safari/537.36"
91.240.85.141 - - [29/Jul/2026:05:14:08 +0300] "GET / HTTP/1.1" 200 15722 "-" "Mozilla/5.0 (X11; Linux x86_64) AppleWebKit/537.36 (KHTML, like Gecko) Chrome/44.0.2403.157 Safari/537.36"
20.87.239.85 - - [29/Jul/2026:05:15:06 +0300] "GET /wp-login.php HTTP/2.0" 200 3557 "-" "Mozilla/5.0 (Windows NT 10.0; Win64; x64) AppleWebKit/537.36 (KHTML, like Gecko) Chrome/150.0.0.0 Safari/537.36"
20.87.239.85 - - [29/Jul/2026:05:15:07 +0300] "POST /wp-login.php HTTP/2.0" 200 3723 "https://wpface.ru/wp-login.php" "Mozilla/5.0 (Windows NT 10.0; Win64; x64) AppleWebKit/537.36 (KHTML, like Gecko) Chrome/150.0.0.0 Safari/537.36"
93.152.221.59 - - [29/Jul/2026:05:15:44 +0300] "POST /?rest_route=/batch/v1 HTTP/1.1" 301 169 "http://wpface.ru/" "Mozilla/5.0 (Windows NT 10.0; Win64; x64) AppleWebKit/537.36 (KHTML, like Gecko) Chrome/126.0.0.0 Safari/537.36"
