93.152.221.59 - - [29/Jul/2026:05:15:44 +0300] "GET /?rest_route=/batch/v1 HTTP/1.1" 404 335 "http://wpface.ru/" "Mozilla/5.0 (Windows NT 10.0; Win64; x64) AppleWebKit/537.36 (KHTML, like Gecko) Chrome/126.0.0.0 Safari/537.36"
212.80.9.235 - - [29/Jul/2026:05:16:48 +0300] "GET /wp-login.php HTTP/2.0" 200 3557 "-" "Mozilla/5.0 (Windows NT 10.0; Win64; x64) AppleWebKit/537.36 (KHTML, like Gecko) Chrome/150.0.0.0 Safari/537.36"
212.80.9.235 - - [29/Jul/2026:05:16:49 +0300] "POST /wp-login.php HTTP/2.0" 200 3804 "https://www.wpface.ru/wp-login.php" "Mozilla/5.0 (Windows NT 10.0; Win64; x64) AppleWebKit/537.36 (KHTML, like Gecko) Chrome/150.0.0.0 Safari/537.36"
45.149.78.11 - - [29/Jul/2026:05:17:24 +0300] "GET / HTTP/2.0" 301 0 "-" "Mozilla/5.0 (Linux; Android 7.0; SM-G892A Build/NRD90M; wv)AppleWebKit/537.36 (KHTML, like Gecko) Chrome/63.0.3239.132 Safari/537.36"
45.149.78.11 - - [29/Jul/2026:05:17:27 +0300] "GET /payment/index.php HTTP/2.0" 404 16 "-" "Mozilla/5.0 (Linux; U; Android 4.4.2; de-de; LG-D620 Build/KOT49I.A1395545709) AppleWebKit/537.36 (KHTML, like Gecko) Version/4.0 Chrome/30.0.1599.103 Mobile Safari/537.36"
103.78.2.68 - - [29/Jul/2026:05:23:42 +0300] "POST /xmlrpc.php HTTP/2.0" 200 439 "-" "Mozilla/5.0 (Windows NT 10.0; Win64; x64) AppleWebKit/537.36 (KHTML, like Gecko) Chrome/150.0.0.0 Safari/537.36"
167.71.218.184 - - [29/Jul/2026:05:23:50 +0300] "GET /wp-login.php HTTP/2.0" 200 3557 "-" "Mozilla/5.0 (Windows NT 10.0; Win64; x64) AppleWebKit/537.36 (KHTML, like Gecko) Chrome/150.0.0.0 Safari/537.36"
167.71.218.184 - - [29/Jul/2026:05:23:50 +0300] "POST /wp-login.php HTTP/2.0" 200 3738 "https://wpface.ru/wp-login.php" "Mozilla/5.0 (Windows NT 10.0; Win64; x64) AppleWebKit/537.36 (KHTML, like Gecko) Chrome/150.0.0.0 Safari/537.36"
46.105.38.210 - - [29/Jul/2026:05:24:02 +0300] "GET /robots.txt HTTP/1.1" 200 121 "-" "Mozilla/5.0 (compatible; MJ12bot/v2.0.5; http://mj12bot.com/)"
91.240.85.141 - - [29/Jul/2026:05:24:04 +0300] "POST /wp-cron.php?doing_wp_cron=1785291844.3803699016571044921875 HTTP/1.1" 200 31 "-" "WordPress/7.0; https://wpface.ru"
46.105.38.210 - - [29/Jul/2026:05:24:04 +0300] "GET / HTTP/1.1" 200 15722 "-" "Mozilla/5.0 (compatible; MJ12bot/v2.0.5; http://mj12bot.com/)"
94.154.35.236 - - [29/Jul/2026:05:26:13 +0300] "HEAD /core.tar.bz2 HTTP/1.1" 301 0 "-" "Mozilla/5.0 (Windows NT 10.0; Win64; x64) AppleWebKit/537.36 (KHTML, like Gecko) Chrome/101.0.4951.67 Safari/537.36"
35.255.18.137 - - [29/Jul/2026:05:26:14 +0300] "GET /robots.txt HTTP/1.1" 301 169 "-" "Mozilla/5.0 AppleWebKit/537.36 (KHTML, like Gecko; compatible; SleepBot/1.0; +http://sleepbot.com/) Chrome/131.0.0.0 Safari/537.36"
91.240.85.141 - - [29/Jul/2026:05:26:14 +0300] "POST /wp-cron.php?doing_wp_cron=1785291974.1782639026641845703125 HTTP/1.1" 200 31 "-" "WordPress/7.0; https://wpface.ru"
94.154.35.236 - - [29/Jul/2026:05:26:14 +0300] "HEAD /core.tar.bz2 HTTP/1.1" 404 0 "-" "Mozilla/5.0 (Windows NT 10.0; Win64; x64) AppleWebKit/537.36 (KHTML, like Gecko) Chrome/101.0.4951.67 Safari/537.36"
35.255.18.137 - - [29/Jul/2026:05:26:14 +0300] "GET /robots.txt HTTP/2.0" 200 110 "http://wpface.ru/robots.txt" "Mozilla/5.0 AppleWebKit/537.36 (KHTML, like Gecko; compatible; SleepBot/1.0; +http://sleepbot.com/) Chrome/131.0.0.0 Safari/537.36"
159.65.81.207 - - [29/Jul/2026:05:27:22 +0300] "POST /xmlrpc.php HTTP/2.0" 200 439 "-" "Mozilla/5.0 (Windows NT 10.0; Win64; x64) AppleWebKit/537.36 (KHTML, like Gecko) Chrome/150.0.0.0 Safari/537.36"
136.112.42.174 - - [29/Jul/2026:05:27:30 +0300] "GET / HTTP/1.1" 301 169 "-" "Mozilla/5.0 AppleWebKit/537.36 (KHTML, like Gecko; compatible; SleepBot/1.0; +http://sleepbot.com/) Chrome/131.0.0.0 Safari/537.36"
136.112.42.174 - - [29/Jul/2026:05:27:31 +0300] "GET / HTTP/2.0" 200 15708 "http://wpface.ru/" "Mozilla/5.0 AppleWebKit/537.36 (KHTML, like Gecko; compatible; SleepBot/1.0; +http://sleepbot.com/) Chrome/131.0.0.0 Safari/537.36"
91.240.85.141 - - [29/Jul/2026:05:28:09 +0300] "POST /wp-cron.php?doing_wp_cron=1785292089.0123798847198486328125 HTTP/1.1" 200 31 "-" "WordPress/7.0; https://wpface.ru"
91.240.85.141 - - [29/Jul/2026:05:28:09 +0300] "GET / HTTP/1.1" 200 15721 "-" "Mozilla/5.0 (X11; Linux x86_64) AppleWebKit/537.36 (KHTML, like Gecko) Chrome/44.0.2403.157 Safari/537.36"
198.38.94.87 - - [29/Jul/2026:05:29:09 +0300] "GET /wp-login.php HTTP/2.0" 200 3557 "-" "Mozilla/5.0 (Windows NT 10.0; Win64; x64) AppleWebKit/537.36 (KHTML, like Gecko) Chrome/150.0.0.0 Safari/537.36"
198.38.94.87 - - [29/Jul/2026:05:29:09 +0300] "POST /wp-login.php HTTP/2.0" 200 3723 "https://www.wpface.ru/wp-login.php" "Mozilla/5.0 (Windows NT 10.0; Win64; x64) AppleWebKit/537.36 (KHTML, like Gecko) Chrome/150.0.0.0 Safari/537.36"
152.228.220.143 - - [29/Jul/2026:05:31:00 +0300] "GET /feed/rss HTTP/1.1" 301 169 "-" "Mozilla/5.0 (X11; Linux i686) AppleWebKit/537.36 (KHTML, like Gecko) Chrome/30.0.1599.66 Safari/537.36"
152.228.220.143 - - [29/Jul/2026:05:31:00 +0300] "GET /feed/rss HTTP/1.1" 301 5 "-" "Mozilla/5.0 (X11; Linux i686) AppleWebKit/537.36 (KHTML, like Gecko) Chrome/30.0.1599.66 Safari/537.36"
152.228.220.143 - - [29/Jul/2026:05:31:00 +0300] "GET /feed HTTP/1.1" 200 78735 "-" "Mozilla/5.0 (X11; Linux i686) AppleWebKit/537.36 (KHTML, like Gecko) Chrome/30.0.1599.66 Safari/537.36"
160.191.139.115 - - [29/Jul/2026:05:31:20 +0300] "POST /xmlrpc.php HTTP/2.0" 200 439 "-" "Mozilla/5.0 (Windows NT 10.0; Win64; x64) AppleWebKit/537.36 (KHTML, like Gecko) Chrome/120.0.0.0 Safari/537.36"
31.59.11.170 - - [29/Jul/2026:05:34:11 +0300] "GET /wp-login.php HTTP/2.0" 200 3557 "-" "Mozilla/5.0 (Windows NT 10.0; Win64; x64) AppleWebKit/537.36 (KHTML, like Gecko) Chrome/145.0.0.0 Safari/537.36"
31.59.11.170 - - [29/Jul/2026:05:34:14 +0300] "POST /wp-login.php HTTP/2.0" 302 0 "https://wpface.ru/wp-login.php" "Mozilla/5.0 (Windows NT 10.0; Win64; x64) AppleWebKit/537.36 (KHTML, like Gecko) Chrome/145.0.0.0 Safari/537.36"
91.240.85.141 - - [29/Jul/2026:05:34:17 +0300] "GET /wp-content/plugins/plh/nuxy//metaboxes/assets/webfonts/google-fonts.json HTTP/1.1" 200 706020 "-" "WordPress/7.0; https://wpface.ru"
31.59.11.170 - - [29/Jul/2026:05:34:18 +0300] "GET /wp-admin/ HTTP/2.0" 200 218519 "https://wpface.ru/wp-login.php" "Mozilla/5.0 (Windows NT 10.0; Win64; x64) AppleWebKit/537.36 (KHTML, like Gecko) Chrome/145.0.0.0 Safari/537.36"
91.240.85.141 - - [29/Jul/2026:05:34:23 +0300] "GET /wp-content/plugins/plh/nuxy//metaboxes/assets/webfonts/google-fonts.json HTTP/1.1" 200 706020 "-" "WordPress/7.0; https://wpface.ru"
31.59.11.170 - - [29/Jul/2026:05:34:23 +0300] "GET /wp-admin/user-new.php HTTP/2.0" 200 200882 "https://wpface.ru/wp-login.php" "Mozilla/5.0 (Windows NT 10.0; Win64; x64) AppleWebKit/537.36 (KHTML, like Gecko) Chrome/145.0.0.0 Safari/537.36"
91.240.85.141 - - [29/Jul/2026:05:34:27 +0300] "GET /wp-content/plugins/plh/nuxy//metaboxes/assets/webfonts/google-fonts.json HTTP/1.1" 200 706020 "-" "WordPress/7.0; https://wpface.ru"
31.59.11.170 - - [29/Jul/2026:05:34:27 +0300] "POST /wp-admin/user-new.php HTTP/2.0" 200 200968 "https://wpface.ru/wp-login.php" "Mozilla/5.0 (Windows NT 10.0; Win64; x64) AppleWebKit/537.36 (KHTML, like Gecko) Chrome/145.0.0.0 Safari/537.36"
91.240.85.141 - - [29/Jul/2026:05:34:30 +0300] "GET /wp-content/plugins/plh/nuxy//metaboxes/assets/webfonts/google-fonts.json HTTP/1.1" 200 706020 "-" "WordPress/7.0; https://wpface.ru"
31.59.11.170 - - [29/Jul/2026:05:34:30 +0300] "GET /wp-admin/plugins.php?plugin_status=all&paged=1&s HTTP/2.0" 200 214632 "https://wpface.ru/wp-login.php" "Mozilla/5.0 (Windows NT 10.0; Win64; x64) AppleWebKit/537.36 (KHTML, like Gecko) Chrome/145.0.0.0 Safari/537.36"
91.240.85.141 - - [29/Jul/2026:05:34:34 +0300] "GET /wp-content/plugins/plh/nuxy//metaboxes/assets/webfonts/google-fonts.json HTTP/1.1" 200 706020 "-" "WordPress/7.0; https://wpface.ru"
31.59.11.170 - - [29/Jul/2026:05:34:34 +0300] "GET /wp-admin/plugins.php HTTP/2.0" 200 214546 "https://wpface.ru/wp-login.php" "Mozilla/5.0 (Windows NT 10.0; Win64; x64) AppleWebKit/537.36 (KHTML, like Gecko) Chrome/145.0.0.0 Safari/537.36"
91.240.85.141 - - [29/Jul/2026:05:34:38 +0300] "GET /wp-content/plugins/plh/nuxy//metaboxes/assets/webfonts/google-fonts.json HTTP/1.1" 200 706020 "-" "WordPress/7.0; https://wpface.ru"
31.59.11.170 - - [29/Jul/2026:05:34:39 +0300] "GET /wp-admin/plugin-install.php HTTP/2.0" 200 210904 "https://wpface.ru/wp-login.php" "Mozilla/5.0 (Windows NT 10.0; Win64; x64) AppleWebKit/537.36 (KHTML, like Gecko) Chrome/145.0.0.0 Safari/537.36"
31.59.11.170 - - [29/Jul/2026:05:34:44 +0300] "POST /wp-admin/admin-ajax.php HTTP/2.0" 200 216 "https://wpface.ru/wp-login.php" "Mozilla/5.0 (Windows NT 10.0; Win64; x64) AppleWebKit/537.36 (KHTML, like Gecko) Chrome/145.0.0.0 Safari/537.36"
31.59.11.170 - - [29/Jul/2026:05:34:46 +0300] "POST /wp-admin/admin-ajax.php HTTP/2.0" 200 186 "https://wpface.ru/wp-login.php" "Mozilla/5.0 (Windows NT 10.0; Win64; x64) AppleWebKit/537.36 (KHTML, like Gecko) Chrome/145.0.0.0 Safari/537.36"
91.240.85.141 - - [29/Jul/2026:05:34:49 +0300] "GET /wp-content/plugins/plh/nuxy//metaboxes/assets/webfonts/google-fonts.json HTTP/1.1" 200 706020 "-" "WordPress/7.0; https://wpface.ru"
31.59.11.170 - - [29/Jul/2026:05:34:49 +0300] "GET /wp-admin/plugins.php?plugin_status=all&paged=1&s HTTP/2.0" 200 214631 "https://wpface.ru/wp-login.php" "Mozilla/5.0 (Windows NT 10.0; Win64; x64) AppleWebKit/537.36 (KHTML, like Gecko) Chrome/145.0.0.0 Safari/537.36"
104.43.48.106 - - [29/Jul/2026:05:35:08 +0300] "POST /xmlrpc.php HTTP/2.0" 200 439 "-" "Mozilla/5.0 (Windows NT 10.0; Win64; x64) AppleWebKit/537.36 (KHTML, like Gecko) Chrome/150.0.0.0 Safari/537.36"
152.228.220.143 - - [29/Jul/2026:05:36:39 +0300] "GET /theme/pc/feed HTTP/1.1" 301 169 "-" "Mozilla/5.0 (X11; Linux i686) AppleWebKit/537.36 (KHTML, like Gecko) Chrome/30.0.1599.66 Safari/537.36"
91.240.85.141 - - [29/Jul/2026:05:36:39 +0300] "POST /wp-cron.php?doing_wp_cron=1785292599.6385691165924072265625 HTTP/1.1" 200 31 "-" "WordPress/7.0; https://wpface.ru"
152.228.220.143 - - [29/Jul/2026:05:36:39 +0300] "GET /theme/pc/feed HTTP/1.1" 404 14344 "-" "Mozilla/5.0 (X11; Linux i686) AppleWebKit/537.36 (KHTML, like Gecko) Chrome/30.0.1599.66 Safari/537.36"
198.38.94.66 - - [29/Jul/2026:05:39:37 +0300] "GET /wp-login.php HTTP/2.0" 200 3557 "-" "Mozilla/5.0 (Windows NT 10.0; Win64; x64) AppleWebKit/537.36 (KHTML, like Gecko) Chrome/150.0.0.0 Safari/537.36"
198.38.94.66 - - [29/Jul/2026:05:39:37 +0300] "POST /wp-login.php HTTP/2.0" 200 3735 "https://wpface.ru/wp-login.php" "Mozilla/5.0 (Windows NT 10.0; Win64; x64) AppleWebKit/537.36 (KHTML, like Gecko) Chrome/150.0.0.0 Safari/537.36"
103.75.185.95 - - [29/Jul/2026:05:41:09 +0300] "GET /wp-login.php HTTP/2.0" 200 3557 "-" "Mozilla/5.0 (Windows NT 10.0; Win64; x64) AppleWebKit/537.36 (KHTML, like Gecko) Chrome/150.0.0.0 Safari/537.36"
103.75.185.95 - - [29/Jul/2026:05:41:09 +0300] "POST /wp-login.php HTTP/2.0" 200 3723 "https://wpface.ru/wp-login.php" "Mozilla/5.0 (Windows NT 10.0; Win64; x64) AppleWebKit/537.36 (KHTML, like Gecko) Chrome/150.0.0.0 Safari/537.36"
35.224.109.12 - - [29/Jul/2026:05:41:13 +0300] "GET /topics/plugins-wordpress HTTP/2.0" 200 16005 "-" "Mozilla/5.0 AppleWebKit/537.36 (KHTML, like Gecko; compatible; SleepBot/1.0; +http://sleepbot.com/) Chrome/131.0.0.0 Safari/537.36"
184.168.126.180 - - [29/Jul/2026:05:41:28 +0300] "POST /xmlrpc.php HTTP/2.0" 200 439 "-" "Mozilla/5.0 (Windows NT 10.0; Win64; x64) AppleWebKit/537.36 (KHTML, like Gecko) Chrome/150.0.0.0 Safari/537.36"
91.240.85.141 - - [29/Jul/2026:05:42:08 +0300] "GET / HTTP/1.1" 200 15721 "-" "Mozilla/5.0 (X11; Linux x86_64) AppleWebKit/537.36 (KHTML, like Gecko) Chrome/44.0.2403.157 Safari/537.36"
72.167.132.114 - - [29/Jul/2026:05:42:28 +0300] "GET /wp-login.php HTTP/2.0" 200 3557 "-" "Mozilla/5.0 (Windows NT 10.0; Win64; x64) AppleWebKit/537.36 (KHTML, like Gecko) Chrome/150.0.0.0 Safari/537.36"
72.167.132.114 - - [29/Jul/2026:05:42:29 +0300] "POST /wp-login.php HTTP/2.0" 200 3804 "https://www.wpface.ru/wp-login.php" "Mozilla/5.0 (Windows NT 10.0; Win64; x64) AppleWebKit/537.36 (KHTML, like Gecko) Chrome/150.0.0.0 Safari/537.36"
124.221.17.88 - - [29/Jul/2026:05:43:40 +0300] "GET /wp-json/wp/v2/posts HTTP/1.1" 301 169 "-" "Mozilla/5.0 (Windows NT 10.0; Win64; x64) AppleWebKit/537.36 (KHTML, like Gecko) Chrome/120.0.0.0 Safari/537.36"
185.133.206.152 - - [29/Jul/2026:05:45:13 +0300] "POST /xmlrpc.php HTTP/2.0" 200 439 "-" "Mozilla/5.0 (Windows NT 10.0; Win64; x64) AppleWebKit/537.36 (KHTML, like Gecko) Chrome/150.0.0.0 Safari/537.36"
135.148.171.117 - - [29/Jul/2026:05:49:00 +0300] "GET /wp-login.php HTTP/2.0" 200 3557 "-" "Mozilla/5.0 (Windows NT 10.0; Win64; x64) AppleWebKit/537.36 (KHTML, like Gecko) Chrome/150.0.0.0 Safari/537.36"
135.148.171.117 - - [29/Jul/2026:05:49:01 +0300] "POST /wp-login.php HTTP/2.0" 200 3738 "https://wpface.ru/wp-login.php" "Mozilla/5.0 (Windows NT 10.0; Win64; x64) AppleWebKit/537.36 (KHTML, like Gecko) Chrome/150.0.0.0 Safari/537.36"
94.154.35.236 - - [29/Jul/2026:05:49:57 +0300] "HEAD /admin.tar.bz2 HTTP/1.1" 301 0 "-" "Mozilla/5.0 (Windows NT 10.0; Win64; x64) AppleWebKit/537.36 (KHTML, like Gecko) Chrome/101.0.4951.67 Safari/537.36"
94.154.35.236 - - [29/Jul/2026:05:49:57 +0300] "HEAD /admin.tar.bz2 HTTP/1.1" 404 0 "-" "Mozilla/5.0 (Windows NT 10.0; Win64; x64) AppleWebKit/537.36 (KHTML, like Gecko) Chrome/101.0.4951.67 Safari/537.36"
213.171.211.213 - - [29/Jul/2026:05:50:35 +0300] "POST /xmlrpc.php HTTP/2.0" 200 439 "-" "Mozilla/5.0 (Windows NT 10.0; Win64; x64) AppleWebKit/537.36 (KHTML, like Gecko) Chrome/150.0.0.0 Safari/537.36"
94.51.42.125 - - [29/Jul/2026:05:52:40 +0300] "HEAD / HTTP/1.1" 301 0 "-" "-"
103.7.8.125 - - [29/Jul/2026:05:53:10 +0300] "POST /xmlrpc.php HTTP/2.0" 200 439 "-" "Mozilla/5.0 (Windows NT 10.0; Win64; x64) AppleWebKit/537.36 (KHTML, like Gecko) Chrome/150.0.0.0 Safari/537.36"
45.90.123.233 - - [29/Jul/2026:05:53:39 +0300] "POST /xmlrpc.php HTTP/2.0" 200 439 "-" "Mozilla/5.0 (Windows NT 10.0; Win64; x64) AppleWebKit/537.36 (KHTML, like Gecko) Chrome/150.0.0.0 Safari/537.36"
43.164.196.47 - - [29/Jul/2026:05:55:08 +0300] "GET / HTTP/1.1" 301 169 "-" "Mozilla/5.0 (iPhone; CPU iPhone OS 13_2_3 like Mac OS X) AppleWebKit/605.1.15 (KHTML, like Gecko) Version/13.0.3 Mobile/15E148 Safari/604.1"
43.164.196.47 - - [29/Jul/2026:05:55:10 +0300] "GET / HTTP/1.1" 200 15721 "http://wpface.ru" "Mozilla/5.0 (iPhone; CPU iPhone OS 13_2_3 like Mac OS X) AppleWebKit/605.1.15 (KHTML, like Gecko) Version/13.0.3 Mobile/15E148 Safari/604.1"
91.240.85.141 - - [29/Jul/2026:05:56:07 +0300] "GET / HTTP/1.1" 200 15721 "-" "Mozilla/5.0 (X11; Linux x86_64) AppleWebKit/537.36 (KHTML, like Gecko) Chrome/44.0.2403.157 Safari/537.36"
202.51.202.242 - - [29/Jul/2026:05:56:11 +0300] "GET /wp-login.php HTTP/2.0" 200 3557 "-" "Mozilla/5.0 (Windows NT 10.0; Win64; x64) AppleWebKit/537.36 (KHTML, like Gecko) Chrome/150.0.0.0 Safari/537.36"
202.51.202.242 - - [29/Jul/2026:05:56:15 +0300] "POST /wp-login.php HTTP/2.0" 200 3735 "https://wpface.ru/wp-login.php" "Mozilla/5.0 (Windows NT 10.0; Win64; x64) AppleWebKit/537.36 (KHTML, like Gecko) Chrome/150.0.0.0 Safari/537.36"
74.7.230.8 - - [29/Jul/2026:05:57:32 +0300] "GET /robots.txt HTTP/2.0" 200 110 "-" "Mozilla/5.0 (Macintosh; Intel Mac OS X 10_15_7) AppleWebKit/537.36 (KHTML, like Gecko) Chrome/131.0.0.0 Safari/537.36; compatible; OAI-SearchBot/1.4; robots.txt; +https://openai.com/searchbot"
74.7.243.210 - - [29/Jul/2026:05:57:35 +0300] "GET /wp-sitemap.xml HTTP/2.0" 200 507 "-" "Mozilla/5.0 AppleWebKit/537.36 (KHTML, like Gecko; compatible; GPTBot/1.4; +https://openai.com/gptbot)"
91.240.85.141 - - [29/Jul/2026:06:00:11 +0300] "GET / HTTP/1.1" 200 15718 "-" "Mozilla/5.0 (X11; Linux x86_64) AppleWebKit/537.36 (KHTML, like Gecko) Chrome/44.0.2403.157 Safari/537.36"
37.59.204.145 - - [29/Jul/2026:06:01:51 +0300] "GET /wp-sitemap.xml HTTP/2.0" 200 507 "-" "Mozilla/5.0 (compatible; AhrefsBot/7.0; +http://ahrefs.com/robot/)"
54.37.118.80 - - [29/Jul/2026:06:02:02 +0300] "GET /wp-sitemap-posts-post-1.xml HTTP/2.0" 200 8160 "-" "Mozilla/5.0 (compatible; AhrefsBot/7.0; +http://ahrefs.com/robot/)"
51.75.236.143 - - [29/Jul/2026:06:02:12 +0300] "GET /wp-sitemap-posts-page-1.xml HTTP/2.0" 200 720 "-" "Mozilla/5.0 (compatible; AhrefsBot/7.0; +http://ahrefs.com/robot/)"
176.31.139.29 - - [29/Jul/2026:06:03:07 +0300] "GET /wp-sitemap-users-1.xml HTTP/2.0" 200 306 "-" "Mozilla/5.0 (compatible; AhrefsBot/7.0; +http://ahrefs.com/robot/)"
198.38.94.67 - - [29/Jul/2026:06:04:50 +0300] "POST /xmlrpc.php HTTP/2.0" 200 439 "-" "Mozilla/5.0 (Windows NT 10.0; Win64; x64) AppleWebKit/537.36 (KHTML, like Gecko) Chrome/150.0.0.0 Safari/537.36"
192.250.239.173 - - [29/Jul/2026:06:07:02 +0300] "POST /xmlrpc.php HTTP/2.0" 200 439 "-" "Mozilla/5.0 (Windows NT 10.0; Win64; x64) AppleWebKit/537.36 (KHTML, like Gecko) Chrome/150.0.0.0 Safari/537.36"
185.146.22.242 - - [29/Jul/2026:06:07:19 +0300] "GET /wp-login.php HTTP/2.0" 200 3557 "-" "Mozilla/5.0 (Windows NT 10.0; Win64; x64) AppleWebKit/537.36 (KHTML, like Gecko) Chrome/150.0.0.0 Safari/537.36"
135.148.171.117 - - [29/Jul/2026:06:10:49 +0300] "POST /xmlrpc.php HTTP/2.0" 200 439 "-" "Mozilla/5.0 (Windows NT 10.0; Win64; x64) AppleWebKit/537.36 (KHTML, like Gecko) Chrome/150.0.0.0 Safari/537.36"
160.250.130.168 - - [29/Jul/2026:06:12:56 +0300] "GET /wp-login.php HTTP/2.0" 200 3557 "-" "Mozilla/5.0 (Windows NT 10.0; Win64; x64) AppleWebKit/537.36 (KHTML, like Gecko) Chrome/150.0.0.0 Safari/537.36"
160.250.130.168 - - [29/Jul/2026:06:12:56 +0300] "POST /wp-login.php HTTP/2.0" 200 3735 "https://wpface.ru/wp-login.php" "Mozilla/5.0 (Windows NT 10.0; Win64; x64) AppleWebKit/537.36 (KHTML, like Gecko) Chrome/150.0.0.0 Safari/537.36"
195.130.35.148 - - [29/Jul/2026:06:13:45 +0300] "GET /wp-login.php HTTP/2.0" 200 3557 "-" "Mozilla/5.0 (Windows NT 10.0; Win64; x64) AppleWebKit/537.36 (KHTML, like Gecko) Chrome/150.0.0.0 Safari/537.36"
195.130.35.148 - - [29/Jul/2026:06:13:45 +0300] "POST /wp-login.php HTTP/2.0" 200 3738 "https://wpface.ru/wp-login.php" "Mozilla/5.0 (Windows NT 10.0; Win64; x64) AppleWebKit/537.36 (KHTML, like Gecko) Chrome/150.0.0.0 Safari/537.36"
94.154.35.236 - - [29/Jul/2026:06:14:03 +0300] "HEAD /%D0%B0%D0%B4%D0%BC%D0%B8%D0%BD.tar.bz2 HTTP/1.1" 301 0 "-" "Mozilla/5.0 (Windows NT 10.0; Win64; x64) AppleWebKit/537.36 (KHTML, like Gecko) Chrome/101.0.4951.67 Safari/537.36"
94.154.35.236 - - [29/Jul/2026:06:14:04 +0300] "HEAD /%D0%B0%D0%B4%D0%BC%D0%B8%D0%BD.tar.bz2 HTTP/1.1" 404 0 "-" "Mozilla/5.0 (Windows NT 10.0; Win64; x64) AppleWebKit/537.36 (KHTML, like Gecko) Chrome/101.0.4951.67 Safari/537.36"
91.240.85.141 - - [29/Jul/2026:06:14:08 +0300] "GET / HTTP/1.1" 200 15721 "-" "Mozilla/5.0 (X11; Linux x86_64) AppleWebKit/537.36 (KHTML, like Gecko) Chrome/44.0.2403.157 Safari/537.36"
94.130.11.28 - - [29/Jul/2026:06:15:27 +0300] "POST /xmlrpc.php HTTP/2.0" 200 439 "-" "Mozilla/5.0 (Windows NT 10.0; Win64; x64) AppleWebKit/537.36 (KHTML, like Gecko) Chrome/150.0.0.0 Safari/537.36"
91.240.85.141 - - [29/Jul/2026:06:25:30 +0300] "POST /wp-cron.php?doing_wp_cron=1785295530.9563329219818115234375 HTTP/1.1" 200 31 "-" "WordPress/7.0; https://wpface.ru"
103.138.189.71 - - [29/Jul/2026:06:25:30 +0300] "GET /wp-login.php HTTP/2.0" 200 3557 "-" "Mozilla/5.0 (Windows NT 10.0; Win64; x64) AppleWebKit/537.36 (KHTML, like Gecko) Chrome/150.0.0.0 Safari/537.36"
103.138.189.71 - - [29/Jul/2026:06:25:31 +0300] "POST /wp-login.php HTTP/2.0" 200 3723 "https://wpface.ru/wp-login.php" "Mozilla/5.0 (Windows NT 10.0; Win64; x64) AppleWebKit/537.36 (KHTML, like Gecko) Chrome/150.0.0.0 Safari/537.36"
91.240.85.141 - - [29/Jul/2026:06:26:52 +0300] "POST /wp-cron.php?doing_wp_cron=1785295612.9090061187744140625000 HTTP/1.1" 200 31 "-" "WordPress/7.0; https://wpface.ru"
195.130.35.148 - - [29/Jul/2026:06:26:52 +0300] "GET /wp-login.php HTTP/2.0" 200 3557 "-" "Mozilla/5.0 (Windows NT 10.0; Win64; x64) AppleWebKit/537.36 (KHTML, like Gecko) Chrome/150.0.0.0 Safari/537.36"
195.130.35.148 - - [29/Jul/2026:06:26:53 +0300] "POST /wp-login.php HTTP/2.0" 200 3723 "https://wpface.ru/wp-login.php" "Mozilla/5.0 (Windows NT 10.0; Win64; x64) AppleWebKit/537.36 (KHTML, like Gecko) Chrome/150.0.0.0 Safari/537.36"
91.240.85.141 - - [29/Jul/2026:06:28:07 +0300] "GET / HTTP/1.1" 200 15721 "-" "Mozilla/5.0 (X11; Linux x86_64) AppleWebKit/537.36 (KHTML, like Gecko) Chrome/44.0.2403.157 Safari/537.36"
66.102.9.203 - - [29/Jul/2026:06:29:06 +0300] "HEAD /feed HTTP/1.1" 301 0 "-" "FeedBurner/1.0 (http://www.FeedBurner.com)"
91.240.85.141 - - [29/Jul/2026:06:29:07 +0300] "POST /wp-cron.php?doing_wp_cron=1785295747.0060269832611083984375 HTTP/1.1" 200 31 "-" "WordPress/7.0; https://wpface.ru"
66.102.9.202 - - [29/Jul/2026:06:29:07 +0300] "HEAD /feed HTTP/1.1" 200 0 "-" "FeedBurner/1.0 (http://www.FeedBurner.com)"
185.12.124.78 - - [29/Jul/2026:06:33:31 +0300] "GET / HTTP/1.1" 301 169 "WPFACE.RU" "Mozilla/5.0 (compatible; BackupLand/1.0; https://go.backupland.com/; Domain check for viruses;)"
185.12.124.78 - - [29/Jul/2026:06:33:31 +0300] "GET / HTTP/1.1" 200 15721 "WPFACE.RU" "Mozilla/5.0 (compatible; BackupLand/1.0; https://go.backupland.com/; Domain check for viruses;)"
5.161.225.162 - - [29/Jul/2026:06:34:18 +0300] "GET /wp-login.php HTTP/2.0" 200 3557 "-" "Mozilla/5.0 (Windows NT 10.0; Win64; x64) AppleWebKit/537.36 (KHTML, like Gecko) Chrome/150.0.0.0 Safari/537.36"
5.161.225.162 - - [29/Jul/2026:06:34:19 +0300] "POST /wp-login.php HTTP/2.0" 200 3735 "https://wpface.ru/wp-login.php" "Mozilla/5.0 (Windows NT 10.0; Win64; x64) AppleWebKit/537.36 (KHTML, like Gecko) Chrome/150.0.0.0 Safari/537.36"
57.128.47.115 - - [29/Jul/2026:06:36:28 +0300] "POST /xmlrpc.php HTTP/2.0" 200 439 "-" "Mozilla/5.0 (Windows NT 10.0; Win64; x64) AppleWebKit/537.36 (KHTML, like Gecko) Chrome/150.0.0.0 Safari/537.36"
94.154.35.236 - - [29/Jul/2026:06:38:38 +0300] "HEAD /dump.tar.bz2 HTTP/1.1" 301 0 "-" "Mozilla/5.0 (Windows NT 10.0; Win64; x64) AppleWebKit/537.36 (KHTML, like Gecko) Chrome/101.0.4951.67 Safari/537.36"
94.154.35.236 - - [29/Jul/2026:06:38:39 +0300] "HEAD /dump.tar.bz2 HTTP/1.1" 404 0 "-" "Mozilla/5.0 (Windows NT 10.0; Win64; x64) AppleWebKit/537.36 (KHTML, like Gecko) Chrome/101.0.4951.67 Safari/537.36"
47.128.63.47 - - [29/Jul/2026:06:40:10 +0300] "GET /robots.txt HTTP/1.1" 200 121 "-" "Mozilla/5.0 (Linux; Android 5.0) AppleWebKit/537.36 (KHTML, like Gecko) Mobile Safari/537.36 (compatible; Bytespider; spider-feedback@bytedance.com)"
5.255.231.185 - - [29/Jul/2026:06:41:01 +0300] "GET /robots.txt HTTP/1.1" 200 121 "-" "Mozilla/5.0 (compatible; YandexBot/3.0; +http://yandex.com/bots)"
213.180.203.186 - - [29/Jul/2026:06:41:02 +0300] "GET /wp-sitemap.xml HTTP/2.0" 200 507 "-" "Mozilla/5.0 (compatible; YandexBot/3.0; +http://yandex.com/bots)"
91.240.85.141 - - [29/Jul/2026:06:42:09 +0300] "GET / HTTP/1.1" 200 15722 "-" "Mozilla/5.0 (X11; Linux x86_64) AppleWebKit/537.36 (KHTML, like Gecko) Chrome/44.0.2403.157 Safari/537.36"
167.71.218.184 - - [29/Jul/2026:06:44:41 +0300] "POST /xmlrpc.php HTTP/2.0" 200 439 "-" "Mozilla/5.0 (Windows NT 10.0; Win64; x64) AppleWebKit/537.36 (KHTML, like Gecko) Chrome/150.0.0.0 Safari/537.36"
206.232.75.36 - - [29/Jul/2026:06:49:56 +0300] "GET /wp-login.php HTTP/2.0" 200 3557 "-" "Mozilla/5.0 (Windows NT 10.0; Win64; x64) AppleWebKit/537.36 (KHTML, like Gecko) Chrome/145.0.0.0 Safari/537.36"
206.232.75.36 - - [29/Jul/2026:06:49:58 +0300] "POST /wp-login.php HTTP/2.0" 302 0 "https://wpface.ru/wp-login.php" "Mozilla/5.0 (Windows NT 10.0; Win64; x64) AppleWebKit/537.36 (KHTML, like Gecko) Chrome/145.0.0.0 Safari/537.36"
91.240.85.141 - - [29/Jul/2026:06:50:00 +0300] "GET /wp-content/plugins/plh/nuxy//metaboxes/assets/webfonts/google-fonts.json HTTP/1.1" 200 706020 "-" "WordPress/7.0; https://wpface.ru"
216.38.28.47 - - [29/Jul/2026:06:50:03 +0300] "GET /wp-login.php HTTP/2.0" 200 3557 "-" "Mozilla/5.0 (Windows NT 10.0; Win64; x64) AppleWebKit/537.36 (KHTML, like Gecko) Chrome/150.0.0.0 Safari/537.36"
206.232.75.36 - - [29/Jul/2026:06:50:03 +0300] "GET /wp-admin/ HTTP/2.0" 200 218508 "https://wpface.ru/wp-login.php" "Mozilla/5.0 (Windows NT 10.0; Win64; x64) AppleWebKit/537.36 (KHTML, like Gecko) Chrome/145.0.0.0 Safari/537.36"
216.38.28.47 - - [29/Jul/2026:06:50:03 +0300] "POST /wp-login.php HTTP/2.0" 200 3723 "https://wpface.ru/wp-login.php" "Mozilla/5.0 (Windows NT 10.0; Win64; x64) AppleWebKit/537.36 (KHTML, like Gecko) Chrome/150.0.0.0 Safari/537.36"
91.240.85.141 - - [29/Jul/2026:06:50:07 +0300] "GET /wp-content/plugins/plh/nuxy//metaboxes/assets/webfonts/google-fonts.json HTTP/1.1" 200 706020 "-" "WordPress/7.0; https://wpface.ru"
206.232.75.36 - - [29/Jul/2026:06:50:08 +0300] "GET /wp-admin/user-new.php HTTP/2.0" 200 200908 "https://wpface.ru/wp-login.php" "Mozilla/5.0 (Windows NT 10.0; Win64; x64) AppleWebKit/537.36 (KHTML, like Gecko) Chrome/145.0.0.0 Safari/537.36"
91.240.85.141 - - [29/Jul/2026:06:50:12 +0300] "GET /wp-content/plugins/plh/nuxy//metaboxes/assets/webfonts/google-fonts.json HTTP/1.1" 200 706020 "-" "WordPress/7.0; https://wpface.ru"
206.232.75.36 - - [29/Jul/2026:06:50:13 +0300] "POST /wp-admin/user-new.php HTTP/2.0" 200 200986 "https://wpface.ru/wp-login.php" "Mozilla/5.0 (Windows NT 10.0; Win64; x64) AppleWebKit/537.36 (KHTML, like Gecko) Chrome/145.0.0.0 Safari/537.36"
91.240.85.141 - - [29/Jul/2026:06:50:17 +0300] "GET /wp-content/plugins/plh/nuxy//metaboxes/assets/webfonts/google-fonts.json HTTP/1.1" 200 706020 "-" "WordPress/7.0; https://wpface.ru"
206.232.75.36 - - [29/Jul/2026:06:50:18 +0300] "GET /wp-admin/plugins.php?plugin_status=all&paged=1&s HTTP/2.0" 200 214936 "https://wpface.ru/wp-login.php" "Mozilla/5.0 (Windows NT 10.0; Win64; x64) AppleWebKit/537.36 (KHTML, like Gecko) Chrome/145.0.0.0 Safari/537.36"
91.240.85.141 - - [29/Jul/2026:06:50:23 +0300] "GET /wp-content/plugins/plh/nuxy//metaboxes/assets/webfonts/google-fonts.json HTTP/1.1" 200 706020 "-" "WordPress/7.0; https://wpface.ru"
206.232.75.36 - - [29/Jul/2026:06:50:23 +0300] "GET /wp-admin/plugins.php HTTP/2.0" 200 214851 "https://wpface.ru/wp-login.php" "Mozilla/5.0 (Windows NT 10.0; Win64; x64) AppleWebKit/537.36 (KHTML, like Gecko) Chrome/145.0.0.0 Safari/537.36"
91.240.85.141 - - [29/Jul/2026:06:50:29 +0300] "GET /wp-content/plugins/plh/nuxy//metaboxes/assets/webfonts/google-fonts.json HTTP/1.1" 200 706020 "-" "WordPress/7.0; https://wpface.ru"
206.232.75.36 - - [29/Jul/2026:06:50:29 +0300] "GET /wp-admin/plugin-install.php HTTP/2.0" 200 210972 "https://wpface.ru/wp-login.php" "Mozilla/5.0 (Windows NT 10.0; Win64; x64) AppleWebKit/537.36 (KHTML, like Gecko) Chrome/145.0.0.0 Safari/537.36"
206.232.75.36 - - [29/Jul/2026:06:50:33 +0300] "POST /wp-admin/admin-ajax.php HTTP/2.0" 200 216 "https://wpface.ru/wp-login.php" "Mozilla/5.0 (Windows NT 10.0; Win64; x64) AppleWebKit/537.36 (KHTML, like Gecko) Chrome/145.0.0.0 Safari/537.36"
206.232.75.36 - - [29/Jul/2026:06:50:36 +0300] "POST /wp-admin/admin-ajax.php HTTP/2.0" 200 186 "https://wpface.ru/wp-login.php" "Mozilla/5.0 (Windows NT 10.0; Win64; x64) AppleWebKit/537.36 (KHTML, like Gecko) Chrome/145.0.0.0 Safari/537.36"
91.240.85.141 - - [29/Jul/2026:06:50:39 +0300] "GET /wp-content/plugins/plh/nuxy//metaboxes/assets/webfonts/google-fonts.json HTTP/1.1" 200 706020 "-" "WordPress/7.0; https://wpface.ru"
206.232.75.36 - - [29/Jul/2026:06:50:39 +0300] "GET /wp-admin/plugins.php?plugin_status=all&paged=1&s HTTP/2.0" 200 214939 "https://wpface.ru/wp-login.php" "Mozilla/5.0 (Windows NT 10.0; Win64; x64) AppleWebKit/537.36 (KHTML, like Gecko) Chrome/145.0.0.0 Safari/537.36"
168.138.197.172 - - [29/Jul/2026:06:51:20 +0300] "GET /wp-login.php HTTP/2.0" 200 3557 "-" "Mozilla/5.0 (Windows NT 10.0; Win64; x64) AppleWebKit/537.36 (KHTML, like Gecko) Chrome/150.0.0.0 Safari/537.36"
168.138.197.172 - - [29/Jul/2026:06:51:22 +0300] "POST /wp-login.php HTTP/2.0" 200 3804 "https://www.wpface.ru/wp-login.php" "Mozilla/5.0 (Windows NT 10.0; Win64; x64) AppleWebKit/537.36 (KHTML, like Gecko) Chrome/150.0.0.0 Safari/537.36"
167.71.218.184 - - [29/Jul/2026:06:55:51 +0300] "POST /xmlrpc.php HTTP/2.0" 200 439 "-" "Mozilla/5.0 (Windows NT 10.0; Win64; x64) AppleWebKit/537.36 (KHTML, like Gecko) Chrome/150.0.0.0 Safari/537.36"
91.240.85.141 - - [29/Jul/2026:06:56:07 +0300] "GET / HTTP/1.1" 200 15720 "-" "Mozilla/5.0 (X11; Linux x86_64) AppleWebKit/537.36 (KHTML, like Gecko) Chrome/44.0.2403.157 Safari/537.36"
135.148.171.117 - - [29/Jul/2026:06:57:25 +0300] "GET /wp-login.php HTTP/2.0" 200 3557 "-" "Mozilla/5.0 (Windows NT 10.0; Win64; x64) AppleWebKit/537.36 (KHTML, like Gecko) Chrome/150.0.0.0 Safari/537.36"
135.148.171.117 - - [29/Jul/2026:06:57:26 +0300] "POST /wp-login.php HTTP/2.0" 200 3735 "https://wpface.ru/wp-login.php" "Mozilla/5.0 (Windows NT 10.0; Win64; x64) AppleWebKit/537.36 (KHTML, like Gecko) Chrome/150.0.0.0 Safari/537.36"
103.7.8.125 - - [29/Jul/2026:06:58:34 +0300] "GET /wp-login.php HTTP/2.0" 200 3557 "-" "Mozilla/5.0 (Windows NT 10.0; Win64; x64) AppleWebKit/537.36 (KHTML, like Gecko) Chrome/150.0.0.0 Safari/537.36"
103.7.8.125 - - [29/Jul/2026:06:58:34 +0300] "POST /wp-login.php HTTP/2.0" 200 3738 "https://wpface.ru/wp-login.php" "Mozilla/5.0 (Windows NT 10.0; Win64; x64) AppleWebKit/537.36 (KHTML, like Gecko) Chrome/150.0.0.0 Safari/537.36"
121.200.216.55 - - [29/Jul/2026:06:59:54 +0300] "POST /xmlrpc.php HTTP/2.0" 200 439 "-" "Mozilla/5.0 (Windows NT 10.0; Win64; x64) AppleWebKit/537.36 (KHTML, like Gecko) Chrome/150.0.0.0 Safari/537.36"
91.240.85.141 - - [29/Jul/2026:07:00:10 +0300] "GET / HTTP/1.1" 200 15721 "-" "Mozilla/5.0 (X11; Linux x86_64) AppleWebKit/537.36 (KHTML, like Gecko) Chrome/44.0.2403.157 Safari/537.36"
194.61.28.72 - - [29/Jul/2026:07:00:15 +0300] "POST /xmlrpc.php HTTP/2.0" 200 439 "-" "Mozilla/5.0 (Windows NT 10.0; Win64; x64) AppleWebKit/537.36 (KHTML, like Gecko) Chrome/150.0.0.0 Safari/537.36"
94.154.35.236 - - [29/Jul/2026:07:03:25 +0300] "HEAD /bitrix.bz2 HTTP/1.1" 301 0 "-" "Mozilla/5.0 (Windows NT 10.0; Win64; x64) AppleWebKit/537.36 (KHTML, like Gecko) Chrome/101.0.4951.67 Safari/537.36"
94.154.35.236 - - [29/Jul/2026:07:03:25 +0300] "HEAD /bitrix.bz2 HTTP/1.1" 404 0 "-" "Mozilla/5.0 (Windows NT 10.0; Win64; x64) AppleWebKit/537.36 (KHTML, like Gecko) Chrome/101.0.4951.67 Safari/537.36"
43.135.182.95 - - [29/Jul/2026:07:04:17 +0300] "GET / HTTP/1.1" 301 169 "-" "Mozilla/5.0 (iPhone; CPU iPhone OS 13_2_3 like Mac OS X) AppleWebKit/605.1.15 (KHTML, like Gecko) Version/13.0.3 Mobile/15E148 Safari/604.1"
43.135.182.95 - - [29/Jul/2026:07:04:18 +0300] "GET / HTTP/1.1" 301 5 "http://www.wpface.ru" "Mozilla/5.0 (iPhone; CPU iPhone OS 13_2_3 like Mac OS X) AppleWebKit/605.1.15 (KHTML, like Gecko) Version/13.0.3 Mobile/15E148 Safari/604.1"
43.135.182.95 - - [29/Jul/2026:07:04:20 +0300] "GET / HTTP/1.1" 200 15722 "https://www.wpface.ru/" "Mozilla/5.0 (iPhone; CPU iPhone OS 13_2_3 like Mac OS X) AppleWebKit/605.1.15 (KHTML, like Gecko) Version/13.0.3 Mobile/15E148 Safari/604.1"
185.252.86.65 - - [29/Jul/2026:07:07:44 +0300] "POST /xmlrpc.php HTTP/2.0" 200 439 "-" "Mozilla/5.0 (Windows NT 10.0; Win64; x64) AppleWebKit/537.36 (KHTML, like Gecko) Chrome/150.0.0.0 Safari/537.36"
160.119.64.32 - - [29/Jul/2026:07:13:32 +0300] "GET /wp-login.php HTTP/2.0" 200 3557 "-" "Mozilla/5.0 (Windows NT 10.0; Win64; x64) AppleWebKit/537.36 (KHTML, like Gecko) Chrome/150.0.0.0 Safari/537.36"
160.119.64.32 - - [29/Jul/2026:07:13:32 +0300] "POST /wp-login.php HTTP/2.0" 200 3804 "https://www.wpface.ru/wp-login.php" "Mozilla/5.0 (Windows NT 10.0; Win64; x64) AppleWebKit/537.36 (KHTML, like Gecko) Chrome/150.0.0.0 Safari/537.36"
91.240.85.141 - - [29/Jul/2026:07:14:08 +0300] "GET / HTTP/1.1" 200 15722 "-" "Mozilla/5.0 (X11; Linux x86_64) AppleWebKit/537.36 (KHTML, like Gecko) Chrome/44.0.2403.157 Safari/537.36"
45.148.10.120 - - [29/Jul/2026:07:15:50 +0300] "GET /.git/config HTTP/1.1" 404 14343 "-" "Mozilla/5.0 (X11; Linux i686; rv:1.9.6.20) Gecko/ Firefox/3.6.17"
66.249.93.140 - - [29/Jul/2026:07:16:25 +0300] "HEAD /feed HTTP/1.1" 301 0 "-" "FeedBurner/1.0 (http://www.FeedBurner.com)"
66.249.93.142 - - [29/Jul/2026:07:16:25 +0300] "HEAD /feed HTTP/1.1" 200 0 "-" "FeedBurner/1.0 (http://www.FeedBurner.com)"
195.130.35.148 - - [29/Jul/2026:07:17:58 +0300] "POST /xmlrpc.php HTTP/2.0" 200 439 "-" "Mozilla/5.0 (Windows NT 10.0; Win64; x64) AppleWebKit/537.36 (KHTML, like Gecko) Chrome/150.0.0.0 Safari/537.36"
195.130.35.148 - - [29/Jul/2026:07:19:27 +0300] "GET /wp-login.php HTTP/2.0" 200 3557 "-" "Mozilla/5.0 (Windows NT 10.0; Win64; x64) AppleWebKit/537.36 (KHTML, like Gecko) Chrome/150.0.0.0 Safari/537.36"
195.130.35.148 - - [29/Jul/2026:07:19:27 +0300] "POST /wp-login.php HTTP/2.0" 200 3735 "https://wpface.ru/wp-login.php" "Mozilla/5.0 (Windows NT 10.0; Win64; x64) AppleWebKit/537.36 (KHTML, like Gecko) Chrome/150.0.0.0 Safari/537.36"
121.200.216.55 - - [29/Jul/2026:07:20:23 +0300] "GET /wp-login.php HTTP/2.0" 200 3557 "-" "Mozilla/5.0 (Windows NT 10.0; Win64; x64) AppleWebKit/537.36 (KHTML, like Gecko) Chrome/150.0.0.0 Safari/537.36"
121.200.216.55 - - [29/Jul/2026:07:20:23 +0300] "POST /wp-login.php HTTP/2.0" 200 3738 "https://wpface.ru/wp-login.php" "Mozilla/5.0 (Windows NT 10.0; Win64; x64) AppleWebKit/537.36 (KHTML, like Gecko) Chrome/150.0.0.0 Safari/537.36"
159.75.55.41 - - [29/Jul/2026:07:22:27 +0300] "POST /xmlrpc.php HTTP/2.0" 200 439 "-" "Mozilla/5.0 (Windows NT 10.0; Win64; x64) AppleWebKit/537.36 (KHTML, like Gecko) Chrome/150.0.0.0 Safari/537.36"
91.240.85.141 - - [29/Jul/2026:07:25:08 +0300] "POST /wp-cron.php?doing_wp_cron=1785299108.8561210632324218750000 HTTP/1.1" 200 31 "-" "WordPress/7.0; https://wpface.ru"
45.90.123.233 - - [29/Jul/2026:07:25:08 +0300] "GET /wp-login.php HTTP/2.0" 200 3557 "-" "Mozilla/5.0 (Windows NT 10.0; Win64; x64) AppleWebKit/537.36 (KHTML, like Gecko) Chrome/150.0.0.0 Safari/537.36"
45.90.123.233 - - [29/Jul/2026:07:25:09 +0300] "POST /wp-login.php HTTP/2.0" 200 3723 "https://wpface.ru/wp-login.php" "Mozilla/5.0 (Windows NT 10.0; Win64; x64) AppleWebKit/537.36 (KHTML, like Gecko) Chrome/150.0.0.0 Safari/537.36"
41.76.213.235 - - [29/Jul/2026:07:25:27 +0300] "POST /xmlrpc.php HTTP/2.0" 200 439 "-" "Mozilla/5.0 (Windows NT 10.0; Win64; x64) AppleWebKit/537.36 (KHTML, like Gecko) Chrome/150.0.0.0 Safari/537.36"
91.240.85.141 - - [29/Jul/2026:07:28:09 +0300] "POST /wp-cron.php?doing_wp_cron=1785299289.5394740104675292968750 HTTP/1.1" 200 31 "-" "WordPress/7.0; https://wpface.ru"
91.240.85.141 - - [29/Jul/2026:07:28:09 +0300] "GET / HTTP/1.1" 200 15718 "-" "Mozilla/5.0 (X11; Linux x86_64) AppleWebKit/537.36 (KHTML, like Gecko) Chrome/44.0.2403.157 Safari/537.36"
94.154.35.236 - - [29/Jul/2026:07:28:27 +0300] "HEAD /modx.bz2 HTTP/1.1" 301 0 "-" "Mozilla/5.0 (Windows NT 10.0; Win64; x64) AppleWebKit/537.36 (KHTML, like Gecko) Chrome/101.0.4951.67 Safari/537.36"
94.154.35.236 - - [29/Jul/2026:07:28:28 +0300] "HEAD /modx.bz2 HTTP/1.1" 404 0 "-" "Mozilla/5.0 (Windows NT 10.0; Win64; x64) AppleWebKit/537.36 (KHTML, like Gecko) Chrome/101.0.4951.67 Safari/537.36"
137.74.93.36 - - [29/Jul/2026:07:28:44 +0300] "POST /xmlrpc.php HTTP/1.1" 200 453 "-" "Mozilla/5.0 (Windows NT 10.0) AppleWebKit/537.43 (KHTML, like Gecko) Chrome/140.0.0.0 Safari/537.36 OPR/124.0.0.0"
91.240.85.141 - - [29/Jul/2026:07:30:09 +0300] "POST /wp-cron.php?doing_wp_cron=1785299409.8049149513244628906250 HTTP/1.1" 200 31 "-" "WordPress/7.0; https://wpface.ru"
20.54.134.42 - - [29/Jul/2026:07:30:09 +0300] "POST /xmlrpc.php HTTP/2.0" 200 439 "-" "Mozilla/5.0 (Windows NT 10.0; Win64; x64) AppleWebKit/537.36 (KHTML, like Gecko) Chrome/150.0.0.0 Safari/537.36"
5.250.184.45 - - [29/Jul/2026:07:34:36 +0300] "GET /wp-login.php HTTP/2.0" 200 3557 "-" "Mozilla/5.0 (Windows NT 10.0; Win64; x64) AppleWebKit/537.36 (KHTML, like Gecko) Chrome/150.0.0.0 Safari/537.36"
5.250.184.45 - - [29/Jul/2026:07:34:37 +0300] "POST /wp-login.php HTTP/2.0" 200 3723 "https://wpface.ru/wp-login.php" "Mozilla/5.0 (Windows NT 10.0; Win64; x64) AppleWebKit/537.36 (KHTML, like Gecko) Chrome/150.0.0.0 Safari/537.36"
135.148.171.117 - - [29/Jul/2026:07:40:37 +0300] "POST /xmlrpc.php HTTP/2.0" 200 439 "-" "Mozilla/5.0 (Windows NT 10.0; Win64; x64) AppleWebKit/537.36 (KHTML, like Gecko) Chrome/150.0.0.0 Safari/537.36"
91.240.85.141 - - [29/Jul/2026:07:42:08 +0300] "GET / HTTP/1.1" 200 15721 "-" "Mozilla/5.0 (X11; Linux x86_64) AppleWebKit/537.36 (KHTML, like Gecko) Chrome/44.0.2403.157 Safari/537.36"
204.236.249.97 - - [29/Jul/2026:07:42:41 +0300] "GET / HTTP/1.1" 200 15719 "-" "Mozilla/5.0 (Macintosh; Intel Mac OS X 10_15_7) AppleWebKit/537.36 (KHTML, like Gecko) Chrome/131.0.0.0 Safari/537.36"
204.236.249.97 - - [29/Jul/2026:07:42:41 +0300] "POST / HTTP/1.1" 200 15720 "-" "Mozilla/5.0 (Macintosh; Intel Mac OS X 10_15_7) AppleWebKit/537.36 (KHTML, like Gecko) Chrome/131.0.0.0 Safari/537.36"
204.236.249.97 - - [29/Jul/2026:07:42:41 +0300] "POST / HTTP/1.1" 200 15720 "-" "Mozilla/5.0 (Macintosh; Intel Mac OS X 10_15_7) AppleWebKit/537.36 (KHTML, like Gecko) Chrome/131.0.0.0 Safari/537.36"
204.236.249.97 - - [29/Jul/2026:07:42:41 +0300] "POST / HTTP/1.1" 200 15721 "-" "Mozilla/5.0 (Macintosh; Intel Mac OS X 10_15_7) AppleWebKit/537.36 (KHTML, like Gecko) Chrome/131.0.0.0 Safari/537.36"
204.236.249.97 - - [29/Jul/2026:07:42:41 +0300] "GET /.git/config HTTP/1.1" 404 14337 "-" "Mozilla/5.0 (Macintosh; Intel Mac OS X 10_15_7) AppleWebKit/537.36 (KHTML, like Gecko) Chrome/131.0.0.0 Safari/537.36"
204.236.249.97 - - [29/Jul/2026:07:42:42 +0300] "POST / HTTP/1.1" 200 15721 "-" "Mozilla/5.0 (Macintosh; Intel Mac OS X 10_15_7) AppleWebKit/537.36 (KHTML, like Gecko) Chrome/131.0.0.0 Safari/537.36"
204.236.249.97 - - [29/Jul/2026:07:42:42 +0300] "GET /.env HTTP/1.1" 404 14344 "-" "Mozilla/5.0 (Macintosh; Intel Mac OS X 10_15_7) AppleWebKit/537.36 (KHTML, like Gecko) Chrome/131.0.0.0 Safari/537.36"
204.236.249.97 - - [29/Jul/2026:07:42:42 +0300] "GET /.env.local HTTP/1.1" 404 14343 "-" "Mozilla/5.0 (Macintosh; Intel Mac OS X 10_15_7) AppleWebKit/537.36 (KHTML, like Gecko) Chrome/131.0.0.0 Safari/537.36"
204.236.249.97 - - [29/Jul/2026:07:42:42 +0300] "GET /.env.production HTTP/1.1" 404 14343 "-" "Mozilla/5.0 (Macintosh; Intel Mac OS X 10_15_7) AppleWebKit/537.36 (KHTML, like Gecko) Chrome/131.0.0.0 Safari/537.36"
204.236.249.97 - - [29/Jul/2026:07:42:42 +0300] "GET /.env.staging HTTP/1.1" 404 14345 "-" "Mozilla/5.0 (Macintosh; Intel Mac OS X 10_15_7) AppleWebKit/537.36 (KHTML, like Gecko) Chrome/131.0.0.0 Safari/537.36"
204.236.249.97 - - [29/Jul/2026:07:42:43 +0300] "GET /.env.development HTTP/1.1" 404 14344 "-" "Mozilla/5.0 (Macintosh; Intel Mac OS X 10_15_7) AppleWebKit/537.36 (KHTML, like Gecko) Chrome/131.0.0.0 Safari/537.36"
204.236.249.97 - - [29/Jul/2026:07:42:43 +0300] "GET /.env.test HTTP/1.1" 404 14343 "-" "Mozilla/5.0 (Macintosh; Intel Mac OS X 10_15_7) AppleWebKit/537.36 (KHTML, like Gecko) Chrome/131.0.0.0 Safari/537.36"
204.236.249.97 - - [29/Jul/2026:07:42:43 +0300] "GET /.env.remote HTTP/1.1" 404 14339 "-" "Mozilla/5.0 (Macintosh; Intel Mac OS X 10_15_7) AppleWebKit/537.36 (KHTML, like Gecko) Chrome/131.0.0.0 Safari/537.36"
204.236.249.97 - - [29/Jul/2026:07:42:43 +0300] "GET /.env.bak HTTP/1.1" 404 14343 "-" "Mozilla/5.0 (Macintosh; Intel Mac OS X 10_15_7) AppleWebKit/537.36 (KHTML, like Gecko) Chrome/131.0.0.0 Safari/537.36"
204.236.249.97 - - [29/Jul/2026:07:42:43 +0300] "GET /.env.backup HTTP/1.1" 404 14344 "-" "Mozilla/5.0 (Macintosh; Intel Mac OS X 10_15_7) AppleWebKit/537.36 (KHTML, like Gecko) Chrome/131.0.0.0 Safari/537.36"
204.236.249.97 - - [29/Jul/2026:07:42:44 +0300] "GET /.env.save HTTP/1.1" 404 14343 "-" "Mozilla/5.0 (Macintosh; Intel Mac OS X 10_15_7) AppleWebKit/537.36 (KHTML, like Gecko) Chrome/131.0.0.0 Safari/537.36"
204.236.249.97 - - [29/Jul/2026:07:42:44 +0300] "GET /.env.old HTTP/1.1" 404 14343 "-" "Mozilla/5.0 (Macintosh; Intel Mac OS X 10_15_7) AppleWebKit/537.36 (KHTML, like Gecko) Chrome/131.0.0.0 Safari/537.36"
204.236.249.97 - - [29/Jul/2026:07:42:44 +0300] "GET /.env.sample HTTP/1.1" 404 14343 "-" "Mozilla/5.0 (Macintosh; Intel Mac OS X 10_15_7) AppleWebKit/537.36 (KHTML, like Gecko) Chrome/131.0.0.0 Safari/537.36"
204.236.249.97 - - [29/Jul/2026:07:42:44 +0300] "GET /.env.example HTTP/1.1" 404 14343 "-" "Mozilla/5.0 (Macintosh; Intel Mac OS X 10_15_7) AppleWebKit/537.36 (KHTML, like Gecko) Chrome/131.0.0.0 Safari/537.36"
204.236.249.97 - - [29/Jul/2026:07:42:44 +0300] "GET /.env.dev HTTP/1.1" 404 14343 "-" "Mozilla/5.0 (Macintosh; Intel Mac OS X 10_15_7) AppleWebKit/537.36 (KHTML, like Gecko) Chrome/131.0.0.0 Safari/537.36"
204.236.249.97 - - [29/Jul/2026:07:42:45 +0300] "GET /.env.prod HTTP/1.1" 404 14341 "-" "Mozilla/5.0 (Macintosh; Intel Mac OS X 10_15_7) AppleWebKit/537.36 (KHTML, like Gecko) Chrome/131.0.0.0 Safari/537.36"
204.236.249.97 - - [29/Jul/2026:07:42:45 +0300] "GET /.env.stage HTTP/1.1" 404 14343 "-" "Mozilla/5.0 (Macintosh; Intel Mac OS X 10_15_7) AppleWebKit/537.36 (KHTML, like Gecko) Chrome/131.0.0.0 Safari/537.36"
204.236.249.97 - - [29/Jul/2026:07:42:45 +0300] "GET /.env.ci HTTP/1.1" 404 14339 "-" "Mozilla/5.0 (Macintosh; Intel Mac OS X 10_15_7) AppleWebKit/537.36 (KHTML, like Gecko) Chrome/131.0.0.0 Safari/537.36"
204.236.249.97 - - [29/Jul/2026:07:42:45 +0300] "GET /.env.docker HTTP/1.1" 404 14343 "-" "Mozilla/5.0 (Macintosh; Intel Mac OS X 10_15_7) AppleWebKit/537.36 (KHTML, like Gecko) Chrome/131.0.0.0 Safari/537.36"
204.236.249.97 - - [29/Jul/2026:07:42:45 +0300] "GET /.env.live HTTP/1.1" 404 14341 "-" "Mozilla/5.0 (Macintosh; Intel Mac OS X 10_15_7) AppleWebKit/537.36 (KHTML, like Gecko) Chrome/131.0.0.0 Safari/537.36"
204.236.249.97 - - [29/Jul/2026:07:42:45 +0300] "GET /.env.preprod HTTP/1.1" 404 14343 "-" "Mozilla/5.0 (Macintosh; Intel Mac OS X 10_15_7) AppleWebKit/537.36 (KHTML, like Gecko) Chrome/131.0.0.0 Safari/537.36"
204.236.249.97 - - [29/Jul/2026:07:42:46 +0300] "GET /.env.uat HTTP/1.1" 404 14344 "-" "Mozilla/5.0 (Macintosh; Intel Mac OS X 10_15_7) AppleWebKit/537.36 (KHTML, like Gecko) Chrome/131.0.0.0 Safari/537.36"
204.236.249.97 - - [29/Jul/2026:07:42:46 +0300] "GET /.env.dist HTTP/1.1" 404 14343 "-" "Mozilla/5.0 (Macintosh; Intel Mac OS X 10_15_7) AppleWebKit/537.36 (KHTML, like Gecko) Chrome/131.0.0.0 Safari/537.36"
204.236.249.97 - - [29/Jul/2026:07:42:46 +0300] "GET /.env.swp HTTP/1.1" 404 14343 "-" "Mozilla/5.0 (Macintosh; Intel Mac OS X 10_15_7) AppleWebKit/537.36 (KHTML, like Gecko) Chrome/131.0.0.0 Safari/537.36"
204.236.249.97 - - [29/Jul/2026:07:42:46 +0300] "GET /.env~ HTTP/1.1" 404 14345 "-" "Mozilla/5.0 (Macintosh; Intel Mac OS X 10_15_7) AppleWebKit/537.36 (KHTML, like Gecko) Chrome/131.0.0.0 Safari/537.36"
204.236.249.97 - - [29/Jul/2026:07:42:46 +0300] "GET /.env1 HTTP/1.1" 404 14343 "-" "Mozilla/5.0 (Macintosh; Intel Mac OS X 10_15_7) AppleWebKit/537.36 (KHTML, like Gecko) Chrome/131.0.0.0 Safari/537.36"
204.236.249.97 - - [29/Jul/2026:07:42:47 +0300] "GET /.env2 HTTP/1.1" 404 14342 "-" "Mozilla/5.0 (Macintosh; Intel Mac OS X 10_15_7) AppleWebKit/537.36 (KHTML, like Gecko) Chrome/131.0.0.0 Safari/537.36"
204.236.249.97 - - [29/Jul/2026:07:42:47 +0300] "GET /.env_copy HTTP/1.1" 404 14343 "-" "Mozilla/5.0 (Macintosh; Intel Mac OS X 10_15_7) AppleWebKit/537.36 (KHTML, like Gecko) Chrome/131.0.0.0 Safari/537.36"
204.236.249.97 - - [29/Jul/2026:07:42:47 +0300] "GET /.env.txt HTTP/1.1" 404 14341 "-" "Mozilla/5.0 (Macintosh; Intel Mac OS X 10_15_7) AppleWebKit/537.36 (KHTML, like Gecko) Chrome/131.0.0.0 Safari/537.36"
204.236.249.97 - - [29/Jul/2026:07:42:47 +0300] "GET /.env.json HTTP/1.1" 404 14344 "-" "Mozilla/5.0 (Macintosh; Intel Mac OS X 10_15_7) AppleWebKit/537.36 (KHTML, like Gecko) Chrome/131.0.0.0 Safari/537.36"
204.236.249.97 - - [29/Jul/2026:07:42:47 +0300] "GET /.env.yaml HTTP/1.1" 404 14343 "-" "Mozilla/5.0 (Macintosh; Intel Mac OS X 10_15_7) AppleWebKit/537.36 (KHTML, like Gecko) Chrome/131.0.0.0 Safari/537.36"
204.236.249.97 - - [29/Jul/2026:07:42:48 +0300] "GET /.env.yml HTTP/1.1" 404 14343 "-" "Mozilla/5.0 (Macintosh; Intel Mac OS X 10_15_7) AppleWebKit/537.36 (KHTML, like Gecko) Chrome/131.0.0.0 Safari/537.36"
204.236.249.97 - - [29/Jul/2026:07:42:48 +0300] "GET /app/.env HTTP/1.1" 404 14343 "-" "Mozilla/5.0 (Macintosh; Intel Mac OS X 10_15_7) AppleWebKit/537.36 (KHTML, like Gecko) Chrome/131.0.0.0 Safari/537.36"
204.236.249.97 - - [29/Jul/2026:07:42:48 +0300] "GET /apps/.env HTTP/1.1" 404 14340 "-" "Mozilla/5.0 (Macintosh; Intel Mac OS X 10_15_7) AppleWebKit/537.36 (KHTML, like Gecko) Chrome/131.0.0.0 Safari/537.36"
204.236.249.97 - - [29/Jul/2026:07:42:48 +0300] "GET /api/.env HTTP/1.1" 404 14343 "-" "Mozilla/5.0 (Macintosh; Intel Mac OS X 10_15_7) AppleWebKit/537.36 (KHTML, like Gecko) Chrome/131.0.0.0 Safari/537.36"
204.236.249.97 - - [29/Jul/2026:07:42:48 +0300] "GET /web/.env HTTP/1.1" 404 14343 "-" "Mozilla/5.0 (Macintosh; Intel Mac OS X 10_15_7) AppleWebKit/537.36 (KHTML, like Gecko) Chrome/131.0.0.0 Safari/537.36"
204.236.249.97 - - [29/Jul/2026:07:42:48 +0300] "GET /site/.env HTTP/1.1" 404 14343 "-" "Mozilla/5.0 (Macintosh; Intel Mac OS X 10_15_7) AppleWebKit/537.36 (KHTML, like Gecko) Chrome/131.0.0.0 Safari/537.36"
204.236.249.97 - - [29/Jul/2026:07:42:49 +0300] "GET /public/.env HTTP/1.1" 404 14343 "-" "Mozilla/5.0 (Macintosh; Intel Mac OS X 10_15_7) AppleWebKit/537.36 (KHTML, like Gecko) Chrome/131.0.0.0 Safari/537.36"
204.236.249.97 - - [29/Jul/2026:07:42:49 +0300] "GET /admin/.env HTTP/1.1" 404 14340 "-" "Mozilla/5.0 (Macintosh; Intel Mac OS X 10_15_7) AppleWebKit/537.36 (KHTML, like Gecko) Chrome/131.0.0.0 Safari/537.36"
204.236.249.97 - - [29/Jul/2026:07:42:49 +0300] "GET /backend/.env HTTP/1.1" 404 14345 "-" "Mozilla/5.0 (Macintosh; Intel Mac OS X 10_15_7) AppleWebKit/537.36 (KHTML, like Gecko) Chrome/131.0.0.0 Safari/537.36"
204.236.249.97 - - [29/Jul/2026:07:42:49 +0300] "GET /server/.env HTTP/1.1" 404 14344 "-" "Mozilla/5.0 (Macintosh; Intel Mac OS X 10_15_7) AppleWebKit/537.36 (KHTML, like Gecko) Chrome/131.0.0.0 Safari/537.36"
204.236.249.97 - - [29/Jul/2026:07:42:49 +0300] "GET /frontend/.env HTTP/1.1" 404 14345 "-" "Mozilla/5.0 (Macintosh; Intel Mac OS X 10_15_7) AppleWebKit/537.36 (KHTML, like Gecko) Chrome/131.0.0.0 Safari/537.36"
204.236.249.97 - - [29/Jul/2026:07:42:50 +0300] "GET /src/.env HTTP/1.1" 404 14346 "-" "Mozilla/5.0 (Macintosh; Intel Mac OS X 10_15_7) AppleWebKit/537.36 (KHTML, like Gecko) Chrome/131.0.0.0 Safari/537.36"
204.236.249.97 - - [29/Jul/2026:07:42:50 +0300] "GET /core/.env HTTP/1.1" 404 14343 "-" "Mozilla/5.0 (Macintosh; Intel Mac OS X 10_15_7) AppleWebKit/537.36 (KHTML, like Gecko) Chrome/131.0.0.0 Safari/537.36"
204.236.249.97 - - [29/Jul/2026:07:42:50 +0300] "GET /core/app/.env HTTP/1.1" 404 14343 "-" "Mozilla/5.0 (Macintosh; Intel Mac OS X 10_15_7) AppleWebKit/537.36 (KHTML, like Gecko) Chrome/131.0.0.0 Safari/537.36"
204.236.249.97 - - [29/Jul/2026:07:42:50 +0300] "GET /config/.env HTTP/1.1" 404 14342 "-" "Mozilla/5.0 (Macintosh; Intel Mac OS X 10_15_7) AppleWebKit/537.36 (KHTML, like Gecko) Chrome/131.0.0.0 Safari/537.36"
204.236.249.97 - - [29/Jul/2026:07:42:50 +0300] "GET /private/.env HTTP/1.1" 404 14343 "-" "Mozilla/5.0 (Macintosh; Intel Mac OS X 10_15_7) AppleWebKit/537.36 (KHTML, like Gecko) Chrome/131.0.0.0 Safari/537.36"
204.236.249.97 - - [29/Jul/2026:07:42:50 +0300] "GET /application/.env HTTP/1.1" 404 14342 "-" "Mozilla/5.0 (Macintosh; Intel Mac OS X 10_15_7) AppleWebKit/537.36 (KHTML, like Gecko) Chrome/131.0.0.0 Safari/537.36"
204.236.249.97 - - [29/Jul/2026:07:42:51 +0300] "GET /bootstrap/.env HTTP/1.1" 404 14342 "-" "Mozilla/5.0 (Macintosh; Intel Mac OS X 10_15_7) AppleWebKit/537.36 (KHTML, like Gecko) Chrome/131.0.0.0 Safari/537.36"
204.236.249.97 - - [29/Jul/2026:07:42:51 +0300] "GET /database/.env HTTP/1.1" 404 14345 "-" "Mozilla/5.0 (Macintosh; Intel Mac OS X 10_15_7) AppleWebKit/537.36 (KHTML, like Gecko) Chrome/131.0.0.0 Safari/537.36"
204.236.249.97 - - [29/Jul/2026:07:42:51 +0300] "GET /storage/.env HTTP/1.1" 404 14341 "-" "Mozilla/5.0 (Macintosh; Intel Mac OS X 10_15_7) AppleWebKit/537.36 (KHTML, like Gecko) Chrome/131.0.0.0 Safari/537.36"
204.236.249.97 - - [29/Jul/2026:07:42:51 +0300] "GET /var/www/.env HTTP/1.1" 404 14345 "-" "Mozilla/5.0 (Macintosh; Intel Mac OS X 10_15_7) AppleWebKit/537.36 (KHTML, like Gecko) Chrome/131.0.0.0 Safari/537.36"
204.236.249.97 - - [29/Jul/2026:07:42:51 +0300] "GET /var/www/html/.env HTTP/1.1" 404 14343 "-" "Mozilla/5.0 (Macintosh; Intel Mac OS X 10_15_7) AppleWebKit/537.36 (KHTML, like Gecko) Chrome/131.0.0.0 Safari/537.36"
204.236.249.97 - - [29/Jul/2026:07:42:52 +0300] "GET /current/.env HTTP/1.1" 404 14343 "-" "Mozilla/5.0 (Macintosh; Intel Mac OS X 10_15_7) AppleWebKit/537.36 (KHTML, like Gecko) Chrome/131.0.0.0 Safari/537.36"
204.236.249.97 - - [29/Jul/2026:07:42:52 +0300] "GET /release/.env HTTP/1.1" 404 14345 "-" "Mozilla/5.0 (Macintosh; Intel Mac OS X 10_15_7) AppleWebKit/537.36 (KHTML, like Gecko) Chrome/131.0.0.0 Safari/537.36"
204.236.249.97 - - [29/Jul/2026:07:42:52 +0300] "GET /releases/.env HTTP/1.1" 404 14343 "-" "Mozilla/5.0 (Macintosh; Intel Mac OS X 10_15_7) AppleWebKit/537.36 (KHTML, like Gecko) Chrome/131.0.0.0 Safari/537.36"
204.236.249.97 - - [29/Jul/2026:07:42:52 +0300] "GET /shared/.env HTTP/1.1" 404 14341 "-" "Mozilla/5.0 (Macintosh; Intel Mac OS X 10_15_7) AppleWebKit/537.36 (KHTML, like Gecko) Chrome/131.0.0.0 Safari/537.36"
204.236.249.97 - - [29/Jul/2026:07:42:52 +0300] "GET /deploy/.env HTTP/1.1" 404 14344 "-" "Mozilla/5.0 (Macintosh; Intel Mac OS X 10_15_7) AppleWebKit/537.36 (KHTML, like Gecko) Chrome/131.0.0.0 Safari/537.36"
204.236.249.97 - - [29/Jul/2026:07:42:53 +0300] "GET /build/.env HTTP/1.1" 404 14345 "-" "Mozilla/5.0 (Macintosh; Intel Mac OS X 10_15_7) AppleWebKit/537.36 (KHTML, like Gecko) Chrome/131.0.0.0 Safari/537.36"
