213.209.159.223 - - [29/Jul/2026:01:54:42 +0300] "GET /.env.production HTTP/1.1" 404 57634 "-" "Mozilla/5.0 (Windows NT 6.2) AppleWebKit/537.36 (KHTML, like Gecko) Chrome/38.0.2125.111 Safari/537.36 OPR/25.0.1614.68"
213.209.159.223 - - [29/Jul/2026:01:54:42 +0300] "GET /.env.development HTTP/1.1" 404 57634 "-" "Mozilla/5.0 (Windows NT 6.2) AppleWebKit/537.36 (KHTML, like Gecko) Chrome/38.0.2125.111 Safari/537.36 OPR/25.0.1614.68"
213.209.159.223 - - [29/Jul/2026:01:54:42 +0300] "GET /.env.dev HTTP/1.1" 404 57626 "-" "Mozilla/5.0 (Windows NT 6.2) AppleWebKit/537.36 (KHTML, like Gecko) Chrome/38.0.2125.111 Safari/537.36 OPR/25.0.1614.68"
213.209.159.223 - - [29/Jul/2026:01:54:42 +0300] "GET /.env.staging HTTP/1.1" 404 57634 "-" "Mozilla/5.0 (Windows NT 6.2) AppleWebKit/537.36 (KHTML, like Gecko) Chrome/38.0.2125.111 Safari/537.36 OPR/25.0.1614.68"
213.209.159.223 - - [29/Jul/2026:01:54:43 +0300] "GET /.env.test HTTP/1.1" 404 57634 "-" "Mozilla/5.0 (Windows NT 6.2) AppleWebKit/537.36 (KHTML, like Gecko) Chrome/38.0.2125.111 Safari/537.36 OPR/25.0.1614.68"
213.209.159.223 - - [29/Jul/2026:01:54:43 +0300] "GET /.env.example HTTP/1.1" 404 57630 "-" "Mozilla/5.0 (Windows NT 6.2) AppleWebKit/537.36 (KHTML, like Gecko) Chrome/38.0.2125.111 Safari/537.36 OPR/25.0.1614.68"
213.209.159.223 - - [29/Jul/2026:01:54:43 +0300] "GET /.env.backup HTTP/1.1" 404 57634 "-" "Mozilla/5.0 (Windows NT 6.2) AppleWebKit/537.36 (KHTML, like Gecko) Chrome/38.0.2125.111 Safari/537.36 OPR/25.0.1614.68"
213.209.159.223 - - [29/Jul/2026:01:54:43 +0300] "GET /.envrc HTTP/1.1" 404 57634 "-" "Mozilla/5.0 (Windows NT 6.2) AppleWebKit/537.36 (KHTML, like Gecko) Chrome/38.0.2125.111 Safari/537.36 OPR/25.0.1614.68"
213.209.159.223 - - [29/Jul/2026:01:54:44 +0300] "GET /.aws/config HTTP/1.1" 404 57630 "-" "Mozilla/5.0 (Windows NT 6.2) AppleWebKit/537.36 (KHTML, like Gecko) Chrome/38.0.2125.111 Safari/537.36 OPR/25.0.1614.68"
213.209.159.223 - - [29/Jul/2026:01:54:44 +0300] "GET /.aws/credentials HTTP/1.1" 404 57634 "-" "Mozilla/5.0 (Windows NT 6.2) AppleWebKit/537.36 (KHTML, like Gecko) Chrome/38.0.2125.111 Safari/537.36 OPR/25.0.1614.68"
213.209.159.223 - - [29/Jul/2026:01:54:44 +0300] "GET /config.json HTTP/1.1" 404 57634 "-" "Mozilla/5.0 (Windows NT 6.2) AppleWebKit/537.36 (KHTML, like Gecko) Chrome/38.0.2125.111 Safari/537.36 OPR/25.0.1614.68"
213.209.159.223 - - [29/Jul/2026:01:54:44 +0300] "GET /config.js HTTP/1.1" 404 57634 "-" "Mozilla/5.0 (Windows NT 6.2) AppleWebKit/537.36 (KHTML, like Gecko) Chrome/38.0.2125.111 Safari/537.36 OPR/25.0.1614.68"
213.209.159.223 - - [29/Jul/2026:01:54:45 +0300] "GET /config.yaml HTTP/1.1" 404 57634 "-" "Mozilla/5.0 (Windows NT 6.2) AppleWebKit/537.36 (KHTML, like Gecko) Chrome/38.0.2125.111 Safari/537.36 OPR/25.0.1614.68"
213.209.159.223 - - [29/Jul/2026:01:54:45 +0300] "GET /config.yml HTTP/1.1" 404 57634 "-" "Mozilla/5.0 (Windows NT 6.2) AppleWebKit/537.36 (KHTML, like Gecko) Chrome/38.0.2125.111 Safari/537.36 OPR/25.0.1614.68"
213.209.159.223 - - [29/Jul/2026:01:54:45 +0300] "GET /config.xml HTTP/1.1" 404 57634 "-" "Mozilla/5.0 (Windows NT 6.2) AppleWebKit/537.36 (KHTML, like Gecko) Chrome/38.0.2125.111 Safari/537.36 OPR/25.0.1614.68"
213.209.159.223 - - [29/Jul/2026:01:54:45 +0300] "GET /config.ini HTTP/1.1" 404 57634 "-" "Mozilla/5.0 (Windows NT 6.2) AppleWebKit/537.36 (KHTML, like Gecko) Chrome/38.0.2125.111 Safari/537.36 OPR/25.0.1614.68"
213.209.159.223 - - [29/Jul/2026:01:54:46 +0300] "GET /configuration.json HTTP/1.1" 404 57634 "-" "Mozilla/5.0 (Windows NT 6.2) AppleWebKit/537.36 (KHTML, like Gecko) Chrome/38.0.2125.111 Safari/537.36 OPR/25.0.1614.68"
213.209.159.223 - - [29/Jul/2026:01:54:46 +0300] "GET /configuration.yaml HTTP/1.1" 404 57626 "-" "Mozilla/5.0 (Windows NT 6.2) AppleWebKit/537.36 (KHTML, like Gecko) Chrome/38.0.2125.111 Safari/537.36 OPR/25.0.1614.68"
213.209.159.223 - - [29/Jul/2026:01:54:46 +0300] "GET /configuration.xml HTTP/1.1" 404 57634 "-" "Mozilla/5.0 (Windows NT 6.2) AppleWebKit/537.36 (KHTML, like Gecko) Chrome/38.0.2125.111 Safari/537.36 OPR/25.0.1614.68"
213.209.159.223 - - [29/Jul/2026:01:54:46 +0300] "GET /settings.json HTTP/1.1" 404 57634 "-" "Mozilla/5.0 (Windows NT 6.2) AppleWebKit/537.36 (KHTML, like Gecko) Chrome/38.0.2125.111 Safari/537.36 OPR/25.0.1614.68"
213.209.159.223 - - [29/Jul/2026:01:54:47 +0300] "GET /settings.py HTTP/1.1" 404 57634 "-" "Mozilla/5.0 (Windows NT 6.2) AppleWebKit/537.36 (KHTML, like Gecko) Chrome/38.0.2125.111 Safari/537.36 OPR/25.0.1614.68"
213.209.159.223 - - [29/Jul/2026:01:54:47 +0300] "GET /settings.php HTTP/1.1" 404 27 "-" "Mozilla/5.0 (Windows NT 6.2) AppleWebKit/537.36 (KHTML, like Gecko) Chrome/38.0.2125.111 Safari/537.36 OPR/25.0.1614.68"
213.209.159.223 - - [29/Jul/2026:01:54:47 +0300] "GET /settings.ini HTTP/1.1" 404 57634 "-" "Mozilla/5.0 (Windows NT 6.2) AppleWebKit/537.36 (KHTML, like Gecko) Chrome/38.0.2125.111 Safari/537.36 OPR/25.0.1614.68"
213.209.159.223 - - [29/Jul/2026:01:54:47 +0300] "GET /application.properties HTTP/1.1" 404 57634 "-" "Mozilla/5.0 (Windows NT 6.2) AppleWebKit/537.36 (KHTML, like Gecko) Chrome/38.0.2125.111 Safari/537.36 OPR/25.0.1614.68"
213.209.159.223 - - [29/Jul/2026:01:54:48 +0300] "GET /application.yml HTTP/1.1" 404 57634 "-" "Mozilla/5.0 (Windows NT 6.2) AppleWebKit/537.36 (KHTML, like Gecko) Chrome/38.0.2125.111 Safari/537.36 OPR/25.0.1614.68"
213.209.159.223 - - [29/Jul/2026:01:54:48 +0300] "GET /application.yaml HTTP/1.1" 404 57634 "-" "Mozilla/5.0 (Windows NT 6.2) AppleWebKit/537.36 (KHTML, like Gecko) Chrome/38.0.2125.111 Safari/537.36 OPR/25.0.1614.68"
213.209.159.223 - - [29/Jul/2026:01:54:48 +0300] "GET /secrets.yml HTTP/1.1" 404 57634 "-" "Mozilla/5.0 (Windows NT 6.2) AppleWebKit/537.36 (KHTML, like Gecko) Chrome/38.0.2125.111 Safari/537.36 OPR/25.0.1614.68"
213.209.159.223 - - [29/Jul/2026:01:54:48 +0300] "GET /secrets.yaml HTTP/1.1" 404 57634 "-" "Mozilla/5.0 (Windows NT 6.2) AppleWebKit/537.36 (KHTML, like Gecko) Chrome/38.0.2125.111 Safari/537.36 OPR/25.0.1614.68"
213.209.159.223 - - [29/Jul/2026:01:54:49 +0300] "GET /secrets.json HTTP/1.1" 404 57634 "-" "Mozilla/5.0 (Windows NT 6.2) AppleWebKit/537.36 (KHTML, like Gecko) Chrome/38.0.2125.111 Safari/537.36 OPR/25.0.1614.68"
213.209.159.223 - - [29/Jul/2026:01:54:49 +0300] "GET /credentials.json HTTP/1.1" 404 57630 "-" "Mozilla/5.0 (Windows NT 6.2) AppleWebKit/537.36 (KHTML, like Gecko) Chrome/38.0.2125.111 Safari/537.36 OPR/25.0.1614.68"
213.209.159.223 - - [29/Jul/2026:01:54:50 +0300] "GET /credentials.xml HTTP/1.1" 404 57634 "-" "Mozilla/5.0 (Windows NT 6.2) AppleWebKit/537.36 (KHTML, like Gecko) Chrome/38.0.2125.111 Safari/537.36 OPR/25.0.1614.68"
64.23.142.230 - - [29/Jul/2026:01:55:00 +0300] "GET / HTTP/1.1" 200 15724 "-" "httpx - Open-source project (github.com/projectdiscovery/httpx)"
91.240.85.141 - - [29/Jul/2026:01:56:08 +0300] "GET / HTTP/1.1" 200 15725 "-" "Mozilla/5.0 (X11; Linux x86_64) AppleWebKit/537.36 (KHTML, like Gecko) Chrome/44.0.2403.157 Safari/537.36"
66.249.64.128 - - [29/Jul/2026:01:56:47 +0300] "GET /topics/scripts-php HTTP/1.1" 200 15169 "-" "Mozilla/5.0 (Linux; Android 6.0.1; Nexus 5X Build/MMB29P) AppleWebKit/537.36 (KHTML, like Gecko) Chrome/150.0.7871.128 Mobile Safari/537.36 (compatible; Googlebot/2.1; +http://www.google.com/bot.html)"
45.146.192.214 - - [29/Jul/2026:01:56:59 +0300] "POST /xmlrpc.php HTTP/2.0" 200 439 "-" "Mozilla/5.0 (Windows NT 10.0; Win64; x64) AppleWebKit/537.36 (KHTML, like Gecko) Chrome/150.0.0.0 Safari/537.36"
66.249.64.129 - - [29/Jul/2026:01:56:59 +0300] "GET /src/js/app.js HTTP/1.1" 404 14344 "https://wpface.ru/topics/scripts-php" "Mozilla/5.0 (Linux; Android 6.0.1; Nexus 5X Build/MMB29P) AppleWebKit/537.36 (KHTML, like Gecko) Chrome/150.0.7871.128 Mobile Safari/537.36 (compatible; Googlebot/2.1; +http://www.google.com/bot.html)"
66.249.64.129 - - [29/Jul/2026:01:57:01 +0300] "POST /wp-admin/admin-ajax.php HTTP/1.1" 200 37 "https://wpface.ru/topics/scripts-php" "Mozilla/5.0 (Linux; Android 6.0.1; Nexus 5X Build/MMB29P) AppleWebKit/537.36 (KHTML, like Gecko) Chrome/150.0.7871.128 Mobile Safari/537.36 (compatible; Googlebot/2.1; +http://www.google.com/bot.html)"
91.240.85.141 - - [29/Jul/2026:02:00:10 +0300] "GET / HTTP/1.1" 200 15724 "-" "Mozilla/5.0 (X11; Linux x86_64) AppleWebKit/537.36 (KHTML, like Gecko) Chrome/44.0.2403.157 Safari/537.36"
123.30.233.48 - - [29/Jul/2026:02:00:33 +0300] "POST /xmlrpc.php HTTP/1.1" 200 453 "-" "Mozilla/5.0 (Windows NT 10.0; WOW64) AppleWebKit/537.36 (KHTML, like Gecko) Chrome/139.0.0.0 Safari/537.36 Edg/139.0.0.0"
135.148.171.117 - - [29/Jul/2026:02:00:48 +0300] "POST /xmlrpc.php HTTP/2.0" 200 439 "-" "Mozilla/5.0 (Windows NT 10.0; Win64; x64) AppleWebKit/537.36 (KHTML, like Gecko) Chrome/150.0.0.0 Safari/537.36"
121.200.216.55 - - [29/Jul/2026:02:00:51 +0300] "POST /xmlrpc.php HTTP/2.0" 200 439 "-" "Mozilla/5.0 (Windows NT 10.0; Win64; x64) AppleWebKit/537.36 (KHTML, like Gecko) Chrome/150.0.0.0 Safari/537.36"
43.161.251.162 - - [29/Jul/2026:02:02:46 +0300] "GET /wp-json/wp/v2/posts/69 HTTP/1.1" 200 11042 "-" "Mozilla/5.0 (iPhone; CPU iPhone OS 13_2_3 like Mac OS X) AppleWebKit/605.1.15 (KHTML, like Gecko) Version/13.0.3 Mobile/15E148 Safari/604.1"
94.154.35.236 - - [29/Jul/2026:02:06:15 +0300] "HEAD /2020.tar.bz2 HTTP/1.1" 301 0 "-" "Mozilla/5.0 (Windows NT 10.0; Win64; x64) AppleWebKit/537.36 (KHTML, like Gecko) Chrome/101.0.4951.67 Safari/537.36"
94.154.35.236 - - [29/Jul/2026:02:06:15 +0300] "HEAD /2020.tar.bz2 HTTP/1.1" 404 0 "-" "Mozilla/5.0 (Windows NT 10.0; Win64; x64) AppleWebKit/537.36 (KHTML, like Gecko) Chrome/101.0.4951.67 Safari/537.36"
194.164.168.219 - - [29/Jul/2026:02:06:41 +0300] "POST /xmlrpc.php HTTP/1.1" 200 453 "-" "Mozilla/5.0 (Windows NT 10.0) AppleWebKit/537.43 (KHTML, like Gecko) Chrome/134.0.0.0 Safari/537.36 OPR/119.0.0.0"
64.227.29.56 - - [29/Jul/2026:02:07:30 +0300] "GET / HTTP/1.1" 200 15725 "-" "httpx - Open-source project (github.com/projectdiscovery/httpx)"
202.51.202.242 - - [29/Jul/2026:02:08:06 +0300] "POST /xmlrpc.php HTTP/2.0" 200 439 "-" "Mozilla/5.0 (Windows NT 10.0; Win64; x64) AppleWebKit/537.36 (KHTML, like Gecko) Chrome/150.0.0.0 Safari/537.36"
43.159.140.236 - - [29/Jul/2026:02:13:49 +0300] "GET /wp-json/oembed/1.0/embed?url=https%3A%2F%2Fwpface.ru%2Flava-woocommerce.html&format=xml HTTP/1.1" 200 2855 "-" "Mozilla/5.0 (iPhone; CPU iPhone OS 13_2_3 like Mac OS X) AppleWebKit/605.1.15 (KHTML, like Gecko) Version/13.0.3 Mobile/15E148 Safari/604.1"
213.171.211.213 - - [29/Jul/2026:02:13:51 +0300] "GET /wp-login.php HTTP/2.0" 200 3558 "-" "Mozilla/5.0 (Windows NT 10.0; Win64; x64) AppleWebKit/537.36 (KHTML, like Gecko) Chrome/150.0.0.0 Safari/537.36"
213.171.211.213 - - [29/Jul/2026:02:13:51 +0300] "POST /wp-login.php HTTP/2.0" 200 3805 "https://www.wpface.ru/wp-login.php" "Mozilla/5.0 (Windows NT 10.0; Win64; x64) AppleWebKit/537.36 (KHTML, like Gecko) Chrome/150.0.0.0 Safari/537.36"
91.240.85.141 - - [29/Jul/2026:02:14:07 +0300] "GET / HTTP/1.1" 200 15724 "-" "Mozilla/5.0 (X11; Linux x86_64) AppleWebKit/537.36 (KHTML, like Gecko) Chrome/44.0.2403.157 Safari/537.36"
66.102.9.204 - - [29/Jul/2026:02:17:16 +0300] "HEAD /feed HTTP/1.1" 301 0 "-" "FeedBurner/1.0 (http://www.FeedBurner.com)"
66.102.9.202 - - [29/Jul/2026:02:17:16 +0300] "HEAD /feed HTTP/1.1" 200 0 "-" "FeedBurner/1.0 (http://www.FeedBurner.com)"
64.89.161.160 - - [29/Jul/2026:02:20:27 +0300] "GET /assets/js/uploadify/uploadify.css HTTP/1.1" 301 169 "-" "ALittle Client"
64.89.161.160 - - [29/Jul/2026:02:20:54 +0300] "GET /assets/js/uploadify/uploadify.css HTTP/1.1" 404 57634 "-" "ALittle Client"
91.240.85.141 - - [29/Jul/2026:02:23:27 +0300] "POST /wp-cron.php?doing_wp_cron=1785281007.9369890689849853515625 HTTP/1.1" 200 31 "-" "WordPress/7.0; https://wpface.ru"
43.159.136.201 - - [29/Jul/2026:02:23:27 +0300] "GET /wp-json/oembed/1.0/embed?url=https%3A%2F%2Fwpface.ru%2Flava-woocommerce.html HTTP/1.1" 200 2610 "-" "Mozilla/5.0 (iPhone; CPU iPhone OS 13_2_3 like Mac OS X) AppleWebKit/605.1.15 (KHTML, like Gecko) Version/13.0.3 Mobile/15E148 Safari/604.1"
91.240.85.141 - - [29/Jul/2026:02:26:13 +0300] "POST /wp-cron.php?doing_wp_cron=1785281173.2717719078063964843750 HTTP/1.1" 200 31 "-" "WordPress/7.0; https://wpface.ru"
112.78.134.58 - - [29/Jul/2026:02:26:13 +0300] "GET /wp-login.php HTTP/2.0" 200 3558 "-" "Mozilla/5.0 (Windows NT 10.0; Win64; x64) AppleWebKit/537.36 (KHTML, like Gecko) Chrome/150.0.0.0 Safari/537.36"
112.78.134.58 - - [29/Jul/2026:02:26:13 +0300] "POST /wp-login.php HTTP/2.0" 200 3724 "https://wpface.ru/wp-login.php" "Mozilla/5.0 (Windows NT 10.0; Win64; x64) AppleWebKit/537.36 (KHTML, like Gecko) Chrome/150.0.0.0 Safari/537.36"
20.54.134.42 - - [29/Jul/2026:02:26:34 +0300] "POST /xmlrpc.php HTTP/2.0" 200 439 "-" "Mozilla/5.0 (Windows NT 10.0; Win64; x64) AppleWebKit/537.36 (KHTML, like Gecko) Chrome/150.0.0.0 Safari/537.36"
91.240.85.141 - - [29/Jul/2026:02:28:08 +0300] "POST /wp-cron.php?doing_wp_cron=1785281287.8530080318450927734375 HTTP/1.1" 200 31 "-" "WordPress/7.0; https://wpface.ru"
103.75.185.95 - - [29/Jul/2026:02:28:08 +0300] "POST /xmlrpc.php HTTP/2.0" 200 439 "-" "Mozilla/5.0 (Windows NT 10.0; Win64; x64) AppleWebKit/537.36 (KHTML, like Gecko) Chrome/150.0.0.0 Safari/537.36"
91.240.85.141 - - [29/Jul/2026:02:28:08 +0300] "POST /wp-cron.php?doing_wp_cron=1785281287.8760929107666015625000 HTTP/1.1" 200 31 "-" "WordPress/7.0; https://wpface.ru"
91.240.85.141 - - [29/Jul/2026:02:28:08 +0300] "GET / HTTP/1.1" 200 15725 "-" "Mozilla/5.0 (X11; Linux x86_64) AppleWebKit/537.36 (KHTML, like Gecko) Chrome/44.0.2403.157 Safari/537.36"
152.228.220.143 - - [29/Jul/2026:02:28:59 +0300] "GET /feed/rss HTTP/1.1" 301 169 "-" "Mozilla/5.0 (X11; Linux i686) AppleWebKit/537.36 (KHTML, like Gecko) Chrome/30.0.1599.66 Safari/537.36"
152.228.220.143 - - [29/Jul/2026:02:28:59 +0300] "GET /feed/rss HTTP/1.1" 301 5 "-" "Mozilla/5.0 (X11; Linux i686) AppleWebKit/537.36 (KHTML, like Gecko) Chrome/30.0.1599.66 Safari/537.36"
152.228.220.143 - - [29/Jul/2026:02:28:59 +0300] "GET /feed HTTP/1.1" 200 78735 "-" "Mozilla/5.0 (X11; Linux i686) AppleWebKit/537.36 (KHTML, like Gecko) Chrome/30.0.1599.66 Safari/537.36"
5.135.42.59 - - [29/Jul/2026:02:29:00 +0300] "GET /obzor-1xbet-preimushchestva-1xbet-zerkalo-ofitsialnogo-saita-dlia-azartnykh-igr.html HTTP/1.1" 200 18152 "-" "Mozilla/5.0 (Macintosh; Intel Mac OS X 10_14_1) AppleWebKit/537.36 (KHTML, like Gecko) Chrome/71.0.3578.62 Safari/537.36"
5.135.124.184 - - [29/Jul/2026:02:29:01 +0300] "GET /exploring-mobile-gaming-trends-at-canadian-online-casinos.html HTTP/1.1" 200 17604 "-" "Mozilla/5.0 (Macintosh; Intel Mac OS X 10_14_1) AppleWebKit/537.36 (KHTML, like Gecko) Chrome/71.0.3578.62 Safari/537.36"
178.33.187.180 - - [29/Jul/2026:02:29:02 +0300] "GET /ponimanie-shansov-obiasnenie-igrovykh-avtomatov-pinco-casino.html HTTP/1.1" 200 19000 "-" "Mozilla/5.0 (Macintosh; Intel Mac OS X 10_14_1) AppleWebKit/537.36 (KHTML, like Gecko) Chrome/71.0.3578.62 Safari/537.36"
188.165.112.225 - - [29/Jul/2026:02:29:04 +0300] "GET /rol-sluzhby-podderzhki-klientov-v-kazino-pinco.html HTTP/1.1" 200 18405 "-" "Mozilla/5.0 (Macintosh; Intel Mac OS X 10_14_1) AppleWebKit/537.36 (KHTML, like Gecko) Chrome/71.0.3578.62 Safari/537.36"
37.59.66.242 - - [29/Jul/2026:02:29:05 +0300] "GET /cw-check-https-test-com.html HTTP/1.1" 200 14784 "-" "Mozilla/5.0 (Macintosh; Intel Mac OS X 10_14_1) AppleWebKit/537.36 (KHTML, like Gecko) Chrome/71.0.3578.62 Safari/537.36"
188.165.118.139 - - [29/Jul/2026:02:29:07 +0300] "GET /ispolzovanie-1vin-dlia-transaktsii-mezhdu-stranami-preimushchestva-i-problemy.html HTTP/1.1" 200 18272 "-" "Mozilla/5.0 (Macintosh; Intel Mac OS X 10_14_1) AppleWebKit/537.36 (KHTML, like Gecko) Chrome/71.0.3578.62 Safari/537.36"
94.154.35.236 - - [29/Jul/2026:02:31:19 +0300] "HEAD /2021.tar.bz2 HTTP/1.1" 301 0 "-" "Mozilla/5.0 (Windows NT 10.0; Win64; x64) AppleWebKit/537.36 (KHTML, like Gecko) Chrome/101.0.4951.67 Safari/537.36"
94.154.35.236 - - [29/Jul/2026:02:31:19 +0300] "HEAD /2021.tar.bz2 HTTP/1.1" 404 0 "-" "Mozilla/5.0 (Windows NT 10.0; Win64; x64) AppleWebKit/537.36 (KHTML, like Gecko) Chrome/101.0.4951.67 Safari/537.36"
121.200.216.55 - - [29/Jul/2026:02:31:21 +0300] "POST /xmlrpc.php HTTP/2.0" 200 439 "-" "Mozilla/5.0 (Windows NT 10.0; Win64; x64) AppleWebKit/537.36 (KHTML, like Gecko) Chrome/150.0.0.0 Safari/537.36"
124.156.157.91 - - [29/Jul/2026:02:31:51 +0300] "GET /lava-woocommerce.html/feed HTTP/1.1" 200 801 "-" "Mozilla/5.0 (iPhone; CPU iPhone OS 13_2_3 like Mac OS X) AppleWebKit/605.1.15 (KHTML, like Gecko) Version/13.0.3 Mobile/15E148 Safari/604.1"
195.130.35.148 - - [29/Jul/2026:02:38:23 +0300] "GET /wp-login.php HTTP/2.0" 200 3558 "-" "Mozilla/5.0 (Windows NT 10.0; Win64; x64) AppleWebKit/537.36 (KHTML, like Gecko) Chrome/150.0.0.0 Safari/537.36"
195.130.35.148 - - [29/Jul/2026:02:38:23 +0300] "POST /wp-login.php HTTP/2.0" 200 3736 "https://wpface.ru/wp-login.php" "Mozilla/5.0 (Windows NT 10.0; Win64; x64) AppleWebKit/537.36 (KHTML, like Gecko) Chrome/150.0.0.0 Safari/537.36"
192.250.235.149 - - [29/Jul/2026:02:41:24 +0300] "GET /wp-login.php HTTP/2.0" 200 3558 "-" "Mozilla/5.0 (Windows NT 10.0; Win64; x64) AppleWebKit/537.36 (KHTML, like Gecko) Chrome/150.0.0.0 Safari/537.36"
192.250.235.149 - - [29/Jul/2026:02:41:25 +0300] "POST /wp-login.php HTTP/2.0" 200 3739 "https://wpface.ru/wp-login.php" "Mozilla/5.0 (Windows NT 10.0; Win64; x64) AppleWebKit/537.36 (KHTML, like Gecko) Chrome/150.0.0.0 Safari/537.36"
44.222.74.158 - - [29/Jul/2026:02:41:35 +0300] "POST /xmlrpc.php HTTP/1.1" 200 453 "-" "Mozilla/5.0 (Windows NT 10.0; rv:141.0) Gecko/20100101 Firefox/141.0"
91.240.85.141 - - [29/Jul/2026:02:42:06 +0300] "GET / HTTP/1.1" 200 15724 "-" "Mozilla/5.0 (X11; Linux x86_64) AppleWebKit/537.36 (KHTML, like Gecko) Chrome/44.0.2403.157 Safari/537.36"
43.156.36.169 - - [29/Jul/2026:02:42:37 +0300] "GET /wp-content/uploads/2023/08/lava-768x768.webp HTTP/1.1" 200 18690 "-" "Mozilla/5.0 (iPhone; CPU iPhone OS 13_2_3 like Mac OS X) AppleWebKit/605.1.15 (KHTML, like Gecko) Version/13.0.3 Mobile/15E148 Safari/604.1"
34.236.41.241 - - [29/Jul/2026:02:43:18 +0300] "GET /lava-woocommerce.html/feed HTTP/1.1" 200 801 "-" "Mozilla/5.0 AppleWebKit/537.36 (KHTML, like Gecko; compatible; Amazonbot/0.1; +https://developer.amazon.com/support/amazonbot) Chrome/119.0.6045.214 Safari/537.36"
43.165.173.229 - - [29/Jul/2026:02:45:03 +0300] "GET /wp-login.php HTTP/1.1" 200 10261 "-" "wp2shell/4.0"
43.165.173.229 - - [29/Jul/2026:02:45:07 +0300] "POST /?rest_route=/batch/v1 HTTP/1.1" 207 570238 "-" "wp2shell/4.0"
43.165.173.229 - - [29/Jul/2026:02:45:11 +0300] "POST /?rest_route=/batch/v1 HTTP/1.1" 207 570228 "-" "wp2shell/4.0"
66.249.77.74 - - [29/Jul/2026:02:45:52 +0300] "GET /robots.txt HTTP/1.1" 301 169 "-" "Mozilla/5.0 (compatible; Googlebot/2.1; +http://www.google.com/bot.html)"
66.249.77.76 - - [29/Jul/2026:02:45:53 +0300] "GET /robots.txt HTTP/1.1" 301 5 "-" "Mozilla/5.0 (compatible; Googlebot/2.1; +http://www.google.com/bot.html)"
66.249.64.130 - - [29/Jul/2026:02:45:54 +0300] "GET /robots.txt HTTP/1.1" 200 121 "-" "Mozilla/5.0 (compatible; Googlebot/2.1; +http://www.google.com/bot.html)"
54.158.29.48 - - [29/Jul/2026:02:46:01 +0300] "POST /xmlrpc.php HTTP/1.1" 200 453 "-" "Mozilla/5.0 (Windows NT 10.0; Win64; x64; rv:140.0) Gecko/20100101 Firefox/140.0"
57.141.0.11 - - [29/Jul/2026:02:50:01 +0300] "GET /memcached-php-nastrojka-na-servere.html HTTP/2.0" 200 16880 "-" "Mozilla/5.0 (Macintosh; Intel Mac OS X 10_15_7) AppleWebKit/537.36 (KHTML, like Gecko) Chrome/145.0.0.0 Safari/537.36 (compatible; meta-externalagent/1.1 (+https://developers.facebook.com/docs/sharing/webmasters/crawler))"
112.78.134.58 - - [29/Jul/2026:02:51:10 +0300] "POST /xmlrpc.php HTTP/2.0" 200 439 "-" "Mozilla/5.0 (Windows NT 10.0; Win64; x64) AppleWebKit/537.36 (KHTML, like Gecko) Chrome/150.0.0.0 Safari/537.36"
64.233.172.45 - - [29/Jul/2026:02:51:11 +0300] "GET /feed HTTP/1.1" 301 169 "-" "FeedBurner/1.0 (http://www.FeedBurner.com)"
64.233.172.44 - - [29/Jul/2026:02:51:12 +0300] "GET /feed HTTP/1.1" 200 78735 "-" "FeedBurner/1.0 (http://www.FeedBurner.com)"
66.249.64.129 - - [29/Jul/2026:02:51:53 +0300] "GET /robots.txt HTTP/1.1" 301 169 "-" "Mozilla/5.0 (compatible; Googlebot/2.1; +http://www.google.com/bot.html)"
66.249.64.130 - - [29/Jul/2026:02:52:10 +0300] "GET /robots.txt HTTP/1.1" 301 169 "-" "GoogleOther"
209.38.221.42 - - [29/Jul/2026:02:52:26 +0300] "GET /wp-login.php HTTP/2.0" 200 3558 "-" "Mozilla/5.0 (Windows NT 10.0; Win64; x64) AppleWebKit/537.36 (KHTML, like Gecko) Chrome/150.0.0.0 Safari/537.36"
209.38.221.42 - - [29/Jul/2026:02:52:26 +0300] "POST /wp-login.php HTTP/2.0" 200 3736 "https://wpface.ru/wp-login.php" "Mozilla/5.0 (Windows NT 10.0; Win64; x64) AppleWebKit/537.36 (KHTML, like Gecko) Chrome/150.0.0.0 Safari/537.36"
66.249.64.129 - - [29/Jul/2026:02:52:28 +0300] "GET /robots.txt HTTP/1.1" 200 121 "-" "GoogleOther"
117.0.21.154 - - [29/Jul/2026:02:52:49 +0300] "POST /xmlrpc.php HTTP/2.0" 200 439 "-" "Mozilla/5.0 (Windows NT 10.0; Win64; x64) AppleWebKit/537.36 (KHTML, like Gecko) Chrome/150.0.0.0 Safari/537.36"
43.157.43.147 - - [29/Jul/2026:02:53:42 +0300] "GET /lava-woocommerce.html/embed HTTP/1.1" 200 7550 "-" "Mozilla/5.0 (iPhone; CPU iPhone OS 13_2_3 like Mac OS X) AppleWebKit/605.1.15 (KHTML, like Gecko) Version/13.0.3 Mobile/15E148 Safari/604.1"
91.240.85.141 - - [29/Jul/2026:02:56:07 +0300] "GET / HTTP/1.1" 200 15725 "-" "Mozilla/5.0 (X11; Linux x86_64) AppleWebKit/537.36 (KHTML, like Gecko) Chrome/44.0.2403.157 Safari/537.36"
94.154.35.236 - - [29/Jul/2026:02:56:16 +0300] "HEAD /2022.tar.bz2 HTTP/1.1" 301 0 "-" "Mozilla/5.0 (Windows NT 10.0; Win64; x64) AppleWebKit/537.36 (KHTML, like Gecko) Chrome/101.0.4951.67 Safari/537.36"
94.154.35.236 - - [29/Jul/2026:02:56:16 +0300] "HEAD /2022.tar.bz2 HTTP/1.1" 404 0 "-" "Mozilla/5.0 (Windows NT 10.0; Win64; x64) AppleWebKit/537.36 (KHTML, like Gecko) Chrome/101.0.4951.67 Safari/537.36"
124.253.115.183 - - [29/Jul/2026:02:56:23 +0300] "POST /xmlrpc.php HTTP/2.0" 200 439 "-" "Mozilla/5.0 (Windows NT 10.0; Win64; x64) AppleWebKit/537.36 (KHTML, like Gecko) Chrome/150.0.0.0 Safari/537.36"
43.165.173.229 - - [29/Jul/2026:02:59:41 +0300] "POST / HTTP/1.1" 200 15725 "-" "python-requests/2.32.5"
91.240.85.141 - - [29/Jul/2026:03:00:11 +0300] "GET / HTTP/1.1" 200 15722 "-" "Mozilla/5.0 (X11; Linux x86_64) AppleWebKit/537.36 (KHTML, like Gecko) Chrome/44.0.2403.157 Safari/537.36"
77.232.124.59 - - [29/Jul/2026:03:00:35 +0300] "GET / HTTP/1.1" 200 15718 "-" "Mozilla/5.0 (Windows NT 10.0; Win64; x64) AppleWebKit/537.36 (KHTML, like Gecko) Chrome/120.0.0.0 Safari/537.36"
77.232.124.59 - - [29/Jul/2026:03:00:37 +0300] "GET /wp-login.php HTTP/1.1" 200 3569 "-" "Mozilla/5.0 (Windows NT 10.0; Win64; x64) AppleWebKit/537.36 (KHTML, like Gecko) Chrome/120.0.0.0 Safari/537.36"
77.232.124.59 - - [29/Jul/2026:03:00:40 +0300] "POST /wp-login.php HTTP/1.1" 302 5 "https://wpface.ru/wp-login.php" "Mozilla/5.0 (Windows NT 10.0; Win64; x64) AppleWebKit/537.36 (KHTML, like Gecko) Chrome/120.0.0.0 Safari/537.36"
91.240.85.141 - - [29/Jul/2026:03:00:43 +0300] "GET /wp-content/plugins/plh/nuxy//metaboxes/assets/webfonts/google-fonts.json HTTP/1.1" 200 706020 "-" "WordPress/7.0; https://wpface.ru"
77.232.124.59 - - [29/Jul/2026:03:00:44 +0300] "GET /wp-admin/ HTTP/1.1" 200 218636 "https://wpface.ru/wp-login.php" "Mozilla/5.0 (Windows NT 10.0; Win64; x64) AppleWebKit/537.36 (KHTML, like Gecko) Chrome/120.0.0.0 Safari/537.36"
91.240.85.141 - - [29/Jul/2026:03:00:50 +0300] "GET /wp-content/plugins/plh/nuxy//metaboxes/assets/webfonts/google-fonts.json HTTP/1.1" 200 706020 "-" "WordPress/7.0; https://wpface.ru"
198.163.193.145 - - [29/Jul/2026:03:00:50 +0300] "GET /wp-admin/ HTTP/1.1" 200 218640 "-" "Mozilla/5.0 (Windows NT 10.0; Win64; x64) AppleWebKit/537.36 (KHTML, like Gecko) Chrome/120.0.0.0 Safari/537.36"
91.240.85.141 - - [29/Jul/2026:03:00:58 +0300] "GET /wp-content/plugins/plh/nuxy//metaboxes/assets/webfonts/google-fonts.json HTTP/1.1" 200 706020 "-" "WordPress/7.0; https://wpface.ru"
198.163.193.145 - - [29/Jul/2026:03:00:58 +0300] "GET /wp-admin/post-new.php HTTP/1.1" 200 228417 "-" "Mozilla/5.0 (Windows NT 10.0; Win64; x64) AppleWebKit/537.36 (KHTML, like Gecko) Chrome/120.0.0.0 Safari/537.36"
198.163.193.145 - - [29/Jul/2026:03:01:06 +0300] "POST /xmlrpc.php HTTP/1.1" 200 646 "-" "WordPress/5.0; https://wpface.ru"
198.163.193.145 - - [29/Jul/2026:03:01:08 +0300] "GET /wp-admin/admin-ajax.php?action=rest-nonce HTTP/1.1" 200 41 "-" "Mozilla/5.0 (Windows NT 10.0; Win64; x64) AppleWebKit/537.36 (KHTML, like Gecko) Chrome/120.0.0.0 Safari/537.36"
198.163.193.145 - - [29/Jul/2026:03:01:10 +0300] "GET /wp-json/wp/v2/plugins HTTP/1.1" 200 28856 "-" "Mozilla/5.0 (Windows NT 10.0; Win64; x64) AppleWebKit/537.36 (KHTML, like Gecko) Chrome/120.0.0.0 Safari/537.36"
198.163.193.145 - - [29/Jul/2026:03:01:13 +0300] "GET / HTTP/1.1" 200 17648 "-" "Mozilla/5.0 (Windows NT 10.0; Win64; x64) AppleWebKit/537.36 (KHTML, like Gecko) Chrome/120.0.0.0 Safari/537.36"
198.163.193.145 - - [29/Jul/2026:03:01:16 +0300] "GET /wp-json/wp/v2/settings HTTP/1.1" 200 433 "-" "Mozilla/5.0 (Windows NT 10.0; Win64; x64) AppleWebKit/537.36 (KHTML, like Gecko) Chrome/120.0.0.0 Safari/537.36"
198.163.193.145 - - [29/Jul/2026:03:01:18 +0300] "GET /wp-json/wp/v2/pages/62 HTTP/1.1" 200 2099 "-" "Mozilla/5.0 (Windows NT 10.0; Win64; x64) AppleWebKit/537.36 (KHTML, like Gecko) Chrome/120.0.0.0 Safari/537.36"
198.163.193.145 - - [29/Jul/2026:03:01:22 +0300] "POST /xmlrpc.php HTTP/1.1" 200 189 "-" "Mozilla/5.0 (Windows NT 10.0; Win64; x64) AppleWebKit/537.36 (KHTML, like Gecko) Chrome/120.0.0.0 Safari/537.36"
198.163.193.145 - - [29/Jul/2026:03:01:26 +0300] "GET /?page_id=62 HTTP/1.1" 301 5 "-" "Mozilla/5.0 (Windows NT 10.0; Win64; x64) AppleWebKit/537.36 (KHTML, like Gecko) Chrome/120.0.0.0 Safari/537.36"
198.163.193.145 - - [29/Jul/2026:03:01:28 +0300] "GET / HTTP/1.1" 200 17647 "-" "Mozilla/5.0 (Windows NT 10.0; Win64; x64) AppleWebKit/537.36 (KHTML, like Gecko) Chrome/120.0.0.0 Safari/537.36"
198.163.193.145 - - [29/Jul/2026:03:01:33 +0300] "GET /?page_id=62 HTTP/1.1" 301 5 "-" "Mozilla/5.0 (Windows NT 10.0; Win64; x64) AppleWebKit/537.36 (KHTML, like Gecko) Chrome/120.0.0.0 Safari/537.36"
198.163.193.145 - - [29/Jul/2026:03:01:36 +0300] "GET / HTTP/1.1" 200 17648 "-" "Mozilla/5.0 (Windows NT 10.0; Win64; x64) AppleWebKit/537.36 (KHTML, like Gecko) Chrome/120.0.0.0 Safari/537.36"
198.163.193.145 - - [29/Jul/2026:03:01:41 +0300] "GET /?page_id=62 HTTP/1.1" 301 5 "-" "Mozilla/5.0 (Windows NT 10.0; Win64; x64) AppleWebKit/537.36 (KHTML, like Gecko) Chrome/120.0.0.0 Safari/537.36"
198.163.193.145 - - [29/Jul/2026:03:01:43 +0300] "GET / HTTP/1.1" 200 17647 "-" "Mozilla/5.0 (Windows NT 10.0; Win64; x64) AppleWebKit/537.36 (KHTML, like Gecko) Chrome/120.0.0.0 Safari/537.36"
198.163.193.145 - - [29/Jul/2026:03:01:45 +0300] "POST /wp-json/wp/v2/pages/62 HTTP/1.1" 200 3377 "-" "Mozilla/5.0 (Windows NT 10.0; Win64; x64) AppleWebKit/537.36 (KHTML, like Gecko) Chrome/120.0.0.0 Safari/537.36"
198.163.193.145 - - [29/Jul/2026:03:01:50 +0300] "GET /?page_id=62 HTTP/1.1" 301 5 "-" "Mozilla/5.0 (Windows NT 10.0; Win64; x64) AppleWebKit/537.36 (KHTML, like Gecko) Chrome/120.0.0.0 Safari/537.36"
198.163.193.145 - - [29/Jul/2026:03:01:53 +0300] "GET / HTTP/1.1" 200 17648 "-" "Mozilla/5.0 (Windows NT 10.0; Win64; x64) AppleWebKit/537.36 (KHTML, like Gecko) Chrome/120.0.0.0 Safari/537.36"
198.163.193.145 - - [29/Jul/2026:03:01:58 +0300] "GET /?page_id=62 HTTP/1.1" 301 5 "-" "Mozilla/5.0 (Windows NT 10.0; Win64; x64) AppleWebKit/537.36 (KHTML, like Gecko) Chrome/120.0.0.0 Safari/537.36"
198.163.193.145 - - [29/Jul/2026:03:02:00 +0300] "GET / HTTP/1.1" 200 17647 "-" "Mozilla/5.0 (Windows NT 10.0; Win64; x64) AppleWebKit/537.36 (KHTML, like Gecko) Chrome/120.0.0.0 Safari/537.36"
198.163.193.145 - - [29/Jul/2026:03:02:05 +0300] "GET /?page_id=62 HTTP/1.1" 301 5 "-" "Mozilla/5.0 (Windows NT 10.0; Win64; x64) AppleWebKit/537.36 (KHTML, like Gecko) Chrome/120.0.0.0 Safari/537.36"
198.163.193.145 - - [29/Jul/2026:03:02:07 +0300] "GET / HTTP/1.1" 200 17647 "-" "Mozilla/5.0 (Windows NT 10.0; Win64; x64) AppleWebKit/537.36 (KHTML, like Gecko) Chrome/120.0.0.0 Safari/537.36"
198.163.193.145 - - [29/Jul/2026:03:02:10 +0300] "POST /wp-json/rankmath/v1/updateMeta?_locale=user HTTP/1.1" 404 335 "-" "Mozilla/5.0 (Windows NT 10.0; Win64; x64) AppleWebKit/537.36 (KHTML, like Gecko) Chrome/120.0.0.0 Safari/537.36"
198.163.193.145 - - [29/Jul/2026:03:02:12 +0300] "POST /wp-json/wp/v2/pages/62?_locale=user HTTP/1.1" 200 3377 "-" "Mozilla/5.0 (Windows NT 10.0; Win64; x64) AppleWebKit/537.36 (KHTML, like Gecko) Chrome/120.0.0.0 Safari/537.36"
198.163.193.145 - - [29/Jul/2026:03:02:17 +0300] "GET /?page_id=62 HTTP/1.1" 301 5 "-" "Mozilla/5.0 (Windows NT 10.0; Win64; x64) AppleWebKit/537.36 (KHTML, like Gecko) Chrome/120.0.0.0 Safari/537.36"
198.163.193.145 - - [29/Jul/2026:03:02:19 +0300] "GET / HTTP/1.1" 200 17645 "-" "Mozilla/5.0 (Windows NT 10.0; Win64; x64) AppleWebKit/537.36 (KHTML, like Gecko) Chrome/120.0.0.0 Safari/537.36"
198.163.193.145 - - [29/Jul/2026:03:02:24 +0300] "GET /?page_id=62 HTTP/1.1" 301 5 "-" "Mozilla/5.0 (Windows NT 10.0; Win64; x64) AppleWebKit/537.36 (KHTML, like Gecko) Chrome/120.0.0.0 Safari/537.36"
198.163.193.145 - - [29/Jul/2026:03:02:27 +0300] "GET / HTTP/1.1" 200 17649 "-" "Mozilla/5.0 (Windows NT 10.0; Win64; x64) AppleWebKit/537.36 (KHTML, like Gecko) Chrome/120.0.0.0 Safari/537.36"
198.163.193.145 - - [29/Jul/2026:03:02:32 +0300] "GET /?page_id=62 HTTP/1.1" 301 5 "-" "Mozilla/5.0 (Windows NT 10.0; Win64; x64) AppleWebKit/537.36 (KHTML, like Gecko) Chrome/120.0.0.0 Safari/537.36"
198.163.193.145 - - [29/Jul/2026:03:02:34 +0300] "GET / HTTP/1.1" 200 17643 "-" "Mozilla/5.0 (Windows NT 10.0; Win64; x64) AppleWebKit/537.36 (KHTML, like Gecko) Chrome/120.0.0.0 Safari/537.36"
185.114.55.14 - - [29/Jul/2026:03:02:42 +0300] "GET / HTTP/1.1" 200 15720 "-" "Mozilla/5.0 (Windows NT 10.0; Win64; x64) AppleWebKit/537.36 (KHTML, like Gecko) Chrome/120.0.0.0 Safari/537.36"
185.114.55.14 - - [29/Jul/2026:03:02:45 +0300] "GET /wp-login.php HTTP/1.1" 200 3569 "-" "Mozilla/5.0 (Windows NT 10.0; Win64; x64) AppleWebKit/537.36 (KHTML, like Gecko) Chrome/120.0.0.0 Safari/537.36"
185.114.55.14 - - [29/Jul/2026:03:02:48 +0300] "POST /wp-login.php HTTP/1.1" 302 5 "https://wpface.ru/wp-login.php" "Mozilla/5.0 (Windows NT 10.0; Win64; x64) AppleWebKit/537.36 (KHTML, like Gecko) Chrome/120.0.0.0 Safari/537.36"
91.240.85.141 - - [29/Jul/2026:03:02:51 +0300] "GET /wp-content/plugins/plh/nuxy//metaboxes/assets/webfonts/google-fonts.json HTTP/1.1" 200 706020 "-" "WordPress/7.0; https://wpface.ru"
185.114.55.14 - - [29/Jul/2026:03:02:51 +0300] "GET /wp-admin/ HTTP/1.1" 200 218603 "https://wpface.ru/wp-login.php" "Mozilla/5.0 (Windows NT 10.0; Win64; x64) AppleWebKit/537.36 (KHTML, like Gecko) Chrome/120.0.0.0 Safari/537.36"
91.240.85.141 - - [29/Jul/2026:03:02:59 +0300] "GET /wp-content/plugins/plh/nuxy//metaboxes/assets/webfonts/google-fonts.json HTTP/1.1" 200 706020 "-" "WordPress/7.0; https://wpface.ru"
187.244.224.97 - - [29/Jul/2026:03:02:59 +0300] "GET /wp-admin/ HTTP/1.1" 200 218604 "-" "Mozilla/5.0 (Windows NT 10.0; Win64; x64) AppleWebKit/537.36 (KHTML, like Gecko) Chrome/120.0.0.0 Safari/537.36"
91.240.85.141 - - [29/Jul/2026:03:03:07 +0300] "GET /wp-content/plugins/plh/nuxy//metaboxes/assets/webfonts/google-fonts.json HTTP/1.1" 200 706020 "-" "WordPress/7.0; https://wpface.ru"
187.244.224.97 - - [29/Jul/2026:03:03:07 +0300] "GET /wp-admin/post-new.php HTTP/1.1" 200 228415 "-" "Mozilla/5.0 (Windows NT 10.0; Win64; x64) AppleWebKit/537.36 (KHTML, like Gecko) Chrome/120.0.0.0 Safari/537.36"
190.92.174.30 - - [29/Jul/2026:03:03:13 +0300] "GET /wp-login.php HTTP/2.0" 200 3557 "-" "Mozilla/5.0 (Windows NT 10.0; Win64; x64) AppleWebKit/537.36 (KHTML, like Gecko) Chrome/150.0.0.0 Safari/537.36"
190.92.174.30 - - [29/Jul/2026:03:03:14 +0300] "POST /wp-login.php HTTP/2.0" 200 3738 "https://wpface.ru/wp-login.php" "Mozilla/5.0 (Windows NT 10.0; Win64; x64) AppleWebKit/537.36 (KHTML, like Gecko) Chrome/150.0.0.0 Safari/537.36"
187.244.224.97 - - [29/Jul/2026:03:03:15 +0300] "POST /xmlrpc.php HTTP/1.1" 200 646 "-" "WordPress/5.0; https://wpface.ru"
43.152.72.247 - - [29/Jul/2026:03:03:17 +0300] "GET /wp-content/uploads/2023/08/lava-300x300.webp HTTP/1.1" 200 6974 "-" "Mozilla/5.0 (iPhone; CPU iPhone OS 13_2_3 like Mac OS X) AppleWebKit/605.1.15 (KHTML, like Gecko) Version/13.0.3 Mobile/15E148 Safari/604.1"
187.244.224.97 - - [29/Jul/2026:03:03:18 +0300] "GET /wp-admin/admin-ajax.php?action=rest-nonce HTTP/1.1" 200 41 "-" "Mozilla/5.0 (Windows NT 10.0; Win64; x64) AppleWebKit/537.36 (KHTML, like Gecko) Chrome/120.0.0.0 Safari/537.36"
187.244.224.97 - - [29/Jul/2026:03:03:20 +0300] "GET /wp-json/wp/v2/plugins HTTP/1.1" 200 28856 "-" "Mozilla/5.0 (Windows NT 10.0; Win64; x64) AppleWebKit/537.36 (KHTML, like Gecko) Chrome/120.0.0.0 Safari/537.36"
187.244.224.97 - - [29/Jul/2026:03:03:24 +0300] "GET / HTTP/1.1" 200 17650 "-" "Mozilla/5.0 (Windows NT 10.0; Win64; x64) AppleWebKit/537.36 (KHTML, like Gecko) Chrome/120.0.0.0 Safari/537.36"
187.244.224.97 - - [29/Jul/2026:03:03:27 +0300] "GET /wp-json/wp/v2/settings HTTP/1.1" 200 433 "-" "Mozilla/5.0 (Windows NT 10.0; Win64; x64) AppleWebKit/537.36 (KHTML, like Gecko) Chrome/120.0.0.0 Safari/537.36"
187.244.224.97 - - [29/Jul/2026:03:03:30 +0300] "GET /wp-json/wp/v2/pages/62 HTTP/1.1" 200 2242 "-" "Mozilla/5.0 (Windows NT 10.0; Win64; x64) AppleWebKit/537.36 (KHTML, like Gecko) Chrome/120.0.0.0 Safari/537.36"
187.244.224.97 - - [29/Jul/2026:03:03:34 +0300] "POST /xmlrpc.php HTTP/1.1" 200 189 "-" "Mozilla/5.0 (Windows NT 10.0; Win64; x64) AppleWebKit/537.36 (KHTML, like Gecko) Chrome/120.0.0.0 Safari/537.36"
187.244.224.97 - - [29/Jul/2026:03:03:38 +0300] "GET /?page_id=62 HTTP/1.1" 301 5 "-" "Mozilla/5.0 (Windows NT 10.0; Win64; x64) AppleWebKit/537.36 (KHTML, like Gecko) Chrome/120.0.0.0 Safari/537.36"
187.244.224.97 - - [29/Jul/2026:03:03:40 +0300] "GET / HTTP/1.1" 200 17648 "-" "Mozilla/5.0 (Windows NT 10.0; Win64; x64) AppleWebKit/537.36 (KHTML, like Gecko) Chrome/120.0.0.0 Safari/537.36"
187.244.224.97 - - [29/Jul/2026:03:03:45 +0300] "GET /?page_id=62 HTTP/1.1" 301 5 "-" "Mozilla/5.0 (Windows NT 10.0; Win64; x64) AppleWebKit/537.36 (KHTML, like Gecko) Chrome/120.0.0.0 Safari/537.36"
187.244.224.97 - - [29/Jul/2026:03:03:47 +0300] "GET / HTTP/1.1" 200 17649 "-" "Mozilla/5.0 (Windows NT 10.0; Win64; x64) AppleWebKit/537.36 (KHTML, like Gecko) Chrome/120.0.0.0 Safari/537.36"
187.244.224.97 - - [29/Jul/2026:03:03:52 +0300] "GET /?page_id=62 HTTP/1.1" 301 5 "-" "Mozilla/5.0 (Windows NT 10.0; Win64; x64) AppleWebKit/537.36 (KHTML, like Gecko) Chrome/120.0.0.0 Safari/537.36"
187.244.224.97 - - [29/Jul/2026:03:03:54 +0300] "GET / HTTP/1.1" 200 17648 "-" "Mozilla/5.0 (Windows NT 10.0; Win64; x64) AppleWebKit/537.36 (KHTML, like Gecko) Chrome/120.0.0.0 Safari/537.36"
87.58.197.201 - - [29/Jul/2026:03:03:55 +0300] "GET /?rest_route=/wp/v2/posts&per_page=1&_fields=link HTTP/1.1" 301 169 "-" "python-requests/2.34.2"
87.58.197.201 - - [29/Jul/2026:03:03:55 +0300] "GET /?rest_route=/wp/v2/posts&per_page=1&_fields=link HTTP/1.1" 200 73 "-" "python-requests/2.34.2"
87.58.197.201 - - [29/Jul/2026:03:03:55 +0300] "POST /?rest_route=/batch/v1 HTTP/1.1" 301 169 "-" "python-requests/2.34.2"
87.58.197.201 - - [29/Jul/2026:03:03:56 +0300] "GET /?rest_route=/batch/v1 HTTP/1.1" 404 335 "-" "python-requests/2.34.2"
187.244.224.97 - - [29/Jul/2026:03:03:57 +0300] "POST /wp-json/wp/v2/pages/62 HTTP/1.1" 200 3652 "-" "Mozilla/5.0 (Windows NT 10.0; Win64; x64) AppleWebKit/537.36 (KHTML, like Gecko) Chrome/120.0.0.0 Safari/537.36"
121.200.216.55 - - [29/Jul/2026:03:03:57 +0300] "POST /xmlrpc.php HTTP/2.0" 200 439 "-" "Mozilla/5.0 (Windows NT 10.0; Win64; x64) AppleWebKit/537.36 (KHTML, like Gecko) Chrome/150.0.0.0 Safari/537.36"
87.58.197.201 - - [29/Jul/2026:03:03:59 +0300] "POST /?rest_route=/batch/v1 HTTP/1.1" 301 169 "-" "python-requests/2.34.2"
87.58.197.201 - - [29/Jul/2026:03:04:00 +0300] "GET /?rest_route=/batch/v1 HTTP/1.1" 404 335 "-" "python-requests/2.34.2"
187.244.224.97 - - [29/Jul/2026:03:04:02 +0300] "GET /?page_id=62 HTTP/1.1" 301 5 "-" "Mozilla/5.0 (Windows NT 10.0; Win64; x64) AppleWebKit/537.36 (KHTML, like Gecko) Chrome/120.0.0.0 Safari/537.36"
187.244.224.97 - - [29/Jul/2026:03:04:05 +0300] "GET / HTTP/1.1" 200 17648 "-" "Mozilla/5.0 (Windows NT 10.0; Win64; x64) AppleWebKit/537.36 (KHTML, like Gecko) Chrome/120.0.0.0 Safari/537.36"
187.244.224.97 - - [29/Jul/2026:03:04:10 +0300] "GET /?page_id=62 HTTP/1.1" 301 5 "-" "Mozilla/5.0 (Windows NT 10.0; Win64; x64) AppleWebKit/537.36 (KHTML, like Gecko) Chrome/120.0.0.0 Safari/537.36"
187.244.224.97 - - [29/Jul/2026:03:04:12 +0300] "GET / HTTP/1.1" 200 17649 "-" "Mozilla/5.0 (Windows NT 10.0; Win64; x64) AppleWebKit/537.36 (KHTML, like Gecko) Chrome/120.0.0.0 Safari/537.36"
187.244.224.97 - - [29/Jul/2026:03:04:17 +0300] "GET /?page_id=62 HTTP/1.1" 301 5 "-" "Mozilla/5.0 (Windows NT 10.0; Win64; x64) AppleWebKit/537.36 (KHTML, like Gecko) Chrome/120.0.0.0 Safari/537.36"
187.244.224.97 - - [29/Jul/2026:03:04:20 +0300] "GET / HTTP/1.1" 200 17647 "-" "Mozilla/5.0 (Windows NT 10.0; Win64; x64) AppleWebKit/537.36 (KHTML, like Gecko) Chrome/120.0.0.0 Safari/537.36"
187.244.224.97 - - [29/Jul/2026:03:04:23 +0300] "POST /wp-json/rankmath/v1/updateMeta?_locale=user HTTP/1.1" 404 335 "-" "Mozilla/5.0 (Windows NT 10.0; Win64; x64) AppleWebKit/537.36 (KHTML, like Gecko) Chrome/120.0.0.0 Safari/537.36"
187.244.224.97 - - [29/Jul/2026:03:04:26 +0300] "POST /wp-json/wp/v2/pages/62?_locale=user HTTP/1.1" 200 3652 "-" "Mozilla/5.0 (Windows NT 10.0; Win64; x64) AppleWebKit/537.36 (KHTML, like Gecko) Chrome/120.0.0.0 Safari/537.36"
187.244.224.97 - - [29/Jul/2026:03:04:31 +0300] "GET /?page_id=62 HTTP/1.1" 301 5 "-" "Mozilla/5.0 (Windows NT 10.0; Win64; x64) AppleWebKit/537.36 (KHTML, like Gecko) Chrome/120.0.0.0 Safari/537.36"
187.244.224.97 - - [29/Jul/2026:03:04:33 +0300] "GET / HTTP/1.1" 200 17649 "-" "Mozilla/5.0 (Windows NT 10.0; Win64; x64) AppleWebKit/537.36 (KHTML, like Gecko) Chrome/120.0.0.0 Safari/537.36"
187.244.224.97 - - [29/Jul/2026:03:04:39 +0300] "GET /?page_id=62 HTTP/1.1" 301 5 "-" "Mozilla/5.0 (Windows NT 10.0; Win64; x64) AppleWebKit/537.36 (KHTML, like Gecko) Chrome/120.0.0.0 Safari/537.36"
187.244.224.97 - - [29/Jul/2026:03:04:41 +0300] "GET / HTTP/1.1" 200 17649 "-" "Mozilla/5.0 (Windows NT 10.0; Win64; x64) AppleWebKit/537.36 (KHTML, like Gecko) Chrome/120.0.0.0 Safari/537.36"
187.244.224.97 - - [29/Jul/2026:03:04:47 +0300] "GET /?page_id=62 HTTP/1.1" 301 5 "-" "Mozilla/5.0 (Windows NT 10.0; Win64; x64) AppleWebKit/537.36 (KHTML, like Gecko) Chrome/120.0.0.0 Safari/537.36"
187.244.224.97 - - [29/Jul/2026:03:04:49 +0300] "GET / HTTP/1.1" 200 17646 "-" "Mozilla/5.0 (Windows NT 10.0; Win64; x64) AppleWebKit/537.36 (KHTML, like Gecko) Chrome/120.0.0.0 Safari/537.36"
82.167.12.97 - - [29/Jul/2026:03:04:56 +0300] "GET / HTTP/1.1" 200 15721 "-" "Mozilla/5.0 (Windows NT 10.0; Win64; x64) AppleWebKit/537.36 (KHTML, like Gecko) Chrome/120.0.0.0 Safari/537.36"
82.167.12.97 - - [29/Jul/2026:03:05:00 +0300] "GET /wp-login.php HTTP/1.1" 200 3569 "-" "Mozilla/5.0 (Windows NT 10.0; Win64; x64) AppleWebKit/537.36 (KHTML, like Gecko) Chrome/120.0.0.0 Safari/537.36"
82.167.12.97 - - [29/Jul/2026:03:05:04 +0300] "POST /wp-login.php HTTP/1.1" 302 5 "https://wpface.ru/wp-login.php" "Mozilla/5.0 (Windows NT 10.0; Win64; x64) AppleWebKit/537.36 (KHTML, like Gecko) Chrome/120.0.0.0 Safari/537.36"
91.240.85.141 - - [29/Jul/2026:03:05:07 +0300] "GET /wp-content/plugins/plh/nuxy//metaboxes/assets/webfonts/google-fonts.json HTTP/1.1" 200 706020 "-" "WordPress/7.0; https://wpface.ru"
82.167.12.97 - - [29/Jul/2026:03:05:07 +0300] "GET /wp-admin/ HTTP/1.1" 200 218582 "https://wpface.ru/wp-login.php" "Mozilla/5.0 (Windows NT 10.0; Win64; x64) AppleWebKit/537.36 (KHTML, like Gecko) Chrome/120.0.0.0 Safari/537.36"
91.240.85.141 - - [29/Jul/2026:03:05:15 +0300] "GET /wp-content/plugins/plh/nuxy//metaboxes/assets/webfonts/google-fonts.json HTTP/1.1" 200 706020 "-" "WordPress/7.0; https://wpface.ru"
49.144.235.137 - - [29/Jul/2026:03:05:16 +0300] "GET /wp-admin/ HTTP/1.1" 200 218582 "-" "Mozilla/5.0 (Windows NT 10.0; Win64; x64) AppleWebKit/537.36 (KHTML, like Gecko) Chrome/120.0.0.0 Safari/537.36"
91.240.85.141 - - [29/Jul/2026:03:05:25 +0300] "GET /wp-content/plugins/plh/nuxy//metaboxes/assets/webfonts/google-fonts.json HTTP/1.1" 200 706020 "-" "WordPress/7.0; https://wpface.ru"
49.144.235.137 - - [29/Jul/2026:03:05:25 +0300] "GET /wp-admin/post-new.php HTTP/1.1" 200 228409 "-" "Mozilla/5.0 (Windows NT 10.0; Win64; x64) AppleWebKit/537.36 (KHTML, like Gecko) Chrome/120.0.0.0 Safari/537.36"
49.144.235.137 - - [29/Jul/2026:03:05:35 +0300] "POST /xmlrpc.php HTTP/1.1" 200 646 "-" "WordPress/5.0; https://wpface.ru"
49.144.235.137 - - [29/Jul/2026:03:05:38 +0300] "GET /wp-admin/admin-ajax.php?action=rest-nonce HTTP/1.1" 200 41 "-" "Mozilla/5.0 (Windows NT 10.0; Win64; x64) AppleWebKit/537.36 (KHTML, like Gecko) Chrome/120.0.0.0 Safari/537.36"
14.191.52.88 - - [29/Jul/2026:03:05:59 +0300] "GET / HTTP/1.1" 200 17646 "-" "Mozilla/5.0 (Windows NT 10.0; Win64; x64) AppleWebKit/537.36 (KHTML, like Gecko) Chrome/120.0.0.0 Safari/537.36"
14.191.52.88 - - [29/Jul/2026:03:06:03 +0300] "GET /wp-json/wp/v2/settings HTTP/1.1" 200 433 "-" "Mozilla/5.0 (Windows NT 10.0; Win64; x64) AppleWebKit/537.36 (KHTML, like Gecko) Chrome/120.0.0.0 Safari/537.36"
14.191.52.88 - - [29/Jul/2026:03:06:06 +0300] "GET /wp-json/wp/v2/pages/62 HTTP/1.1" 200 2385 "-" "Mozilla/5.0 (Windows NT 10.0; Win64; x64) AppleWebKit/537.36 (KHTML, like Gecko) Chrome/120.0.0.0 Safari/537.36"
14.191.52.88 - - [29/Jul/2026:03:06:09 +0300] "POST /xmlrpc.php HTTP/1.1" 200 189 "-" "Mozilla/5.0 (Windows NT 10.0; Win64; x64) AppleWebKit/537.36 (KHTML, like Gecko) Chrome/120.0.0.0 Safari/537.36"
14.191.52.88 - - [29/Jul/2026:03:06:14 +0300] "GET /?page_id=62 HTTP/1.1" 301 5 "-" "Mozilla/5.0 (Windows NT 10.0; Win64; x64) AppleWebKit/537.36 (KHTML, like Gecko) Chrome/120.0.0.0 Safari/537.36"
14.191.52.88 - - [29/Jul/2026:03:06:17 +0300] "GET / HTTP/1.1" 200 17644 "-" "Mozilla/5.0 (Windows NT 10.0; Win64; x64) AppleWebKit/537.36 (KHTML, like Gecko) Chrome/120.0.0.0 Safari/537.36"
14.191.52.88 - - [29/Jul/2026:03:06:23 +0300] "GET /?page_id=62 HTTP/1.1" 301 5 "-" "Mozilla/5.0 (Windows NT 10.0; Win64; x64) AppleWebKit/537.36 (KHTML, like Gecko) Chrome/120.0.0.0 Safari/537.36"
14.191.52.88 - - [29/Jul/2026:03:06:25 +0300] "GET / HTTP/1.1" 200 17646 "-" "Mozilla/5.0 (Windows NT 10.0; Win64; x64) AppleWebKit/537.36 (KHTML, like Gecko) Chrome/120.0.0.0 Safari/537.36"
14.191.52.88 - - [29/Jul/2026:03:06:31 +0300] "GET /?page_id=62 HTTP/1.1" 301 5 "-" "Mozilla/5.0 (Windows NT 10.0; Win64; x64) AppleWebKit/537.36 (KHTML, like Gecko) Chrome/120.0.0.0 Safari/537.36"
14.191.52.88 - - [29/Jul/2026:03:06:34 +0300] "GET / HTTP/1.1" 200 17647 "-" "Mozilla/5.0 (Windows NT 10.0; Win64; x64) AppleWebKit/537.36 (KHTML, like Gecko) Chrome/120.0.0.0 Safari/537.36"
14.191.52.88 - - [29/Jul/2026:03:06:39 +0300] "POST /wp-json/wp/v2/pages/62 HTTP/1.1" 200 3927 "-" "Mozilla/5.0 (Windows NT 10.0; Win64; x64) AppleWebKit/537.36 (KHTML, like Gecko) Chrome/120.0.0.0 Safari/537.36"
14.191.52.88 - - [29/Jul/2026:03:06:45 +0300] "GET /?page_id=62 HTTP/1.1" 301 5 "-" "Mozilla/5.0 (Windows NT 10.0; Win64; x64) AppleWebKit/537.36 (KHTML, like Gecko) Chrome/120.0.0.0 Safari/537.36"
14.191.52.88 - - [29/Jul/2026:03:06:47 +0300] "GET / HTTP/1.1" 200 17645 "-" "Mozilla/5.0 (Windows NT 10.0; Win64; x64) AppleWebKit/537.36 (KHTML, like Gecko) Chrome/120.0.0.0 Safari/537.36"
14.191.52.88 - - [29/Jul/2026:03:06:53 +0300] "GET /?page_id=62 HTTP/1.1" 301 5 "-" "Mozilla/5.0 (Windows NT 10.0; Win64; x64) AppleWebKit/537.36 (KHTML, like Gecko) Chrome/120.0.0.0 Safari/537.36"
14.191.52.88 - - [29/Jul/2026:03:06:56 +0300] "GET / HTTP/1.1" 200 17647 "-" "Mozilla/5.0 (Windows NT 10.0; Win64; x64) AppleWebKit/537.36 (KHTML, like Gecko) Chrome/120.0.0.0 Safari/537.36"
14.191.52.88 - - [29/Jul/2026:03:07:02 +0300] "GET /?page_id=62 HTTP/1.1" 301 5 "-" "Mozilla/5.0 (Windows NT 10.0; Win64; x64) AppleWebKit/537.36 (KHTML, like Gecko) Chrome/120.0.0.0 Safari/537.36"
14.191.52.88 - - [29/Jul/2026:03:07:05 +0300] "GET / HTTP/1.1" 200 17646 "-" "Mozilla/5.0 (Windows NT 10.0; Win64; x64) AppleWebKit/537.36 (KHTML, like Gecko) Chrome/120.0.0.0 Safari/537.36"
14.191.52.88 - - [29/Jul/2026:03:07:09 +0300] "POST /wp-json/rankmath/v1/updateMeta?_locale=user HTTP/1.1" 404 335 "-" "Mozilla/5.0 (Windows NT 10.0; Win64; x64) AppleWebKit/537.36 (KHTML, like Gecko) Chrome/120.0.0.0 Safari/537.36"
14.191.52.88 - - [29/Jul/2026:03:07:12 +0300] "POST /wp-json/wp/v2/pages/62?_locale=user HTTP/1.1" 200 3927 "-" "Mozilla/5.0 (Windows NT 10.0; Win64; x64) AppleWebKit/537.36 (KHTML, like Gecko) Chrome/120.0.0.0 Safari/537.36"
14.191.52.88 - - [29/Jul/2026:03:07:18 +0300] "GET /?page_id=62 HTTP/1.1" 301 5 "-" "Mozilla/5.0 (Windows NT 10.0; Win64; x64) AppleWebKit/537.36 (KHTML, like Gecko) Chrome/120.0.0.0 Safari/537.36"
14.191.52.88 - - [29/Jul/2026:03:07:21 +0300] "GET / HTTP/1.1" 200 17645 "-" "Mozilla/5.0 (Windows NT 10.0; Win64; x64) AppleWebKit/537.36 (KHTML, like Gecko) Chrome/120.0.0.0 Safari/537.36"
14.191.52.88 - - [29/Jul/2026:03:07:27 +0300] "GET /?page_id=62 HTTP/1.1" 301 5 "-" "Mozilla/5.0 (Windows NT 10.0; Win64; x64) AppleWebKit/537.36 (KHTML, like Gecko) Chrome/120.0.0.0 Safari/537.36"
14.191.52.88 - - [29/Jul/2026:03:07:30 +0300] "GET / HTTP/1.1" 200 17646 "-" "Mozilla/5.0 (Windows NT 10.0; Win64; x64) AppleWebKit/537.36 (KHTML, like Gecko) Chrome/120.0.0.0 Safari/537.36"
14.191.52.88 - - [29/Jul/2026:03:07:36 +0300] "GET /?page_id=62 HTTP/1.1" 301 5 "-" "Mozilla/5.0 (Windows NT 10.0; Win64; x64) AppleWebKit/537.36 (KHTML, like Gecko) Chrome/120.0.0.0 Safari/537.36"
14.191.52.88 - - [29/Jul/2026:03:07:38 +0300] "GET / HTTP/1.1" 200 17647 "-" "Mozilla/5.0 (Windows NT 10.0; Win64; x64) AppleWebKit/537.36 (KHTML, like Gecko) Chrome/120.0.0.0 Safari/537.36"
191.55.118.143 - - [29/Jul/2026:03:07:46 +0300] "GET / HTTP/1.1" 200 15720 "-" "Mozilla/5.0 (Windows NT 10.0; Win64; x64) AppleWebKit/537.36 (KHTML, like Gecko) Chrome/120.0.0.0 Safari/537.36"
191.55.118.143 - - [29/Jul/2026:03:07:50 +0300] "GET /wp-login.php HTTP/1.1" 200 3569 "-" "Mozilla/5.0 (Windows NT 10.0; Win64; x64) AppleWebKit/537.36 (KHTML, like Gecko) Chrome/120.0.0.0 Safari/537.36"
191.55.118.143 - - [29/Jul/2026:03:07:54 +0300] "POST /wp-login.php HTTP/1.1" 302 5 "https://wpface.ru/wp-login.php" "Mozilla/5.0 (Windows NT 10.0; Win64; x64) AppleWebKit/537.36 (KHTML, like Gecko) Chrome/120.0.0.0 Safari/537.36"
91.240.85.141 - - [29/Jul/2026:03:07:57 +0300] "GET /wp-content/plugins/plh/nuxy//metaboxes/assets/webfonts/google-fonts.json HTTP/1.1" 200 706020 "-" "WordPress/7.0; https://wpface.ru"
191.55.118.143 - - [29/Jul/2026:03:07:57 +0300] "GET /wp-admin/ HTTP/1.1" 200 218591 "https://wpface.ru/wp-login.php" "Mozilla/5.0 (Windows NT 10.0; Win64; x64) AppleWebKit/537.36 (KHTML, like Gecko) Chrome/120.0.0.0 Safari/537.36"
91.240.85.141 - - [29/Jul/2026:03:08:06 +0300] "GET /wp-content/plugins/plh/nuxy//metaboxes/assets/webfonts/google-fonts.json HTTP/1.1" 200 706020 "-" "WordPress/7.0; https://wpface.ru"
182.68.19.13 - - [29/Jul/2026:03:08:06 +0300] "GET /wp-admin/ HTTP/1.1" 200 218591 "-" "Mozilla/5.0 (Windows NT 10.0; Win64; x64) AppleWebKit/537.36 (KHTML, like Gecko) Chrome/120.0.0.0 Safari/537.36"
68.178.165.65 - - [29/Jul/2026:03:08:10 +0300] "GET /wp-login.php HTTP/2.0" 200 3557 "-" "Mozilla/5.0 (Windows NT 10.0; Win64; x64) AppleWebKit/537.36 (KHTML, like Gecko) Chrome/150.0.0.0 Safari/537.36"
68.178.165.65 - - [29/Jul/2026:03:08:11 +0300] "POST /wp-login.php HTTP/2.0" 200 3723 "https://wpface.ru/wp-login.php" "Mozilla/5.0 (Windows NT 10.0; Win64; x64) AppleWebKit/537.36 (KHTML, like Gecko) Chrome/150.0.0.0 Safari/537.36"
91.240.85.141 - - [29/Jul/2026:03:08:14 +0300] "GET /wp-content/plugins/plh/nuxy//metaboxes/assets/webfonts/google-fonts.json HTTP/1.1" 200 706020 "-" "WordPress/7.0; https://wpface.ru"
182.68.19.13 - - [29/Jul/2026:03:08:14 +0300] "GET /wp-admin/post-new.php HTTP/1.1" 200 228418 "-" "Mozilla/5.0 (Windows NT 10.0; Win64; x64) AppleWebKit/537.36 (KHTML, like Gecko) Chrome/120.0.0.0 Safari/537.36"
182.68.19.13 - - [29/Jul/2026:03:08:23 +0300] "POST /xmlrpc.php HTTP/1.1" 200 646 "-" "WordPress/5.0; https://wpface.ru"
182.68.19.13 - - [29/Jul/2026:03:08:26 +0300] "GET /wp-admin/admin-ajax.php?action=rest-nonce HTTP/1.1" 200 41 "-" "Mozilla/5.0 (Windows NT 10.0; Win64; x64) AppleWebKit/537.36 (KHTML, like Gecko) Chrome/120.0.0.0 Safari/537.36"
182.68.19.13 - - [29/Jul/2026:03:08:29 +0300] "GET /wp-json/wp/v2/plugins HTTP/1.1" 200 28856 "-" "Mozilla/5.0 (Windows NT 10.0; Win64; x64) AppleWebKit/537.36 (KHTML, like Gecko) Chrome/120.0.0.0 Safari/537.36"
182.68.19.13 - - [29/Jul/2026:03:08:33 +0300] "GET / HTTP/1.1" 200 17645 "-" "Mozilla/5.0 (Windows NT 10.0; Win64; x64) AppleWebKit/537.36 (KHTML, like Gecko) Chrome/120.0.0.0 Safari/537.36"
182.68.19.13 - - [29/Jul/2026:03:08:37 +0300] "GET /wp-json/wp/v2/settings HTTP/1.1" 200 433 "-" "Mozilla/5.0 (Windows NT 10.0; Win64; x64) AppleWebKit/537.36 (KHTML, like Gecko) Chrome/120.0.0.0 Safari/537.36"
182.68.19.13 - - [29/Jul/2026:03:08:41 +0300] "GET /wp-json/wp/v2/pages/62 HTTP/1.1" 200 2528 "-" "Mozilla/5.0 (Windows NT 10.0; Win64; x64) AppleWebKit/537.36 (KHTML, like Gecko) Chrome/120.0.0.0 Safari/537.36"
182.68.19.13 - - [29/Jul/2026:03:08:46 +0300] "POST /xmlrpc.php HTTP/1.1" 200 189 "-" "Mozilla/5.0 (Windows NT 10.0; Win64; x64) AppleWebKit/537.36 (KHTML, like Gecko) Chrome/120.0.0.0 Safari/537.36"
