45.195.56.246 - - [29/Jul/2026:13:13:12 +0300] "GET /wp-includes/js/media-editor.min.js?ver=7.0 HTTP/2.0" 200 4105 "https://wpface.ru/wp-admin/" "Mozilla/5.0 (Windows NT 6.1; Win64; x64) AppleWebKit/537.36 (KHTML, like Gecko) Chrome/109.0.0.0 Safari/537.36"
45.195.56.246 - - [29/Jul/2026:13:13:12 +0300] "GET /wp-includes/js/media-audiovideo.min.js?ver=7.0 HTTP/2.0" 200 3874 "https://wpface.ru/wp-admin/" "Mozilla/5.0 (Windows NT 6.1; Win64; x64) AppleWebKit/537.36 (KHTML, like Gecko) Chrome/109.0.0.0 Safari/537.36"
45.195.56.246 - - [29/Jul/2026:13:13:12 +0300] "GET /wp-includes/js/mce-view.min.js?ver=7.0 HTTP/2.0" 200 4105 "https://wpface.ru/wp-admin/" "Mozilla/5.0 (Windows NT 6.1; Win64; x64) AppleWebKit/537.36 (KHTML, like Gecko) Chrome/109.0.0.0 Safari/537.36"
45.195.56.246 - - [29/Jul/2026:13:13:12 +0300] "GET /wp-includes/js/imgareaselect/jquery.imgareaselect.min.js?ver=7.0 HTTP/2.0" 200 4048 "https://wpface.ru/wp-admin/" "Mozilla/5.0 (Windows NT 6.1; Win64; x64) AppleWebKit/537.36 (KHTML, like Gecko) Chrome/109.0.0.0 Safari/537.36"
45.195.56.246 - - [29/Jul/2026:13:13:12 +0300] "GET /wp-admin/js/image-edit.min.js?ver=7.0 HTTP/2.0" 200 5483 "https://wpface.ru/wp-admin/" "Mozilla/5.0 (Windows NT 6.1; Win64; x64) AppleWebKit/537.36 (KHTML, like Gecko) Chrome/109.0.0.0 Safari/537.36"
45.195.56.246 - - [29/Jul/2026:13:13:12 +0300] "GET /wp-content/plugins/plh/nuxy/metaboxes/assets/js/vue2-datepicker.min.js?ver=4.4.19 HTTP/2.0" 200 11808 "https://wpface.ru/wp-admin/" "Mozilla/5.0 (Windows NT 6.1; Win64; x64) AppleWebKit/537.36 (KHTML, like Gecko) Chrome/109.0.0.0 Safari/537.36"
45.195.56.246 - - [29/Jul/2026:13:13:12 +0300] "GET /wp-content/plugins/plh/nuxy/metaboxes/assets/js/vue-select.js?ver=4.4.19 HTTP/2.0" 200 13388 "https://wpface.ru/wp-admin/" "Mozilla/5.0 (Windows NT 6.1; Win64; x64) AppleWebKit/537.36 (KHTML, like Gecko) Chrome/109.0.0.0 Safari/537.36"
45.195.56.246 - - [29/Jul/2026:13:13:12 +0300] "GET /wp-content/plugins/plh/nuxy/metaboxes/assets/js/vue2-editor.min.js?ver=4.4.19 HTTP/2.0" 200 80739 "https://wpface.ru/wp-admin/" "Mozilla/5.0 (Windows NT 6.1; Win64; x64) AppleWebKit/537.36 (KHTML, like Gecko) Chrome/109.0.0.0 Safari/537.36"
45.195.56.246 - - [29/Jul/2026:13:13:12 +0300] "GET /wp-content/plugins/plh/nuxy/metaboxes/assets/js/vue-color.min.js?ver=4.4.19 HTTP/2.0" 200 23058 "https://wpface.ru/wp-admin/" "Mozilla/5.0 (Windows NT 6.1; Win64; x64) AppleWebKit/537.36 (KHTML, like Gecko) Chrome/109.0.0.0 Safari/537.36"
45.195.56.246 - - [29/Jul/2026:13:13:12 +0300] "GET /wp-content/plugins/plh/nuxy/metaboxes/assets/js/sortable.min.js?ver=4.4.19 HTTP/2.0" 200 16455 "https://wpface.ru/wp-admin/" "Mozilla/5.0 (Windows NT 6.1; Win64; x64) AppleWebKit/537.36 (KHTML, like Gecko) Chrome/109.0.0.0 Safari/537.36"
45.195.56.246 - - [29/Jul/2026:13:13:12 +0300] "GET /wp-content/plugins/plh/nuxy/metaboxes/assets/js/vue-draggable.min.js?ver=4.4.19 HTTP/2.0" 200 12992 "https://wpface.ru/wp-admin/" "Mozilla/5.0 (Windows NT 6.1; Win64; x64) AppleWebKit/537.36 (KHTML, like Gecko) Chrome/109.0.0.0 Safari/537.36"
45.195.56.246 - - [29/Jul/2026:13:13:12 +0300] "GET /wp-content/plugins/plh/nuxy/metaboxes/assets/js/mixins.js?ver=4.4.19 HTTP/2.0" 200 881 "https://wpface.ru/wp-admin/" "Mozilla/5.0 (Windows NT 6.1; Win64; x64) AppleWebKit/537.36 (KHTML, like Gecko) Chrome/109.0.0.0 Safari/537.36"
45.195.56.246 - - [29/Jul/2026:13:13:12 +0300] "GET /wp-content/plugins/plh/nuxy/metaboxes/assets/js/metaboxes.js?ver=4.4.19 HTTP/2.0" 200 10456 "https://wpface.ru/wp-admin/" "Mozilla/5.0 (Windows NT 6.1; Win64; x64) AppleWebKit/537.36 (KHTML, like Gecko) Chrome/109.0.0.0 Safari/537.36"
45.195.56.246 - - [29/Jul/2026:13:13:12 +0300] "GET /wp-content/plugins/plh/nuxy//metaboxes/general_components/js/group_title.js?ver=4.4.19 HTTP/2.0" 200 1342 "https://wpface.ru/wp-admin/" "Mozilla/5.0 (Windows NT 6.1; Win64; x64) AppleWebKit/537.36 (KHTML, like Gecko) Chrome/109.0.0.0 Safari/537.36"
45.195.56.246 - - [29/Jul/2026:13:13:12 +0300] "GET /wp-content/plugins/plh/nuxy//metaboxes/general_components/js/text.js?ver=4.4.19 HTTP/2.0" 200 2960 "https://wpface.ru/wp-admin/" "Mozilla/5.0 (Windows NT 6.1; Win64; x64) AppleWebKit/537.36 (KHTML, like Gecko) Chrome/109.0.0.0 Safari/537.36"
45.195.56.246 - - [29/Jul/2026:13:13:12 +0300] "GET /wp-content/plugins/plh/nuxy//metaboxes/general_components/js/time.js?ver=4.4.19 HTTP/2.0" 200 1971 "https://wpface.ru/wp-admin/" "Mozilla/5.0 (Windows NT 6.1; Win64; x64) AppleWebKit/537.36 (KHTML, like Gecko) Chrome/109.0.0.0 Safari/537.36"
45.195.56.246 - - [29/Jul/2026:13:13:12 +0300] "GET /wp-content/plugins/plh/nuxy//metaboxes/general_components/js/number.js?ver=4.4.19 HTTP/2.0" 200 2288 "https://wpface.ru/wp-admin/" "Mozilla/5.0 (Windows NT 6.1; Win64; x64) AppleWebKit/537.36 (KHTML, like Gecko) Chrome/109.0.0.0 Safari/537.36"
45.195.56.246 - - [29/Jul/2026:13:13:12 +0300] "GET /wp-content/plugins/plh/nuxy//metaboxes/general_components/js/image.js?ver=4.4.19 HTTP/2.0" 200 3965 "https://wpface.ru/wp-admin/" "Mozilla/5.0 (Windows NT 6.1; Win64; x64) AppleWebKit/537.36 (KHTML, like Gecko) Chrome/109.0.0.0 Safari/537.36"
45.195.56.246 - - [29/Jul/2026:13:13:12 +0300] "GET /wp-content/plugins/plh/nuxy//metaboxes/general_components/js/checkbox.js?ver=4.4.19 HTTP/2.0" 200 2265 "https://wpface.ru/wp-admin/" "Mozilla/5.0 (Windows NT 6.1; Win64; x64) AppleWebKit/537.36 (KHTML, like Gecko) Chrome/109.0.0.0 Safari/537.36"
45.195.56.246 - - [29/Jul/2026:13:13:12 +0300] "GET /wp-content/plugins/plh/nuxy//metaboxes/general_components/js/date.js?ver=4.4.19 HTTP/2.0" 200 2727 "https://wpface.ru/wp-admin/" "Mozilla/5.0 (Windows NT 6.1; Win64; x64) AppleWebKit/537.36 (KHTML, like Gecko) Chrome/109.0.0.0 Safari/537.36"
45.195.56.246 - - [29/Jul/2026:13:13:12 +0300] "GET /wp-content/plugins/plh/nuxy//metaboxes/general_components/js/dates.js?ver=4.4.19 HTTP/2.0" 200 3152 "https://wpface.ru/wp-admin/" "Mozilla/5.0 (Windows NT 6.1; Win64; x64) AppleWebKit/537.36 (KHTML, like Gecko) Chrome/109.0.0.0 Safari/537.36"
45.195.56.246 - - [29/Jul/2026:13:13:12 +0300] "GET /wp-content/plugins/plh/nuxy//metaboxes/general_components/js/select.js?ver=4.4.19 HTTP/2.0" 200 2224 "https://wpface.ru/wp-admin/" "Mozilla/5.0 (Windows NT 6.1; Win64; x64) AppleWebKit/537.36 (KHTML, like Gecko) Chrome/109.0.0.0 Safari/537.36"
45.195.56.246 - - [29/Jul/2026:13:13:12 +0300] "GET /wp-content/plugins/plh/nuxy//metaboxes/general_components/js/radio.js?ver=4.4.19 HTTP/2.0" 200 2541 "https://wpface.ru/wp-admin/" "Mozilla/5.0 (Windows NT 6.1; Win64; x64) AppleWebKit/537.36 (KHTML, like Gecko) Chrome/109.0.0.0 Safari/537.36"
45.195.56.246 - - [29/Jul/2026:13:13:12 +0300] "GET /wp-content/plugins/plh/nuxy//metaboxes/general_components/js/textarea.js?ver=4.4.19 HTTP/2.0" 200 1970 "https://wpface.ru/wp-admin/" "Mozilla/5.0 (Windows NT 6.1; Win64; x64) AppleWebKit/537.36 (KHTML, like Gecko) Chrome/109.0.0.0 Safari/537.36"
45.195.56.246 - - [29/Jul/2026:13:13:12 +0300] "GET /wp-content/plugins/plh/nuxy//metaboxes/general_components/js/hint_textarea.js?ver=4.4.19 HTTP/2.0" 200 2263 "https://wpface.ru/wp-admin/" "Mozilla/5.0 (Windows NT 6.1; Win64; x64) AppleWebKit/537.36 (KHTML, like Gecko) Chrome/109.0.0.0 Safari/537.36"
45.195.56.246 - - [29/Jul/2026:13:13:12 +0300] "GET /wp-content/plugins/plh/nuxy//metaboxes/general_components/js/color.js?ver=4.4.19 HTTP/2.0" 200 4001 "https://wpface.ru/wp-admin/" "Mozilla/5.0 (Windows NT 6.1; Win64; x64) AppleWebKit/537.36 (KHTML, like Gecko) Chrome/109.0.0.0 Safari/537.36"
45.195.56.246 - - [29/Jul/2026:13:13:12 +0300] "GET /wp-content/plugins/plh/nuxy//metaboxes/general_components/js/autocomplete.js?ver=4.4.19 HTTP/2.0" 200 7770 "https://wpface.ru/wp-admin/" "Mozilla/5.0 (Windows NT 6.1; Win64; x64) AppleWebKit/537.36 (KHTML, like Gecko) Chrome/109.0.0.0 Safari/537.36"
45.195.56.246 - - [29/Jul/2026:13:13:12 +0300] "GET /wp-content/plugins/plh/nuxy//metaboxes/general_components/js/editor.js?ver=4.4.19 HTTP/2.0" 200 2336 "https://wpface.ru/wp-admin/" "Mozilla/5.0 (Windows NT 6.1; Win64; x64) AppleWebKit/537.36 (KHTML, like Gecko) Chrome/109.0.0.0 Safari/537.36"
45.195.56.246 - - [29/Jul/2026:13:13:12 +0300] "GET /wp-content/plugins/plh/nuxy//metaboxes/general_components/js/repeater.js?ver=4.4.19 HTTP/2.0" 200 6418 "https://wpface.ru/wp-admin/" "Mozilla/5.0 (Windows NT 6.1; Win64; x64) AppleWebKit/537.36 (KHTML, like Gecko) Chrome/109.0.0.0 Safari/537.36"
45.195.56.246 - - [29/Jul/2026:13:13:12 +0300] "GET /wp-content/plugins/plh/nuxy//metaboxes/general_components/js/file.js?ver=4.4.19 HTTP/2.0" 200 6287 "https://wpface.ru/wp-admin/" "Mozilla/5.0 (Windows NT 6.1; Win64; x64) AppleWebKit/537.36 (KHTML, like Gecko) Chrome/109.0.0.0 Safari/537.36"
45.195.56.246 - - [29/Jul/2026:13:13:12 +0300] "GET /wp-content/plugins/plh/nuxy//metaboxes/general_components/js/notice.js?ver=4.4.19 HTTP/2.0" 200 3051 "https://wpface.ru/wp-admin/" "Mozilla/5.0 (Windows NT 6.1; Win64; x64) AppleWebKit/537.36 (KHTML, like Gecko) Chrome/109.0.0.0 Safari/537.36"
45.195.56.246 - - [29/Jul/2026:13:13:12 +0300] "GET /wp-content/plugins/plh/nuxy//metaboxes/general_components/js/notice_banner.js?ver=4.4.19 HTTP/2.0" 200 2924 "https://wpface.ru/wp-admin/" "Mozilla/5.0 (Windows NT 6.1; Win64; x64) AppleWebKit/537.36 (KHTML, like Gecko) Chrome/109.0.0.0 Safari/537.36"
45.195.56.246 - - [29/Jul/2026:13:13:12 +0300] "GET /wp-content/plugins/plh/nuxy//metaboxes/general_components/js/notification_message.js?ver=4.4.19 HTTP/2.0" 200 1923 "https://wpface.ru/wp-admin/" "Mozilla/5.0 (Windows NT 6.1; Win64; x64) AppleWebKit/537.36 (KHTML, like Gecko) Chrome/109.0.0.0 Safari/537.36"
45.195.56.246 - - [29/Jul/2026:13:13:12 +0300] "GET /wp-content/plugins/plh/nuxy//metaboxes/general_components/js/button_group.js?ver=4.4.19 HTTP/2.0" 200 2143 "https://wpface.ru/wp-admin/" "Mozilla/5.0 (Windows NT 6.1; Win64; x64) AppleWebKit/537.36 (KHTML, like Gecko) Chrome/109.0.0.0 Safari/537.36"
45.195.56.246 - - [29/Jul/2026:13:13:12 +0300] "GET /wp-content/plugins/plh/nuxy//metaboxes/general_components/js/button_list.js?ver=4.4.19 HTTP/2.0" 200 1866 "https://wpface.ru/wp-admin/" "Mozilla/5.0 (Windows NT 6.1; Win64; x64) AppleWebKit/537.36 (KHTML, like Gecko) Chrome/109.0.0.0 Safari/537.36"
45.195.56.246 - - [29/Jul/2026:13:13:12 +0300] "GET /wp-content/plugins/plh/nuxy//metaboxes/general_components/js/image_select.js?ver=4.4.19 HTTP/2.0" 200 2657 "https://wpface.ru/wp-admin/" "Mozilla/5.0 (Windows NT 6.1; Win64; x64) AppleWebKit/537.36 (KHTML, like Gecko) Chrome/109.0.0.0 Safari/537.36"
45.195.56.246 - - [29/Jul/2026:13:13:12 +0300] "GET /wp-content/plugins/plh/nuxy//metaboxes/general_components/js/data_select.js?ver=4.4.19 HTTP/2.0" 200 3281 "https://wpface.ru/wp-admin/" "Mozilla/5.0 (Windows NT 6.1; Win64; x64) AppleWebKit/537.36 (KHTML, like Gecko) Chrome/109.0.0.0 Safari/537.36"
45.195.56.246 - - [29/Jul/2026:13:13:12 +0300] "GET /wp-content/plugins/plh/nuxy//metaboxes/general_components/js/spacing.js?ver=4.4.19 HTTP/2.0" 200 4084 "https://wpface.ru/wp-admin/" "Mozilla/5.0 (Windows NT 6.1; Win64; x64) AppleWebKit/537.36 (KHTML, like Gecko) Chrome/109.0.0.0 Safari/537.36"
45.195.56.246 - - [29/Jul/2026:13:13:12 +0300] "GET /wp-content/plugins/plh/nuxy//metaboxes/general_components/js/link_color.js?ver=4.4.19 HTTP/2.0" 200 5295 "https://wpface.ru/wp-admin/" "Mozilla/5.0 (Windows NT 6.1; Win64; x64) AppleWebKit/537.36 (KHTML, like Gecko) Chrome/109.0.0.0 Safari/537.36"
45.195.56.246 - - [29/Jul/2026:13:13:12 +0300] "GET /wp-content/plugins/plh/nuxy//metaboxes/general_components/js/multi_checkbox.js?ver=4.4.19 HTTP/2.0" 200 2758 "https://wpface.ru/wp-admin/" "Mozilla/5.0 (Windows NT 6.1; Win64; x64) AppleWebKit/537.36 (KHTML, like Gecko) Chrome/109.0.0.0 Safari/537.36"
45.195.56.246 - - [29/Jul/2026:13:13:12 +0300] "GET /wp-content/plugins/plh/nuxy//metaboxes/general_components/js/sorter.js?ver=4.4.19 HTTP/2.0" 200 4643 "https://wpface.ru/wp-admin/" "Mozilla/5.0 (Windows NT 6.1; Win64; x64) AppleWebKit/537.36 (KHTML, like Gecko) Chrome/109.0.0.0 Safari/537.36"
45.195.56.246 - - [29/Jul/2026:13:13:12 +0300] "GET /wp-content/plugins/plh/nuxy//metaboxes/general_components/js/gallery.js?ver=4.4.19 HTTP/2.0" 200 4190 "https://wpface.ru/wp-admin/" "Mozilla/5.0 (Windows NT 6.1; Win64; x64) AppleWebKit/537.36 (KHTML, like Gecko) Chrome/109.0.0.0 Safari/537.36"
45.195.56.246 - - [29/Jul/2026:13:13:12 +0300] "GET /wp-content/plugins/plh/nuxy//metaboxes/general_components/js/multi_input.js?ver=4.4.19 HTTP/2.0" 200 4350 "https://wpface.ru/wp-admin/" "Mozilla/5.0 (Windows NT 6.1; Win64; x64) AppleWebKit/537.36 (KHTML, like Gecko) Chrome/109.0.0.0 Safari/537.36"
45.195.56.246 - - [29/Jul/2026:13:13:13 +0300] "GET /wp-json/wp/v2/users/me?context=edit&_locale=user HTTP/2.0" 200 4126 "https://wpface.ru/wp-admin/" "Mozilla/5.0 (Windows NT 6.1; Win64; x64) AppleWebKit/537.36 (KHTML, like Gecko) Chrome/109.0.0.0 Safari/537.36"
45.195.56.246 - - [29/Jul/2026:13:13:13 +0300] "GET /wp-includes/js/dist/block-editor.min.js?ver=93c3566b7f24c15b7e17 HTTP/2.0" 200 383654 "https://wpface.ru/wp-admin/" "Mozilla/5.0 (Windows NT 6.1; Win64; x64) AppleWebKit/537.36 (KHTML, like Gecko) Chrome/109.0.0.0 Safari/537.36"
45.195.56.246 - - [29/Jul/2026:13:13:13 +0300] "GET /wp-content/plugins/plh/nuxy//metaboxes/general_components/js/color_gradient.js?ver=4.4.19 HTTP/2.0" 200 5080 "https://wpface.ru/wp-admin/" "Mozilla/5.0 (Windows NT 6.1; Win64; x64) AppleWebKit/537.36 (KHTML, like Gecko) Chrome/109.0.0.0 Safari/537.36"
45.195.56.246 - - [29/Jul/2026:13:13:13 +0300] "GET /wp-content/plugins/plh/nuxy//metaboxes/general_components/js/icon_picker.js?ver=4.4.19 HTTP/2.0" 200 7193 "https://wpface.ru/wp-admin/" "Mozilla/5.0 (Windows NT 6.1; Win64; x64) AppleWebKit/537.36 (KHTML, like Gecko) Chrome/109.0.0.0 Safari/537.36"
45.195.56.246 - - [29/Jul/2026:13:13:13 +0300] "GET /wp-content/plugins/plh/nuxy//metaboxes/general_components/js/range_slider.js?ver=4.4.19 HTTP/2.0" 200 6510 "https://wpface.ru/wp-admin/" "Mozilla/5.0 (Windows NT 6.1; Win64; x64) AppleWebKit/537.36 (KHTML, like Gecko) Chrome/109.0.0.0 Safari/537.36"
45.195.56.246 - - [29/Jul/2026:13:13:13 +0300] "GET /wp-content/plugins/plh/nuxy//metaboxes/general_components/js/typography.js?ver=4.4.19 HTTP/2.0" 200 17126 "https://wpface.ru/wp-admin/" "Mozilla/5.0 (Windows NT 6.1; Win64; x64) AppleWebKit/537.36 (KHTML, like Gecko) Chrome/109.0.0.0 Safari/537.36"
45.195.56.246 - - [29/Jul/2026:13:13:13 +0300] "GET /wp-content/plugins/plh/nuxy//metaboxes/general_components/js/multiselect.js?ver=4.4.19 HTTP/2.0" 200 21509 "https://wpface.ru/wp-admin/" "Mozilla/5.0 (Windows NT 6.1; Win64; x64) AppleWebKit/537.36 (KHTML, like Gecko) Chrome/109.0.0.0 Safari/537.36"
45.195.56.246 - - [29/Jul/2026:13:13:13 +0300] "GET /wp-content/plugins/plh/nuxy//metaboxes/general_components/js/import_export.js?ver=4.4.19 HTTP/2.0" 200 4219 "https://wpface.ru/wp-admin/" "Mozilla/5.0 (Windows NT 6.1; Win64; x64) AppleWebKit/537.36 (KHTML, like Gecko) Chrome/109.0.0.0 Safari/537.36"
45.195.56.246 - - [29/Jul/2026:13:13:13 +0300] "GET /wp-content/plugins/plh/nuxy//metaboxes/general_components/js/trumbowyg.js?ver=4.4.19 HTTP/2.0" 200 3188 "https://wpface.ru/wp-admin/" "Mozilla/5.0 (Windows NT 6.1; Win64; x64) AppleWebKit/537.36 (KHTML, like Gecko) Chrome/109.0.0.0 Safari/537.36"
45.195.56.246 - - [29/Jul/2026:13:13:13 +0300] "GET /wp-content/plugins/plh/nuxy//metaboxes/general_components/js/fields_aside.js?ver=4.4.19 HTTP/2.0" 200 2031 "https://wpface.ru/wp-admin/" "Mozilla/5.0 (Windows NT 6.1; Win64; x64) AppleWebKit/537.36 (KHTML, like Gecko) Chrome/109.0.0.0 Safari/537.36"
45.195.56.246 - - [29/Jul/2026:13:13:13 +0300] "GET /wp-includes/js/wplink.min.js?ver=7.0 HTTP/2.0" 200 4344 "https://wpface.ru/wp-admin/" "Mozilla/5.0 (Windows NT 6.1; Win64; x64) AppleWebKit/537.36 (KHTML, like Gecko) Chrome/109.0.0.0 Safari/537.36"
45.195.56.246 - - [29/Jul/2026:13:13:13 +0300] "GET /wp-includes/js/jquery/ui/menu.min.js?ver=1.13.3 HTTP/2.0" 200 3502 "https://wpface.ru/wp-admin/" "Mozilla/5.0 (Windows NT 6.1; Win64; x64) AppleWebKit/537.36 (KHTML, like Gecko) Chrome/109.0.0.0 Safari/537.36"
45.195.56.246 - - [29/Jul/2026:13:13:13 +0300] "GET /wp-includes/js/jquery/ui/autocomplete.min.js?ver=1.13.3 HTTP/2.0" 200 3252 "https://wpface.ru/wp-admin/" "Mozilla/5.0 (Windows NT 6.1; Win64; x64) AppleWebKit/537.36 (KHTML, like Gecko) Chrome/109.0.0.0 Safari/537.36"
45.195.56.246 - - [29/Jul/2026:13:13:13 +0300] "GET /wp-content/plugins/plh/nuxy//taxonomy_meta/assets/js/jquery.fonticonpicker.min.js?ver=1785319989 HTTP/2.0" 200 3879 "https://wpface.ru/wp-admin/" "Mozilla/5.0 (Windows NT 6.1; Win64; x64) AppleWebKit/537.36 (KHTML, like Gecko) Chrome/109.0.0.0 Safari/537.36"
45.195.56.246 - - [29/Jul/2026:13:13:13 +0300] "GET /wp-content/plugins/plh/assets/js/admin.js?ver=1.0.6 HTTP/2.0" 200 1995 "https://wpface.ru/wp-admin/" "Mozilla/5.0 (Windows NT 6.1; Win64; x64) AppleWebKit/537.36 (KHTML, like Gecko) Chrome/109.0.0.0 Safari/537.36"
45.195.56.246 - - [29/Jul/2026:13:13:13 +0300] "GET /wp-content/plugins/plh//assets/js/webhook.js?ver=1.0.6 HTTP/2.0" 200 428 "https://wpface.ru/wp-admin/" "Mozilla/5.0 (Windows NT 6.1; Win64; x64) AppleWebKit/537.36 (KHTML, like Gecko) Chrome/109.0.0.0 Safari/537.36"
45.195.56.246 - - [29/Jul/2026:13:13:13 +0300] "GET /wp-content/plugins/plh//assets/images/icon.png HTTP/2.0" 200 40643 "https://wpface.ru/wp-admin/" "Mozilla/5.0 (Windows NT 6.1; Win64; x64) AppleWebKit/537.36 (KHTML, like Gecko) Chrome/109.0.0.0 Safari/537.36"
45.195.56.246 - - [29/Jul/2026:13:13:13 +0300] "GET /wp-admin/%EF%BF%9D%CD%A9%C6%A8%EF%BF%AF%CF%A6%CB%85%EF%BF%9C$%16%D0%AE%EF%BF%92%CD%B3%CF%8B%EF%BF%96%7CY%CA%BA%D1%BA%CD%9A%EF%BF%83%EF%BF%82%EF%BF%9B%EF%BF%AF%EF%BE%BF%EF%BE%BE%EF%BE%BD%EF%BE%BC%EF%BE%BC%C9%A6%C8%80%EF%BF%92%EF%BE%B7%EF%BE%B6%EF%BE%B5%C2%8C%EF%BE%B3%C7%8E%CB%89%D1%AA%C2%AB%CD%BE%C3%B1%EF%BE%BD%EF%BF%86%D2%AA%EF%BE%AE%C8%84%EF%BE%AC%D3%98%C4%A2/get_script HTTP/2.0" 404 16428 "https://wpface.ru/wp-admin/" "Mozilla/5.0 (Windows NT 6.1; Win64; x64) AppleWebKit/537.36 (KHTML, like Gecko) Chrome/109.0.0.0 Safari/537.36"
45.195.56.246 - - [29/Jul/2026:13:13:13 +0300] "GET /wp-content/plugins/plh/nuxy//metaboxes/general_components/js/ace_editor.js?ver=4.4.19 HTTP/2.0" 200 448249 "https://wpface.ru/wp-admin/" "Mozilla/5.0 (Windows NT 6.1; Win64; x64) AppleWebKit/537.36 (KHTML, like Gecko) Chrome/109.0.0.0 Safari/537.36"
45.195.56.246 - - [29/Jul/2026:13:13:13 +0300] "GET /wp-admin/%EF%BF%9D%CD%A9%C6%A8%EF%BF%AF%CF%A6%CB%85%EF%BF%9C$%16%D0%AE%EF%BF%92%CD%B3%CF%8B%EF%BF%96%7CY%CA%BA%D1%BA%CD%9A%EF%BF%83%EF%BF%82%EF%BF%9B%EF%BF%AF%EF%BE%BF%EF%BE%BE%EF%BE%BD%EF%BE%BC%EF%BE%BC%C9%A6%C8%80%EF%BF%92%EF%BE%B7%EF%BE%B6%EF%BE%B5%C2%8C%EF%BE%B3%C7%8E%CB%89%D1%AA%C2%AB%CD%BE%C3%B1%EF%BE%BD%EF%BF%86%D2%AA%EF%BE%AE%C8%84%EF%BE%AC%D3%98%C4%A2/get_script HTTP/2.0" 404 16424 "https://wpface.ru/wp-admin/" "Mozilla/5.0 (Windows NT 6.1; Win64; x64) AppleWebKit/537.36 (KHTML, like Gecko) Chrome/109.0.0.0 Safari/537.36"
45.195.56.246 - - [29/Jul/2026:13:13:15 +0300] "GET /wp-includes/js/thickbox/loadingAnimation.gif HTTP/2.0" 200 14944 "https://wpface.ru/wp-admin/" "Mozilla/5.0 (Windows NT 6.1; Win64; x64) AppleWebKit/537.36 (KHTML, like Gecko) Chrome/109.0.0.0 Safari/537.36"
45.195.56.246 - - [29/Jul/2026:13:13:15 +0300] "GET /favicon.ico HTTP/2.0" 302 0 "https://wpface.ru/wp-admin/" "Mozilla/5.0 (Windows NT 6.1; Win64; x64) AppleWebKit/537.36 (KHTML, like Gecko) Chrome/109.0.0.0 Safari/537.36"
45.195.56.246 - - [29/Jul/2026:13:13:15 +0300] "POST /wp-admin/admin-ajax.php HTTP/2.0" 200 1833 "https://wpface.ru/wp-admin/" "Mozilla/5.0 (Windows NT 6.1; Win64; x64) AppleWebKit/537.36 (KHTML, like Gecko) Chrome/109.0.0.0 Safari/537.36"
91.240.85.141 - - [29/Jul/2026:13:13:43 +0300] "GET /wp-content/plugins/plh/nuxy//metaboxes/assets/webfonts/google-fonts.json HTTP/1.1" 200 706020 "-" "WordPress/7.0; https://wpface.ru"
45.195.56.246 - - [29/Jul/2026:13:13:43 +0300] "GET /wp-admin/plugins.php HTTP/2.0" 200 214748 "https://wpface.ru/wp-admin/" "Mozilla/5.0 (Windows NT 6.1; Win64; x64) AppleWebKit/537.36 (KHTML, like Gecko) Chrome/109.0.0.0 Safari/537.36"
45.195.56.246 - - [29/Jul/2026:13:13:44 +0300] "GET /wp-content/plugins/plh/nuxy//taxonomy_meta/assets/css/jquery.fonticonpicker.min.css?ver=1785320023 HTTP/2.0" 200 1344 "https://wpface.ru/wp-admin/plugins.php" "Mozilla/5.0 (Windows NT 6.1; Win64; x64) AppleWebKit/537.36 (KHTML, like Gecko) Chrome/109.0.0.0 Safari/537.36"
45.195.56.246 - - [29/Jul/2026:13:13:44 +0300] "GET /wp-content/plugins/plh/nuxy//taxonomy_meta/assets/css/jquery.fonticonpicker.grey.min.css?ver=1785320023 HTTP/2.0" 200 574 "https://wpface.ru/wp-admin/plugins.php" "Mozilla/5.0 (Windows NT 6.1; Win64; x64) AppleWebKit/537.36 (KHTML, like Gecko) Chrome/109.0.0.0 Safari/537.36"
45.195.56.246 - - [29/Jul/2026:13:13:44 +0300] "GET /wp-content/plugins/plh/nuxy//taxonomy_meta/assets/linearicons/linear.css?ver=1785320023 HTTP/2.0" 200 9259 "https://wpface.ru/wp-admin/plugins.php" "Mozilla/5.0 (Windows NT 6.1; Win64; x64) AppleWebKit/537.36 (KHTML, like Gecko) Chrome/109.0.0.0 Safari/537.36"
45.195.56.246 - - [29/Jul/2026:13:13:44 +0300] "GET /wp-admin/load-styles.php?c=0&dir=ltr&load%5Bchunk_0%5D=dashicons,admin-bar,common,forms,admin-menu,dashboard,list-tables,edit,revisions,media,themes,about,nav-menus,wp-pointer,widgets&load%5Bchunk_1%5D=,site-icon,l10n,wp-base-styles,buttons,wp-auth-check,wp-components,wp-commands,media-views&ver=7.0 HTTP/2.0" 200 158137 "https://wpface.ru/wp-admin/plugins.php" "Mozilla/5.0 (Windows NT 6.1; Win64; x64) AppleWebKit/537.36 (KHTML, like Gecko) Chrome/109.0.0.0 Safari/537.36"
45.195.56.246 - - [29/Jul/2026:13:13:44 +0300] "GET /wp-content/plugins/plh/nuxy//taxonomy_meta/assets/js/jquery.fonticonpicker.min.js?ver=1785320023 HTTP/2.0" 200 3879 "https://wpface.ru/wp-admin/plugins.php" "Mozilla/5.0 (Windows NT 6.1; Win64; x64) AppleWebKit/537.36 (KHTML, like Gecko) Chrome/109.0.0.0 Safari/537.36"
45.195.56.246 - - [29/Jul/2026:13:13:45 +0300] "GET /wp-admin/images/spinner.gif HTTP/2.0" 200 2088 "https://wpface.ru/wp-admin/load-styles.php?c=0&dir=ltr&load%5Bchunk_0%5D=dashicons,admin-bar,common,forms,admin-menu,dashboard,list-tables,edit,revisions,media,themes,about,nav-menus,wp-pointer,widgets&load%5Bchunk_1%5D=,site-icon,l10n,wp-base-styles,buttons,wp-auth-check,wp-components,wp-commands,media-views&ver=7.0" "Mozilla/5.0 (Windows NT 6.1; Win64; x64) AppleWebKit/537.36 (KHTML, like Gecko) Chrome/109.0.0.0 Safari/537.36"
45.195.56.246 - - [29/Jul/2026:13:13:45 +0300] "GET /wp-json/wp/v2/users/me?context=edit&_locale=user HTTP/2.0" 200 4126 "https://wpface.ru/wp-admin/plugins.php" "Mozilla/5.0 (Windows NT 6.1; Win64; x64) AppleWebKit/537.36 (KHTML, like Gecko) Chrome/109.0.0.0 Safari/537.36"
45.195.56.246 - - [29/Jul/2026:13:13:46 +0300] "GET /wp-admin/%EF%BF%9D%CD%A9%C6%A8%EF%BF%AF%CF%A6%CB%85%EF%BF%9C$%16%D0%AE%EF%BF%92%CD%B3%CF%8B%EF%BF%96%7CY%CA%BA%D1%BA%CD%9A%EF%BF%83%EF%BF%82%EF%BF%9B%EF%BF%AF%EF%BE%BF%EF%BE%BE%EF%BE%BD%EF%BE%BC%EF%BE%BC%C9%A6%C8%80%EF%BF%92%EF%BE%B7%EF%BE%B6%EF%BE%B5%C2%8C%EF%BE%B3%C7%8E%CB%89%D1%AA%C2%AB%CD%BE%C3%B1%EF%BE%BD%EF%BF%86%D2%AA%EF%BE%AE%C8%84%EF%BE%AC%D3%98%C4%A2/get_script HTTP/2.0" 404 16430 "https://wpface.ru/wp-admin/plugins.php" "Mozilla/5.0 (Windows NT 6.1; Win64; x64) AppleWebKit/537.36 (KHTML, like Gecko) Chrome/109.0.0.0 Safari/537.36"
45.195.56.246 - - [29/Jul/2026:13:13:46 +0300] "GET /wp-admin/%EF%BF%9D%CD%A9%C6%A8%EF%BF%AF%CF%A6%CB%85%EF%BF%9C$%16%D0%AE%EF%BF%92%CD%B3%CF%8B%EF%BF%96%7CY%CA%BA%D1%BA%CD%9A%EF%BF%83%EF%BF%82%EF%BF%9B%EF%BF%AF%EF%BE%BF%EF%BE%BE%EF%BE%BD%EF%BE%BC%EF%BE%BC%C9%A6%C8%80%EF%BF%92%EF%BE%B7%EF%BE%B6%EF%BE%B5%C2%8C%EF%BE%B3%C7%8E%CB%89%D1%AA%C2%AB%CD%BE%C3%B1%EF%BE%BD%EF%BF%86%D2%AA%EF%BE%AE%C8%84%EF%BE%AC%D3%98%C4%A2/get_script HTTP/2.0" 404 16426 "https://wpface.ru/wp-admin/plugins.php" "Mozilla/5.0 (Windows NT 6.1; Win64; x64) AppleWebKit/537.36 (KHTML, like Gecko) Chrome/109.0.0.0 Safari/537.36"
45.195.56.246 - - [29/Jul/2026:13:13:46 +0300] "GET /favicon.ico HTTP/2.0" 302 0 "https://wpface.ru/wp-admin/plugins.php" "Mozilla/5.0 (Windows NT 6.1; Win64; x64) AppleWebKit/537.36 (KHTML, like Gecko) Chrome/109.0.0.0 Safari/537.36"
91.240.85.141 - - [29/Jul/2026:13:13:47 +0300] "GET /wp-content/plugins/plh/nuxy//metaboxes/assets/webfonts/google-fonts.json HTTP/1.1" 200 706020 "-" "WordPress/7.0; https://wpface.ru"
45.195.56.246 - - [29/Jul/2026:13:13:47 +0300] "GET /wp-admin/plugin-install.php?tab=search&s=file+manager HTTP/2.0" 200 216168 "-" "Mozilla/5.0 (Windows NT 6.1; Win64; x64) AppleWebKit/537.36 (KHTML, like Gecko) Chrome/109.0.0.0 Safari/537.36"
45.195.56.246 - - [29/Jul/2026:13:13:48 +0300] "GET /wp-content/plugins/plh/nuxy//taxonomy_meta/assets/css/jquery.fonticonpicker.min.css?ver=1785320027 HTTP/2.0" 200 1344 "https://wpface.ru/wp-admin/plugin-install.php?tab=search&s=file+manager" "Mozilla/5.0 (Windows NT 6.1; Win64; x64) AppleWebKit/537.36 (KHTML, like Gecko) Chrome/109.0.0.0 Safari/537.36"
45.195.56.246 - - [29/Jul/2026:13:13:48 +0300] "GET /wp-content/plugins/plh/nuxy//taxonomy_meta/assets/css/jquery.fonticonpicker.grey.min.css?ver=1785320027 HTTP/2.0" 200 574 "https://wpface.ru/wp-admin/plugin-install.php?tab=search&s=file+manager" "Mozilla/5.0 (Windows NT 6.1; Win64; x64) AppleWebKit/537.36 (KHTML, like Gecko) Chrome/109.0.0.0 Safari/537.36"
45.195.56.246 - - [29/Jul/2026:13:13:48 +0300] "GET /wp-content/plugins/plh/nuxy//taxonomy_meta/assets/linearicons/linear.css?ver=1785320027 HTTP/2.0" 200 9259 "https://wpface.ru/wp-admin/plugin-install.php?tab=search&s=file+manager" "Mozilla/5.0 (Windows NT 6.1; Win64; x64) AppleWebKit/537.36 (KHTML, like Gecko) Chrome/109.0.0.0 Safari/537.36"
45.195.56.246 - - [29/Jul/2026:13:13:48 +0300] "GET /wp-content/plugins/plh/nuxy//taxonomy_meta/assets/js/jquery.fonticonpicker.min.js?ver=1785320027 HTTP/2.0" 200 3879 "https://wpface.ru/wp-admin/plugin-install.php?tab=search&s=file+manager" "Mozilla/5.0 (Windows NT 6.1; Win64; x64) AppleWebKit/537.36 (KHTML, like Gecko) Chrome/109.0.0.0 Safari/537.36"
45.195.56.246 - - [29/Jul/2026:13:13:49 +0300] "GET /wp-json/wp/v2/users/me?context=edit&_locale=user HTTP/2.0" 200 4126 "https://wpface.ru/wp-admin/plugin-install.php?tab=search&s=file+manager" "Mozilla/5.0 (Windows NT 6.1; Win64; x64) AppleWebKit/537.36 (KHTML, like Gecko) Chrome/109.0.0.0 Safari/537.36"
45.195.56.246 - - [29/Jul/2026:13:13:49 +0300] "GET /wp-admin/%EF%BF%9D%CD%A9%C6%A8%EF%BF%AF%CF%A6%CB%85%EF%BF%9C$%16%D0%AE%EF%BF%92%CD%B3%CF%8B%EF%BF%96%7CY%CA%BA%D1%BA%CD%9A%EF%BF%83%EF%BF%82%EF%BF%9B%EF%BF%AF%EF%BE%BF%EF%BE%BE%EF%BE%BD%EF%BE%BC%EF%BE%BC%C9%A6%C8%80%EF%BF%92%EF%BE%B7%EF%BE%B6%EF%BE%B5%C2%8C%EF%BE%B3%C7%8E%CB%89%D1%AA%C2%AB%CD%BE%C3%B1%EF%BE%BD%EF%BF%86%D2%AA%EF%BE%AE%C8%84%EF%BE%AC%D3%98%C4%A2/get_script HTTP/2.0" 404 16428 "https://wpface.ru/wp-admin/plugin-install.php?tab=search&s=file+manager" "Mozilla/5.0 (Windows NT 6.1; Win64; x64) AppleWebKit/537.36 (KHTML, like Gecko) Chrome/109.0.0.0 Safari/537.36"
45.195.56.246 - - [29/Jul/2026:13:13:49 +0300] "GET /wp-admin/%EF%BF%9D%CD%A9%C6%A8%EF%BF%AF%CF%A6%CB%85%EF%BF%9C$%16%D0%AE%EF%BF%92%CD%B3%CF%8B%EF%BF%96%7CY%CA%BA%D1%BA%CD%9A%EF%BF%83%EF%BF%82%EF%BF%9B%EF%BF%AF%EF%BE%BF%EF%BE%BE%EF%BE%BD%EF%BE%BC%EF%BE%BC%C9%A6%C8%80%EF%BF%92%EF%BE%B7%EF%BE%B6%EF%BE%B5%C2%8C%EF%BE%B3%C7%8E%CB%89%D1%AA%C2%AB%CD%BE%C3%B1%EF%BE%BD%EF%BF%86%D2%AA%EF%BE%AE%C8%84%EF%BE%AC%D3%98%C4%A2/get_script HTTP/2.0" 404 16428 "https://wpface.ru/wp-admin/plugin-install.php?tab=search&s=file+manager" "Mozilla/5.0 (Windows NT 6.1; Win64; x64) AppleWebKit/537.36 (KHTML, like Gecko) Chrome/109.0.0.0 Safari/537.36"
45.195.56.246 - - [29/Jul/2026:13:13:52 +0300] "GET /favicon.ico HTTP/2.0" 302 0 "https://wpface.ru/wp-admin/plugin-install.php?tab=search&s=file+manager" "Mozilla/5.0 (Windows NT 6.1; Win64; x64) AppleWebKit/537.36 (KHTML, like Gecko) Chrome/109.0.0.0 Safari/537.36"
91.240.85.141 - - [29/Jul/2026:13:14:09 +0300] "GET / HTTP/1.1" 200 15718 "-" "Mozilla/5.0 (X11; Linux x86_64) AppleWebKit/537.36 (KHTML, like Gecko) Chrome/44.0.2403.157 Safari/537.36"
45.195.56.246 - - [29/Jul/2026:13:14:49 +0300] "POST /wp-admin/admin-ajax.php HTTP/2.0" 200 47 "https://wpface.ru/wp-admin/plugin-install.php?tab=search&s=file+manager" "Mozilla/5.0 (Windows NT 6.1; Win64; x64) AppleWebKit/537.36 (KHTML, like Gecko) Chrome/109.0.0.0 Safari/537.36"
182.93.80.120 - - [29/Jul/2026:13:16:37 +0300] "POST /xmlrpc.php HTTP/2.0" 200 439 "-" "Mozilla/5.0 (Windows NT 10.0; Win64; x64) AppleWebKit/537.36 (KHTML, like Gecko) Chrome/150.0.0.0 Safari/537.36"
45.147.235.110 - - [29/Jul/2026:13:18:46 +0300] "POST /xmlrpc.php HTTP/1.1" 200 415 "-" "Mozilla/5.0 (Windows NT 10.0; Win64; x64) AppleWebKit/537.36 (KHTML, like Gecko) Chrome/120.0.0.0 Safari/537.36"
45.147.235.110 - - [29/Jul/2026:13:18:46 +0300] "GET /wp-json/wp/v2/posts?orderby=date&order=desc&_fields=date,id,title,status,type,guid,link HTTP/1.1" 200 4146 "-" "Mozilla/5.0 (Windows NT 10.0; Win64; x64) AppleWebKit/537.36 (KHTML, like Gecko) Chrome/120.0.0.0 Safari/537.36"
94.154.35.236 - - [29/Jul/2026:13:19:53 +0300] "HEAD /bitrix/site.bz2 HTTP/1.1" 301 0 "-" "Mozilla/5.0 (Windows NT 10.0; Win64; x64) AppleWebKit/537.36 (KHTML, like Gecko) Chrome/101.0.4951.67 Safari/537.36"
94.154.35.236 - - [29/Jul/2026:13:19:53 +0300] "HEAD /bitrix/site.bz2 HTTP/1.1" 404 0 "-" "Mozilla/5.0 (Windows NT 10.0; Win64; x64) AppleWebKit/537.36 (KHTML, like Gecko) Chrome/101.0.4951.67 Safari/537.36"
64.112.184.210 - - [29/Jul/2026:13:20:07 +0300] "GET /index.php?rest_route=/ HTTP/2.0" 200 423439 "-" "Mozilla/5.0 (Windows NT 10.0; Win64; x64; rv:133.0) Gecko/20100101 Firefox/133.0"
72.195.34.58 - - [29/Jul/2026:13:20:19 +0300] "GET /xmlrpc.php HTTP/1.1" 405 53 "-" "Mozilla/5.0 (Windows NT 10.0; Win64; x64) AppleWebKit/537.36 (KHTML, like Gecko) Chrome/124.0.0.0 Safari/537.36"
91.240.85.141 - - [29/Jul/2026:13:20:21 +0300] "POST /wp-cron.php?doing_wp_cron=1785320421.4705779552459716796875 HTTP/1.1" 200 31 "-" "WordPress/7.0; https://wpface.ru"
72.195.34.58 - - [29/Jul/2026:13:20:21 +0300] "POST /xmlrpc.php HTTP/1.1" 200 189 "-" "Mozilla/5.0 (Windows NT 10.0; Win64; x64; rv:133.0) Gecko/20100101 Firefox/133.0"
72.195.34.58 - - [29/Jul/2026:13:20:23 +0300] "POST /xmlrpc.php HTTP/1.1" 200 10253 "-" "Mozilla/5.0 (Windows NT 10.0; Win64; x64) AppleWebKit/537.36 (KHTML, like Gecko) Chrome/124.0.0.0 Safari/537.36"
72.195.34.58 - - [29/Jul/2026:13:20:25 +0300] "POST /xmlrpc.php HTTP/1.1" 200 10253 "-" "Mozilla/5.0 (Windows NT 10.0; Win64; x64; rv:133.0) Gecko/20100101 Firefox/133.0"
72.195.34.58 - - [29/Jul/2026:13:20:27 +0300] "POST /xmlrpc.php HTTP/1.1" 200 10253 "-" "Mozilla/5.0 (Macintosh; Intel Mac OS X 10_15_7) AppleWebKit/605.1.15 (KHTML, like Gecko) Version/18.0 Safari/605.1.15"
72.195.34.58 - - [29/Jul/2026:13:20:30 +0300] "POST /xmlrpc.php HTTP/1.1" 200 10253 "-" "Mozilla/5.0 (Windows NT 10.0; Win64; x64) AppleWebKit/537.36 (KHTML, like Gecko) Chrome/124.0.0.0 Safari/537.36"
72.195.34.58 - - [29/Jul/2026:13:20:32 +0300] "POST /xmlrpc.php HTTP/1.1" 200 10253 "-" "Mozilla/5.0 (Macintosh; Intel Mac OS X 10_15_7) AppleWebKit/605.1.15 (KHTML, like Gecko) Version/18.0 Safari/605.1.15"
91.240.85.141 - - [29/Jul/2026:13:20:39 +0300] "POST /wp-cron.php?doing_wp_cron=1785320439.7151439189910888671875 HTTP/1.1" 200 31 "-" "WordPress/7.0; https://wpface.ru"
68.71.247.130 - - [29/Jul/2026:13:20:39 +0300] "POST /xmlrpc.php HTTP/1.1" 200 189 "-" "Mozilla/5.0 (Macintosh; Intel Mac OS X 10_15_7) AppleWebKit/605.1.15 (KHTML, like Gecko) Version/18.0 Safari/605.1.15"
72.195.34.58 - - [29/Jul/2026:13:20:41 +0300] "POST /xmlrpc.php HTTP/1.1" 200 10259 "-" "Mozilla/5.0 (Macintosh; Intel Mac OS X 10_15_7) AppleWebKit/605.1.15 (KHTML, like Gecko) Version/18.0 Safari/605.1.15"
72.195.34.58 - - [29/Jul/2026:13:20:43 +0300] "POST /xmlrpc.php HTTP/1.1" 200 10259 "-" "Mozilla/5.0 (Windows NT 10.0; Win64; x64; rv:133.0) Gecko/20100101 Firefox/133.0"
72.195.34.58 - - [29/Jul/2026:13:20:45 +0300] "POST /xmlrpc.php HTTP/1.1" 200 10259 "-" "Mozilla/5.0 (Macintosh; Intel Mac OS X 10_15_7) AppleWebKit/605.1.15 (KHTML, like Gecko) Version/18.0 Safari/605.1.15"
72.195.34.58 - - [29/Jul/2026:13:20:47 +0300] "POST /xmlrpc.php HTTP/1.1" 200 10259 "-" "Mozilla/5.0 (Windows NT 10.0; Win64; x64; rv:133.0) Gecko/20100101 Firefox/133.0"
31.43.96.248 - - [29/Jul/2026:13:20:57 +0300] "GET /wp-login.php HTTP/1.1" 200 3569 "-" "Mozilla/5.0 (Macintosh; Intel Mac OS X 10_15_7) AppleWebKit/537.36 (KHTML, like Gecko) Chrome/122.0.0.0 Safari/537.36"
31.43.96.248 - - [29/Jul/2026:13:20:57 +0300] "POST /wp-login.php HTTP/1.1" 302 5 "https://wpface.ru/wp-login.php" "Mozilla/5.0 (Macintosh; Intel Mac OS X 10_15_7) AppleWebKit/537.36 (KHTML, like Gecko) Chrome/122.0.0.0 Safari/537.36"
91.240.85.141 - - [29/Jul/2026:13:20:58 +0300] "GET /wp-content/plugins/plh/nuxy//metaboxes/assets/webfonts/google-fonts.json HTTP/1.1" 200 706020 "-" "WordPress/7.0; https://wpface.ru"
31.43.96.248 - - [29/Jul/2026:13:20:58 +0300] "GET /wp-admin/ HTTP/1.1" 200 219126 "https://wpface.ru/wp-login.php" "Mozilla/5.0 (Macintosh; Intel Mac OS X 10_15_7) AppleWebKit/537.36 (KHTML, like Gecko) Chrome/122.0.0.0 Safari/537.36"
91.240.85.141 - - [29/Jul/2026:13:20:58 +0300] "GET /wp-content/plugins/plh/nuxy//metaboxes/assets/webfonts/google-fonts.json HTTP/1.1" 200 706020 "-" "WordPress/7.0; https://wpface.ru"
31.43.96.248 - - [29/Jul/2026:13:20:59 +0300] "GET /wp-admin/ HTTP/1.1" 200 219126 "-" "Mozilla/5.0 (Macintosh; Intel Mac OS X 10_15_7) AppleWebKit/537.36 (KHTML, like Gecko) Chrome/122.0.0.0 Safari/537.36"
91.240.85.141 - - [29/Jul/2026:13:21:01 +0300] "POST /wp-cron.php?doing_wp_cron=1785320461.2612600326538085937500 HTTP/1.1" 200 31 "-" "WordPress/7.0; https://wpface.ru"
31.43.96.248 - - [29/Jul/2026:13:21:01 +0300] "POST /wp-json/batch/v1/ HTTP/1.1" 207 278841 "-" "Mozilla/5.0 (Macintosh; Intel Mac OS X 10_15_7) AppleWebKit/537.36 (KHTML, like Gecko) Chrome/122.0.0.0 Safari/537.36"
98.170.57.249 - - [29/Jul/2026:13:21:02 +0300] "POST /xmlrpc.php HTTP/1.1" 200 189 "-" "Mozilla/5.0 (Windows NT 10.0; Win64; x64) AppleWebKit/537.36 (KHTML, like Gecko) Chrome/124.0.0.0 Safari/537.36"
91.240.85.141 - - [29/Jul/2026:13:21:03 +0300] "POST /wp-cron.php?doing_wp_cron=1785320463.4090778827667236328125 HTTP/1.1" 200 31 "-" "WordPress/7.0; https://wpface.ru"
31.43.96.248 - - [29/Jul/2026:13:21:03 +0300] "POST /wp-json/batch/v1/ HTTP/1.1" 207 273988 "-" "Mozilla/5.0 (Macintosh; Intel Mac OS X 10_15_7) AppleWebKit/537.36 (KHTML, like Gecko) Chrome/122.0.0.0 Safari/537.36"
91.240.85.141 - - [29/Jul/2026:13:21:04 +0300] "POST /wp-cron.php?doing_wp_cron=1785320464.6452250480651855468750 HTTP/1.1" 200 31 "-" "WordPress/7.0; https://wpface.ru"
31.43.96.248 - - [29/Jul/2026:13:21:04 +0300] "POST /wp-json/batch/v1/ HTTP/1.1" 207 107050 "-" "Mozilla/5.0 (Macintosh; Intel Mac OS X 10_15_7) AppleWebKit/537.36 (KHTML, like Gecko) Chrome/122.0.0.0 Safari/537.36"
72.195.34.58 - - [29/Jul/2026:13:21:07 +0300] "POST /xmlrpc.php HTTP/1.1" 200 10259 "-" "Mozilla/5.0 (Macintosh; Intel Mac OS X 10_15_7) AppleWebKit/605.1.15 (KHTML, like Gecko) Version/18.0 Safari/605.1.15"
72.195.34.58 - - [29/Jul/2026:13:21:09 +0300] "POST /xmlrpc.php HTTP/1.1" 200 10259 "-" "Mozilla/5.0 (Windows NT 10.0; Win64; x64; rv:133.0) Gecko/20100101 Firefox/133.0"
72.195.34.58 - - [29/Jul/2026:13:21:11 +0300] "POST /xmlrpc.php HTTP/1.1" 200 10259 "-" "Mozilla/5.0 (Windows NT 10.0; Win64; x64) AppleWebKit/537.36 (KHTML, like Gecko) Chrome/124.0.0.0 Safari/537.36"
72.195.34.58 - - [29/Jul/2026:13:21:13 +0300] "POST /xmlrpc.php HTTP/1.1" 200 10259 "-" "Mozilla/5.0 (Windows NT 10.0; Win64; x64) AppleWebKit/537.36 (KHTML, like Gecko) Chrome/124.0.0.0 Safari/537.36"
91.240.85.141 - - [29/Jul/2026:13:21:16 +0300] "POST /wp-cron.php?doing_wp_cron=1785320476.7716650962829589843750 HTTP/1.1" 200 31 "-" "WordPress/7.0; https://wpface.ru"
202.28.194.139 - - [29/Jul/2026:13:21:16 +0300] "POST /xmlrpc.php HTTP/1.1" 200 189 "-" "Mozilla/5.0 (Windows NT 10.0; Win64; x64) AppleWebKit/537.36 (KHTML, like Gecko) Chrome/124.0.0.0 Safari/537.36"
72.195.34.58 - - [29/Jul/2026:13:21:18 +0300] "POST /xmlrpc.php HTTP/1.1" 200 10259 "-" "Mozilla/5.0 (Windows NT 10.0; Win64; x64) AppleWebKit/537.36 (KHTML, like Gecko) Chrome/124.0.0.0 Safari/537.36"
72.195.34.58 - - [29/Jul/2026:13:21:31 +0300] "POST /xmlrpc.php HTTP/1.1" 200 10259 "-" "Mozilla/5.0 (Windows NT 10.0; Win64; x64) AppleWebKit/537.36 (KHTML, like Gecko) Chrome/124.0.0.0 Safari/537.36"
72.195.34.58 - - [29/Jul/2026:13:21:33 +0300] "POST /xmlrpc.php HTTP/1.1" 200 10259 "-" "Mozilla/5.0 (Macintosh; Intel Mac OS X 10_15_7) AppleWebKit/605.1.15 (KHTML, like Gecko) Version/18.0 Safari/605.1.15"
72.195.34.58 - - [29/Jul/2026:13:21:35 +0300] "POST /xmlrpc.php HTTP/1.1" 200 10259 "-" "Mozilla/5.0 (Windows NT 10.0; Win64; x64) AppleWebKit/537.36 (KHTML, like Gecko) Chrome/124.0.0.0 Safari/537.36"
91.240.85.141 - - [29/Jul/2026:13:22:57 +0300] "POST /wp-cron.php?doing_wp_cron=1785320577.3534829616546630859375 HTTP/1.1" 200 31 "-" "WordPress/7.0; https://wpface.ru"
119.28.13.138 - - [29/Jul/2026:13:22:57 +0300] "POST /xmlrpc.php HTTP/2.0" 200 178 "-" "Mozilla/5.0 (Macintosh; Intel Mac OS X 10_15_7) AppleWebKit/605.1.15 (KHTML, like Gecko) Version/18.0 Safari/605.1.15"
72.195.34.58 - - [29/Jul/2026:13:22:59 +0300] "POST /xmlrpc.php HTTP/1.1" 200 10259 "-" "Mozilla/5.0 (Windows NT 10.0; Win64; x64; rv:133.0) Gecko/20100101 Firefox/133.0"
72.195.34.58 - - [29/Jul/2026:13:23:00 +0300] "POST /xmlrpc.php HTTP/1.1" 200 10259 "-" "Mozilla/5.0 (Windows NT 10.0; Win64; x64; rv:133.0) Gecko/20100101 Firefox/133.0"
72.195.34.58 - - [29/Jul/2026:13:23:02 +0300] "POST /xmlrpc.php HTTP/1.1" 200 10259 "-" "Mozilla/5.0 (Macintosh; Intel Mac OS X 10_15_7) AppleWebKit/605.1.15 (KHTML, like Gecko) Version/18.0 Safari/605.1.15"
72.195.34.58 - - [29/Jul/2026:13:23:06 +0300] "POST /xmlrpc.php HTTP/1.1" 200 10259 "-" "Mozilla/5.0 (Macintosh; Intel Mac OS X 10_15_7) AppleWebKit/605.1.15 (KHTML, like Gecko) Version/18.0 Safari/605.1.15"
72.195.34.58 - - [29/Jul/2026:13:23:08 +0300] "POST /xmlrpc.php HTTP/1.1" 200 10259 "-" "Mozilla/5.0 (Macintosh; Intel Mac OS X 10_15_7) AppleWebKit/605.1.15 (KHTML, like Gecko) Version/18.0 Safari/605.1.15"
176.111.37.216 - - [29/Jul/2026:13:23:34 +0300] "GET /wp-login.php HTTP/2.0" 200 3557 "-" "Mozilla/5.0 (Windows NT 10.0; Win64; x64) AppleWebKit/537.36 (KHTML, like Gecko) Chrome/124.0.0.0 Safari/537.36"
119.28.13.138 - - [29/Jul/2026:13:23:36 +0300] "GET /wp-login.php?wp_lang=en_US HTTP/2.0" 200 2166 "-" "Mozilla/5.0 (Macintosh; Intel Mac OS X 10_15_7) AppleWebKit/605.1.15 (KHTML, like Gecko) Version/18.0 Safari/605.1.15"
119.28.13.138 - - [29/Jul/2026:13:23:38 +0300] "POST /wp-login.php HTTP/2.0" 302 0 "https://wpface.ru/wp-login.php" "Mozilla/5.0 (Macintosh; Intel Mac OS X 10_15_7) AppleWebKit/605.1.15 (KHTML, like Gecko) Version/18.0 Safari/605.1.15"
91.240.85.141 - - [29/Jul/2026:13:23:39 +0300] "GET /wp-content/plugins/plh/nuxy//metaboxes/assets/webfonts/google-fonts.json HTTP/1.1" 200 706020 "-" "WordPress/7.0; https://wpface.ru"
119.28.13.138 - - [29/Jul/2026:13:23:39 +0300] "GET /wp-admin/ HTTP/2.0" 200 218981 "https://wpface.ru/wp-login.php" "Mozilla/5.0 (Macintosh; Intel Mac OS X 10_15_7) AppleWebKit/605.1.15 (KHTML, like Gecko) Version/18.0 Safari/605.1.15"
91.240.85.141 - - [29/Jul/2026:13:24:15 +0300] "GET /wp-content/plugins/plh/nuxy//metaboxes/assets/webfonts/google-fonts.json HTTP/1.1" 200 706020 "-" "WordPress/7.0; https://wpface.ru"
91.240.85.141 - - [29/Jul/2026:13:24:15 +0300] "POST /wp-cron.php?doing_wp_cron=1785320655.1184239387512207031250 HTTP/1.1" 200 31 "-" "WordPress/7.0; https://wpface.ru"
119.28.13.138 - - [29/Jul/2026:13:24:15 +0300] "GET /wp-admin/ HTTP/2.0" 200 218984 "-" "Mozilla/5.0 (Macintosh; Intel Mac OS X 10_15_7) AppleWebKit/605.1.15 (KHTML, like Gecko) Version/18.0 Safari/605.1.15"
91.240.85.141 - - [29/Jul/2026:13:24:50 +0300] "POST /wp-cron.php?doing_wp_cron=1785320690.8628230094909667968750 HTTP/1.1" 200 31 "-" "WordPress/7.0; https://wpface.ru"
119.28.13.138 - - [29/Jul/2026:13:24:50 +0300] "GET /wp-admin/admin-ajax.php?action=rest-nonce HTTP/2.0" 400 1 "-" "Mozilla/5.0 (Macintosh; Intel Mac OS X 10_15_7) AppleWebKit/605.1.15 (KHTML, like Gecko) Version/18.0 Safari/605.1.15"
119.28.13.138 - - [29/Jul/2026:13:24:52 +0300] "GET /wp-admin/admin-ajax.php?action=rest-nonce HTTP/2.0" 200 30 "-" "Mozilla/5.0 (Macintosh; Intel Mac OS X 10_15_7) AppleWebKit/605.1.15 (KHTML, like Gecko) Version/18.0 Safari/605.1.15"
91.240.85.141 - - [29/Jul/2026:13:24:53 +0300] "GET /wp-content/plugins/plh/nuxy//metaboxes/assets/webfonts/google-fonts.json HTTP/1.1" 200 706020 "-" "WordPress/7.0; https://wpface.ru"
119.28.13.138 - - [29/Jul/2026:13:24:53 +0300] "GET /wp-admin/options-permalink.php HTTP/2.0" 200 200742 "-" "Mozilla/5.0 (Macintosh; Intel Mac OS X 10_15_7) AppleWebKit/605.1.15 (KHTML, like Gecko) Version/18.0 Safari/605.1.15"
91.240.85.141 - - [29/Jul/2026:13:25:31 +0300] "POST /wp-cron.php?doing_wp_cron=1785320731.3283250331878662109375 HTTP/1.1" 200 31 "-" "WordPress/7.0; https://wpface.ru"
119.28.13.138 - - [29/Jul/2026:13:25:31 +0300] "POST /index.php?rest_route=/wp/v2/posts HTTP/2.0" 201 17178 "https://wpface.ru/index.php?rest_route=/wp/v2/posts" "Mozilla/5.0 (Macintosh; Intel Mac OS X 10_15_7) AppleWebKit/605.1.15 (KHTML, like Gecko) Version/18.0 Safari/605.1.15"
135.148.171.117 - - [29/Jul/2026:13:25:51 +0300] "GET /wp-login.php HTTP/2.0" 200 3557 "-" "Mozilla/5.0 (Windows NT 10.0; Win64; x64) AppleWebKit/537.36 (KHTML, like Gecko) Chrome/150.0.0.0 Safari/537.36"
135.148.171.117 - - [29/Jul/2026:13:25:52 +0300] "POST /wp-login.php HTTP/2.0" 200 3735 "https://wpface.ru/wp-login.php" "Mozilla/5.0 (Windows NT 10.0; Win64; x64) AppleWebKit/537.36 (KHTML, like Gecko) Chrome/150.0.0.0 Safari/537.36"
130.49.8.162 - - [29/Jul/2026:13:26:15 +0300] "POST /xmlrpc.php HTTP/1.1" 200 415 "-" "Mozilla/5.0 (Windows NT 10.0; Win64; x64) AppleWebKit/537.36 (KHTML, like Gecko) Chrome/120.0.0.0 Safari/537.36"
130.49.8.162 - - [29/Jul/2026:13:26:15 +0300] "GET /wp-json/wp/v2/posts?orderby=date&order=desc&_fields=date,id,title,status,type,guid,link HTTP/1.1" 200 4146 "-" "Mozilla/5.0 (Windows NT 10.0; Win64; x64) AppleWebKit/537.36 (KHTML, like Gecko) Chrome/120.0.0.0 Safari/537.36"
91.240.85.141 - - [29/Jul/2026:13:26:59 +0300] "POST /wp-cron.php?doing_wp_cron=1785320819.1475028991699218750000 HTTP/1.1" 200 31 "-" "WordPress/7.0; https://wpface.ru"
197.90.131.121 - - [29/Jul/2026:13:26:59 +0300] "POST /xmlrpc.php HTTP/2.0" 200 178 "https://wpface.ru/xmlrpc.php" "Mozilla/5.0 (Macintosh; Intel Mac OS X 10_15_7) AppleWebKit/537.36 (KHTML, like Gecko) Chrome/124.0.0.0 Safari/537.36"
87.199.198.37 - - [29/Jul/2026:13:26:59 +0300] "GET /?p=954 HTTP/2.0" 301 0 "-" "Mozilla/5.0 (Macintosh; Intel Mac OS X 10_15_7) AppleWebKit/537.36 (KHTML, like Gecko) Chrome/124.0.0.0 Safari/537.36"
87.199.198.37 - - [29/Jul/2026:13:26:59 +0300] "GET /pinco-ya-nasil-giris-yaparsiniz-adim-adim-rehber.html HTTP/2.0" 200 17656 "-" "Mozilla/5.0 (Macintosh; Intel Mac OS X 10_15_7) AppleWebKit/537.36 (KHTML, like Gecko) Chrome/124.0.0.0 Safari/537.36"
87.199.198.37 - - [29/Jul/2026:13:27:00 +0300] "GET /pinco-ya-nasil-giris-yaparsiniz-adim-adim-rehber.html?__zkv=1785320819976_0 HTTP/2.0" 200 17657 "-" "Mozilla/5.0 (Macintosh; Intel Mac OS X 10_15_7) AppleWebKit/537.36 (KHTML, like Gecko) Chrome/124.0.0.0 Safari/537.36"
170.168.98.26 - - [29/Jul/2026:13:27:02 +0300] "POST /xmlrpc.php HTTP/1.1" 200 415 "-" "Mozilla/5.0 (Windows NT 10.0; Win64; x64) AppleWebKit/537.36 (KHTML, like Gecko) Chrome/120.0.0.0 Safari/537.36"
170.168.98.26 - - [29/Jul/2026:13:27:02 +0300] "GET /wp-json/wp/v2/posts?orderby=date&order=desc&_fields=date,id,title,status,type,guid,link HTTP/1.1" 200 4165 "-" "Mozilla/5.0 (Windows NT 10.0; Win64; x64) AppleWebKit/537.36 (KHTML, like Gecko) Chrome/120.0.0.0 Safari/537.36"
91.240.85.141 - - [29/Jul/2026:13:28:09 +0300] "GET / HTTP/1.1" 200 15722 "-" "Mozilla/5.0 (X11; Linux x86_64) AppleWebKit/537.36 (KHTML, like Gecko) Chrome/44.0.2403.157 Safari/537.36"
193.24.211.48 - - [29/Jul/2026:13:29:10 +0300] "GET /wp-login.php HTTP/2.0" 200 3557 "-" "Mozilla/5.0 (Windows NT 10.0; Win64; x64; rv:133.0) Gecko/20100101 Firefox/133.0"
193.24.211.48 - - [29/Jul/2026:13:29:11 +0300] "POST /xmlrpc.php HTTP/2.0" 200 1267 "-" "Mozilla/5.0 (Windows NT 10.0; Win64; x64) AppleWebKit/537.36 (KHTML, like Gecko) Chrome/124.0.0.0 Safari/537.36"
91.240.85.141 - - [29/Jul/2026:13:29:46 +0300] "POST /wp-cron.php?doing_wp_cron=1785320986.3683319091796875000000 HTTP/1.1" 200 31 "-" "WordPress/7.0; https://wpface.ru"
193.24.211.48 - - [29/Jul/2026:13:29:46 +0300] "GET /wp-login.php HTTP/2.0" 200 3557 "-" "Mozilla/5.0 (Macintosh; Intel Mac OS X 10_15_7) AppleWebKit/605.1.15 (KHTML, like Gecko) Version/18.0 Safari/605.1.15"
193.24.211.48 - - [29/Jul/2026:13:29:46 +0300] "POST /wp-login.php HTTP/2.0" 302 0 "https://wpface.ru/wp-login.php" "Mozilla/5.0 (Macintosh; Intel Mac OS X 10_15_7) AppleWebKit/605.1.15 (KHTML, like Gecko) Version/18.0 Safari/605.1.15"
91.240.85.141 - - [29/Jul/2026:13:29:47 +0300] "GET /wp-content/plugins/plh/nuxy//metaboxes/assets/webfonts/google-fonts.json HTTP/1.1" 200 706020 "-" "WordPress/7.0; https://wpface.ru"
193.24.211.48 - - [29/Jul/2026:13:29:47 +0300] "GET /wp-admin/ HTTP/2.0" 200 219020 "https://wpface.ru/wp-login.php" "Mozilla/5.0 (Macintosh; Intel Mac OS X 10_15_7) AppleWebKit/605.1.15 (KHTML, like Gecko) Version/18.0 Safari/605.1.15"
91.240.85.141 - - [29/Jul/2026:13:29:48 +0300] "GET /wp-content/plugins/plh/nuxy//metaboxes/assets/webfonts/google-fonts.json HTTP/1.1" 200 706020 "-" "WordPress/7.0; https://wpface.ru"
193.24.211.48 - - [29/Jul/2026:13:29:48 +0300] "GET /wp-admin/ HTTP/2.0" 200 219020 "-" "Mozilla/5.0 (Macintosh; Intel Mac OS X 10_15_7) AppleWebKit/605.1.15 (KHTML, like Gecko) Version/18.0 Safari/605.1.15"
193.24.211.48 - - [29/Jul/2026:13:29:49 +0300] "GET /wp-admin/admin-ajax.php?action=rest-nonce HTTP/2.0" 400 1 "-" "Mozilla/5.0 (Macintosh; Intel Mac OS X 10_15_7) AppleWebKit/605.1.15 (KHTML, like Gecko) Version/18.0 Safari/605.1.15"
193.24.211.48 - - [29/Jul/2026:13:29:49 +0300] "GET /wp-admin/admin-ajax.php?action=rest-nonce HTTP/2.0" 200 30 "-" "Mozilla/5.0 (Macintosh; Intel Mac OS X 10_15_7) AppleWebKit/605.1.15 (KHTML, like Gecko) Version/18.0 Safari/605.1.15"
193.24.211.48 - - [29/Jul/2026:13:29:50 +0300] "GET /wp-json/wp/v2/users/me HTTP/2.0" 200 772 "-" "Mozilla/5.0 (Macintosh; Intel Mac OS X 10_15_7) AppleWebKit/605.1.15 (KHTML, like Gecko) Version/18.0 Safari/605.1.15"
91.240.85.141 - - [29/Jul/2026:13:30:07 +0300] "GET /wp-content/plugins/plh/nuxy//metaboxes/assets/webfonts/google-fonts.json HTTP/1.1" 200 706020 "-" "WordPress/7.0; https://wpface.ru"
193.24.211.48 - - [29/Jul/2026:13:30:08 +0300] "GET /wp-admin/plugin-install.php HTTP/2.0" 200 210967 "-" "Mozilla/5.0 (Macintosh; Intel Mac OS X 10_15_7) AppleWebKit/605.1.15 (KHTML, like Gecko) Version/18.0 Safari/605.1.15"
193.24.211.48 - - [29/Jul/2026:13:30:09 +0300] "POST /wp-admin/update.php?action=upload-plugin HTTP/2.0" 500 2688 "https://wpface.ru/wp-admin/update.php?action=upload-plugin" "Mozilla/5.0 (Macintosh; Intel Mac OS X 10_15_7) AppleWebKit/605.1.15 (KHTML, like Gecko) Version/18.0 Safari/605.1.15"
138.68.158.60 - - [29/Jul/2026:13:30:22 +0300] "POST /xmlrpc.php HTTP/2.0" 200 439 "-" "Mozilla/5.0 (Windows NT 10.0; Win64; x64) AppleWebKit/537.36 (KHTML, like Gecko) Chrome/150.0.0.0 Safari/537.36"
185.94.33.219 - - [29/Jul/2026:13:30:53 +0300] "POST /xmlrpc.php HTTP/1.1" 200 415 "-" "Mozilla/5.0 (Windows NT 10.0; Win64; x64) AppleWebKit/537.36 (KHTML, like Gecko) Chrome/120.0.0.0 Safari/537.36"
185.94.33.219 - - [29/Jul/2026:13:30:53 +0300] "GET /wp-json/wp/v2/posts?orderby=date&order=desc&_fields=date,id,title,status,type,guid,link HTTP/1.1" 200 4165 "-" "Mozilla/5.0 (Windows NT 10.0; Win64; x64) AppleWebKit/537.36 (KHTML, like Gecko) Chrome/120.0.0.0 Safari/537.36"
77.95.113.11 - - [29/Jul/2026:13:31:39 +0300] "GET /wp-login.php HTTP/2.0" 200 3557 "-" "Mozilla/5.0 (Windows NT 10.0; Win64; x64) AppleWebKit/537.36 (KHTML, like Gecko) Chrome/150.0.0.0 Safari/537.36"
77.95.113.11 - - [29/Jul/2026:13:31:39 +0300] "POST /wp-login.php HTTP/2.0" 200 3735 "https://wpface.ru/wp-login.php" "Mozilla/5.0 (Windows NT 10.0; Win64; x64) AppleWebKit/537.36 (KHTML, like Gecko) Chrome/150.0.0.0 Safari/537.36"
3.248.29.155 - - [29/Jul/2026:13:31:41 +0300] "GET /wp-login.php HTTP/2.0" 200 3557 "-" "Mozilla/5.0 (Windows NT 10.0; Win64; x64) AppleWebKit/537.36 (KHTML, like Gecko) Chrome/150.0.0.0 Safari/537.36"
3.248.29.155 - - [29/Jul/2026:13:31:41 +0300] "POST /wp-login.php HTTP/2.0" 200 3735 "https://wpface.ru/wp-login.php" "Mozilla/5.0 (Windows NT 10.0; Win64; x64) AppleWebKit/537.36 (KHTML, like Gecko) Chrome/150.0.0.0 Safari/537.36"
178.20.29.142 - - [29/Jul/2026:13:32:35 +0300] "POST /xmlrpc.php HTTP/1.1" 200 415 "-" "Mozilla/5.0 (Windows NT 10.0; Win64; x64) AppleWebKit/537.36 (KHTML, like Gecko) Chrome/120.0.0.0 Safari/537.36"
178.20.29.142 - - [29/Jul/2026:13:32:35 +0300] "GET /wp-json/wp/v2/posts?orderby=date&order=desc&_fields=date,id,title,status,type,guid,link HTTP/1.1" 200 4171 "-" "Mozilla/5.0 (Windows NT 10.0; Win64; x64) AppleWebKit/537.36 (KHTML, like Gecko) Chrome/120.0.0.0 Safari/537.36"
91.240.85.141 - - [29/Jul/2026:13:33:02 +0300] "POST /wp-cron.php?doing_wp_cron=1785321182.6835858821868896484375 HTTP/1.1" 200 31 "-" "WordPress/7.0; https://wpface.ru"
185.96.37.211 - - [29/Jul/2026:13:33:02 +0300] "POST /xmlrpc.php HTTP/1.1" 200 415 "-" "Mozilla/5.0 (Windows NT 10.0; Win64; x64) AppleWebKit/537.36 (KHTML, like Gecko) Chrome/120.0.0.0 Safari/537.36"
185.96.37.211 - - [29/Jul/2026:13:33:03 +0300] "GET /wp-json/wp/v2/posts?orderby=date&order=desc&_fields=date,id,title,status,type,guid,link HTTP/1.1" 200 4165 "-" "Mozilla/5.0 (Windows NT 10.0; Win64; x64) AppleWebKit/537.36 (KHTML, like Gecko) Chrome/120.0.0.0 Safari/537.36"
