109.122.18.102 - - [29/Jul/2026:22:47:20 +0300] "GET /wp-content/plugins/woocommerce/configKWY/ HTTP/1.1" 403 555 "-" "Mozilla/5.0 (Windows NT 10.0; Win64; x64) AppleWebKit/537.36 (KHTML, like Gecko) Chrome/112.0.0.0 Safari/537.36"
66.249.64.129 - - [29/Jul/2026:22:47:35 +0300] "GET /what-players-are-saying-about-wonaco-casinos-safety-measures.html HTTP/1.1" 200 16967 "-" "Mozilla/5.0 (Linux; Android 6.0.1; Nexus 5X Build/MMB29P) AppleWebKit/537.36 (KHTML, like Gecko) Chrome/150.0.7871.186 Mobile Safari/537.36 (compatible; GoogleOther)"
66.249.64.128 - - [29/Jul/2026:22:47:37 +0300] "GET /src/css/owl.carousel.min.css HTTP/1.1" 200 1582 "https://wpface.ru/what-players-are-saying-about-wonaco-casinos-safety-measures.html" "Mozilla/5.0 (Linux; Android 6.0.1; Nexus 5X Build/MMB29P) AppleWebKit/537.36 (KHTML, like Gecko) Chrome/150.0.7871.186 Mobile Safari/537.36 (compatible; GoogleOther)"
66.249.64.129 - - [29/Jul/2026:22:47:39 +0300] "GET /wp-content/plugins/enlighter/cache/enlighterjs.min.js?ver=IDyK95jeyIY9s4b HTTP/1.1" 200 20691 "https://wpface.ru/what-players-are-saying-about-wonaco-casinos-safety-measures.html" "Mozilla/5.0 (Linux; Android 6.0.1; Nexus 5X Build/MMB29P) AppleWebKit/537.36 (KHTML, like Gecko) Chrome/150.0.7871.186 Mobile Safari/537.36 (compatible; GoogleOther)"
66.249.64.128 - - [29/Jul/2026:22:47:41 +0300] "GET /src/js/tilt.jquery.min.js HTTP/1.1" 404 14594 "https://wpface.ru/what-players-are-saying-about-wonaco-casinos-safety-measures.html" "Mozilla/5.0 (Linux; Android 6.0.1; Nexus 5X Build/MMB29P) AppleWebKit/537.36 (KHTML, like Gecko) Chrome/150.0.7871.186 Mobile Safari/537.36 (compatible; GoogleOther)"
66.249.64.128 - - [29/Jul/2026:22:47:44 +0300] "GET /src/js/jquery.min.js HTTP/1.1" 404 14597 "https://wpface.ru/what-players-are-saying-about-wonaco-casinos-safety-measures.html" "Mozilla/5.0 (Linux; Android 6.0.1; Nexus 5X Build/MMB29P) AppleWebKit/537.36 (KHTML, like Gecko) Chrome/150.0.7871.186 Mobile Safari/537.36 (compatible; GoogleOther)"
66.249.64.128 - - [29/Jul/2026:22:47:46 +0300] "GET /src/js/jquery.countdown.js HTTP/1.1" 404 14598 "https://wpface.ru/what-players-are-saying-about-wonaco-casinos-safety-measures.html" "Mozilla/5.0 (Linux; Android 6.0.1; Nexus 5X Build/MMB29P) AppleWebKit/537.36 (KHTML, like Gecko) Chrome/150.0.7871.186 Mobile Safari/537.36 (compatible; GoogleOther)"
66.249.64.128 - - [29/Jul/2026:22:47:48 +0300] "GET /src/js/wpface.js HTTP/1.1" 404 14597 "https://wpface.ru/what-players-are-saying-about-wonaco-casinos-safety-measures.html" "Mozilla/5.0 (Linux; Android 6.0.1; Nexus 5X Build/MMB29P) AppleWebKit/537.36 (KHTML, like Gecko) Chrome/150.0.7871.186 Mobile Safari/537.36 (compatible; GoogleOther)"
66.249.64.128 - - [29/Jul/2026:22:47:51 +0300] "GET /wp-content/plugins/plh//images/chat-icon.svg HTTP/1.1" 200 1576 "https://wpface.ru/what-players-are-saying-about-wonaco-casinos-safety-measures.html" "Mozilla/5.0 (Linux; Android 6.0.1; Nexus 5X Build/MMB29P) AppleWebKit/537.36 (KHTML, like Gecko) Chrome/150.0.7871.186 Mobile Safari/537.36 (compatible; GoogleOther)"
66.249.64.128 - - [29/Jul/2026:22:47:53 +0300] "POST /wp-admin/admin-ajax.php HTTP/1.1" 200 404 "https://wpface.ru/what-players-are-saying-about-wonaco-casinos-safety-measures.html" "Mozilla/5.0 (Linux; Android 6.0.1; Nexus 5X Build/MMB29P) AppleWebKit/537.36 (KHTML, like Gecko) Chrome/150.0.7871.186 Mobile Safari/537.36 (compatible; GoogleOther)"
66.249.64.130 - - [29/Jul/2026:22:49:04 +0300] "GET /pop-molly-casino-player-centric-features-explored.html HTTP/1.1" 200 16878 "-" "Mozilla/5.0 (Linux; Android 6.0.1; Nexus 5X Build/MMB29P) AppleWebKit/537.36 (KHTML, like Gecko) Chrome/150.0.7871.186 Mobile Safari/537.36 (compatible; Googlebot/2.1; +http://www.google.com/bot.html)"
66.249.64.129 - - [29/Jul/2026:22:49:18 +0300] "GET /exploring-the-trustworthiness-of-betmgm-casino.html HTTP/1.1" 200 16882 "-" "Mozilla/5.0 (Linux; Android 6.0.1; Nexus 5X Build/MMB29P) AppleWebKit/537.36 (KHTML, like Gecko) Chrome/150.0.7871.186 Mobile Safari/537.36 (compatible; Googlebot/2.1; +http://www.google.com/bot.html)"
66.249.64.128 - - [29/Jul/2026:22:49:40 +0300] "POST /wp-admin/admin-ajax.php HTTP/1.1" 200 404 "https://wpface.ru/pop-molly-casino-player-centric-features-explored.html" "Mozilla/5.0 (Linux; Android 6.0.1; Nexus 5X Build/MMB29P) AppleWebKit/537.36 (KHTML, like Gecko) Chrome/150.0.7871.186 Mobile Safari/537.36 (compatible; Googlebot/2.1; +http://www.google.com/bot.html)"
66.249.64.128 - - [29/Jul/2026:22:49:56 +0300] "POST /wp-admin/admin-ajax.php HTTP/1.1" 200 404 "https://wpface.ru/exploring-the-trustworthiness-of-betmgm-casino.html" "Mozilla/5.0 (Linux; Android 6.0.1; Nexus 5X Build/MMB29P) AppleWebKit/537.36 (KHTML, like Gecko) Chrome/150.0.7871.186 Mobile Safari/537.36 (compatible; Googlebot/2.1; +http://www.google.com/bot.html)"
51.68.247.199 - - [29/Jul/2026:22:51:10 +0300] "GET /wp-sitemap.xml HTTP/2.0" 200 873 "-" "Mozilla/5.0 (compatible; AhrefsBot/7.0; +http://ahrefs.com/robot/)"
66.249.64.128 - - [29/Jul/2026:22:52:52 +0300] "GET /lucky-ones-casino-a-players-paradise-for-online-gaming.html HTTP/1.1" 200 16798 "-" "Mozilla/5.0 (Linux; Android 6.0.1; Nexus 5X Build/MMB29P) AppleWebKit/537.36 (KHTML, like Gecko) Chrome/150.0.7871.186 Mobile Safari/537.36 (compatible; Googlebot/2.1; +http://www.google.com/bot.html)"
66.249.64.130 - - [29/Jul/2026:22:53:08 +0300] "GET /jokaroom-casino-financing-your-play-explained.html HTTP/1.1" 200 16450 "-" "Mozilla/5.0 (Linux; Android 6.0.1; Nexus 5X Build/MMB29P) AppleWebKit/537.36 (KHTML, like Gecko) Chrome/150.0.7871.186 Mobile Safari/537.36 (compatible; GoogleOther)"
66.249.64.128 - - [29/Jul/2026:22:53:11 +0300] "GET /src/css/owl.theme.default.min.css HTTP/1.1" 200 875 "https://wpface.ru/jokaroom-casino-financing-your-play-explained.html" "Mozilla/5.0 (Linux; Android 6.0.1; Nexus 5X Build/MMB29P) AppleWebKit/537.36 (KHTML, like Gecko) Chrome/150.0.7871.186 Mobile Safari/537.36 (compatible; GoogleOther)"
66.249.64.128 - - [29/Jul/2026:22:53:13 +0300] "GET /src/js/app.js HTTP/1.1" 404 14598 "https://wpface.ru/jokaroom-casino-financing-your-play-explained.html" "Mozilla/5.0 (Linux; Android 6.0.1; Nexus 5X Build/MMB29P) AppleWebKit/537.36 (KHTML, like Gecko) Chrome/150.0.7871.186 Mobile Safari/537.36 (compatible; GoogleOther)"
66.249.64.129 - - [29/Jul/2026:22:53:16 +0300] "GET /wp-content/plugins/plh/assets/css/chat.css?ver=1783296000 HTTP/1.1" 200 2246 "https://wpface.ru/jokaroom-casino-financing-your-play-explained.html" "Mozilla/5.0 (Linux; Android 6.0.1; Nexus 5X Build/MMB29P) AppleWebKit/537.36 (KHTML, like Gecko) Chrome/150.0.7871.186 Mobile Safari/537.36 (compatible; GoogleOther)"
66.249.64.128 - - [29/Jul/2026:22:53:18 +0300] "GET /wp-content/plugins/plh/assets/js/chat.js?ver=1.0.6 HTTP/1.1" 200 2813 "https://wpface.ru/jokaroom-casino-financing-your-play-explained.html" "Mozilla/5.0 (Linux; Android 6.0.1; Nexus 5X Build/MMB29P) AppleWebKit/537.36 (KHTML, like Gecko) Chrome/150.0.7871.186 Mobile Safari/537.36 (compatible; GoogleOther)"
66.249.64.128 - - [29/Jul/2026:22:53:20 +0300] "GET /src/js/owl.carousel.min.js HTTP/1.1" 404 14597 "https://wpface.ru/jokaroom-casino-financing-your-play-explained.html" "Mozilla/5.0 (Linux; Android 6.0.1; Nexus 5X Build/MMB29P) AppleWebKit/537.36 (KHTML, like Gecko) Chrome/150.0.7871.186 Mobile Safari/537.36 (compatible; GoogleOther)"
66.249.64.128 - - [29/Jul/2026:22:53:23 +0300] "GET /src/js/bootstrap.bundle.min.js HTTP/1.1" 404 14597 "https://wpface.ru/jokaroom-casino-financing-your-play-explained.html" "Mozilla/5.0 (Linux; Android 6.0.1; Nexus 5X Build/MMB29P) AppleWebKit/537.36 (KHTML, like Gecko) Chrome/150.0.7871.186 Mobile Safari/537.36 (compatible; GoogleOther)"
212.80.9.235 - - [29/Jul/2026:22:54:55 +0300] "POST /xmlrpc.php HTTP/2.0" 200 805 "-" "Mozilla/5.0 (Windows NT 10.0; Win64; x64) AppleWebKit/537.36 (KHTML, like Gecko) Chrome/150.0.0.0 Safari/537.36"
198.38.94.87 - - [29/Jul/2026:22:55:25 +0300] "GET /wp-login.php HTTP/2.0" 200 3782 "-" "Mozilla/5.0 (Windows NT 10.0; Win64; x64) AppleWebKit/537.36 (KHTML, like Gecko) Chrome/150.0.0.0 Safari/537.36"
198.38.94.87 - - [29/Jul/2026:22:55:25 +0300] "POST /wp-login.php HTTP/2.0" 200 3900 "https://wpface.ru/wp-login.php" "Mozilla/5.0 (Windows NT 10.0; Win64; x64) AppleWebKit/537.36 (KHTML, like Gecko) Chrome/150.0.0.0 Safari/537.36"
66.249.64.130 - - [29/Jul/2026:22:55:48 +0300] "GET /src/css/wpface.css HTTP/1.1" 200 1817 "https://wpface.ru/lucky-ones-casino-a-players-paradise-for-online-gaming.html" "Mozilla/5.0 (Linux; Android 6.0.1; Nexus 5X Build/MMB29P) AppleWebKit/537.36 (KHTML, like Gecko) Chrome/150.0.7871.186 Mobile Safari/537.36 (compatible; Googlebot/2.1; +http://www.google.com/bot.html)"
66.249.64.129 - - [29/Jul/2026:22:55:49 +0300] "POST /wp-admin/admin-ajax.php HTTP/1.1" 200 404 "https://wpface.ru/lucky-ones-casino-a-players-paradise-for-online-gaming.html" "Mozilla/5.0 (Linux; Android 6.0.1; Nexus 5X Build/MMB29P) AppleWebKit/537.36 (KHTML, like Gecko) Chrome/150.0.7871.186 Mobile Safari/537.36 (compatible; Googlebot/2.1; +http://www.google.com/bot.html)"
91.240.85.141 - - [29/Jul/2026:22:56:08 +0300] "GET / HTTP/1.1" 200 15961 "-" "Mozilla/5.0 (X11; Linux x86_64) AppleWebKit/537.36 (KHTML, like Gecko) Chrome/44.0.2403.157 Safari/537.36"
66.249.64.128 - - [29/Jul/2026:22:56:36 +0300] "GET /src/js/bootstrap.bundle.min.js HTTP/1.1" 404 14598 "https://wpface.ru/lucky-ones-casino-a-players-paradise-for-online-gaming.html" "Mozilla/5.0 (Linux; Android 6.0.1; Nexus 5X Build/MMB29P) AppleWebKit/537.36 (KHTML, like Gecko) Chrome/150.0.7871.186 Mobile Safari/537.36 (compatible; Googlebot/2.1; +http://www.google.com/bot.html)"
66.249.64.128 - - [29/Jul/2026:22:56:36 +0300] "GET /src/js/jquery.min.js HTTP/1.1" 404 14599 "https://wpface.ru/lucky-ones-casino-a-players-paradise-for-online-gaming.html" "Mozilla/5.0 (Linux; Android 6.0.1; Nexus 5X Build/MMB29P) AppleWebKit/537.36 (KHTML, like Gecko) Chrome/150.0.7871.186 Mobile Safari/537.36 (compatible; Googlebot/2.1; +http://www.google.com/bot.html)"
66.249.64.128 - - [29/Jul/2026:22:56:37 +0300] "GET /src/js/wpface.js HTTP/1.1" 404 14597 "https://wpface.ru/lucky-ones-casino-a-players-paradise-for-online-gaming.html" "Mozilla/5.0 (Linux; Android 6.0.1; Nexus 5X Build/MMB29P) AppleWebKit/537.36 (KHTML, like Gecko) Chrome/150.0.7871.186 Mobile Safari/537.36 (compatible; Googlebot/2.1; +http://www.google.com/bot.html)"
66.249.64.128 - - [29/Jul/2026:22:56:37 +0300] "GET /src/js/jquery.countdown.js HTTP/1.1" 404 14597 "https://wpface.ru/lucky-ones-casino-a-players-paradise-for-online-gaming.html" "Mozilla/5.0 (Linux; Android 6.0.1; Nexus 5X Build/MMB29P) AppleWebKit/537.36 (KHTML, like Gecko) Chrome/150.0.7871.186 Mobile Safari/537.36 (compatible; Googlebot/2.1; +http://www.google.com/bot.html)"
66.249.64.128 - - [29/Jul/2026:22:56:38 +0300] "GET /src/js/tilt.jquery.min.js HTTP/1.1" 404 14597 "https://wpface.ru/lucky-ones-casino-a-players-paradise-for-online-gaming.html" "Mozilla/5.0 (Linux; Android 6.0.1; Nexus 5X Build/MMB29P) AppleWebKit/537.36 (KHTML, like Gecko) Chrome/150.0.7871.186 Mobile Safari/537.36 (compatible; Googlebot/2.1; +http://www.google.com/bot.html)"
66.249.64.128 - - [29/Jul/2026:22:56:38 +0300] "GET /src/js/owl.carousel.min.js HTTP/1.1" 404 14597 "https://wpface.ru/lucky-ones-casino-a-players-paradise-for-online-gaming.html" "Mozilla/5.0 (Linux; Android 6.0.1; Nexus 5X Build/MMB29P) AppleWebKit/537.36 (KHTML, like Gecko) Chrome/150.0.7871.186 Mobile Safari/537.36 (compatible; Googlebot/2.1; +http://www.google.com/bot.html)"
66.249.64.128 - - [29/Jul/2026:22:56:39 +0300] "POST /wp-admin/admin-ajax.php HTTP/1.1" 200 404 "https://wpface.ru/lucky-ones-casino-a-players-paradise-for-online-gaming.html" "Mozilla/5.0 (Linux; Android 6.0.1; Nexus 5X Build/MMB29P) AppleWebKit/537.36 (KHTML, like Gecko) Chrome/150.0.7871.186 Mobile Safari/537.36 (compatible; Googlebot/2.1; +http://www.google.com/bot.html)"
43.159.148.221 - - [29/Jul/2026:22:56:48 +0300] "GET / HTTP/1.1" 301 169 "-" "Mozilla/5.0 (iPhone; CPU iPhone OS 13_2_3 like Mac OS X) AppleWebKit/605.1.15 (KHTML, like Gecko) Version/13.0.3 Mobile/15E148 Safari/604.1"
43.159.148.221 - - [29/Jul/2026:22:56:49 +0300] "GET / HTTP/1.1" 200 15962 "http://wpface.ru" "Mozilla/5.0 (iPhone; CPU iPhone OS 13_2_3 like Mac OS X) AppleWebKit/605.1.15 (KHTML, like Gecko) Version/13.0.3 Mobile/15E148 Safari/604.1"
109.122.18.102 - - [29/Jul/2026:22:57:35 +0300] "GET /wp-content/plugins/woocommerce/woocommerce.php HTTP/1.1" 200 297 "-" "Mozilla/5.0 (Windows NT 10.0; Win64; x64) AppleWebKit/537.36 (KHTML, like Gecko) Chrome/112.0.0.0 Safari/537.36"
109.122.18.102 - - [29/Jul/2026:22:57:35 +0300] "POST /wp-content/plugins/woocommerce/woocommerce.php HTTP/1.1" 200 258 "-" "Mozilla/5.0 (Windows NT 10.0; Win64; x64) AppleWebKit/537.36 (KHTML, like Gecko) Chrome/112.0.0.0 Safari/537.36"
109.122.18.102 - - [29/Jul/2026:22:57:36 +0300] "GET /pslegbjx.php HTTP/1.1" 404 47 "-" "Mozilla/5.0 (Windows NT 10.0; Win64; x64) AppleWebKit/537.36 (KHTML, like Gecko) Chrome/112.0.0.0 Safari/537.36"
109.122.18.102 - - [29/Jul/2026:22:57:37 +0300] "GET /wp-content/plugins/woocommerce/woocommerce.php HTTP/1.1" 200 378 "-" "Mozilla/5.0 (Windows NT 10.0; Win64; x64) AppleWebKit/537.36 (KHTML, like Gecko) Chrome/90.0.4430.85 Safari/537.36"
109.122.18.102 - - [29/Jul/2026:22:57:38 +0300] "POST /wp-content/plugins/woocommerce/woocommerce.php HTTP/1.1" 200 314 "https://wpface.ru/wp-content/plugins/woocommerce/woocommerce.php" "Mozilla/5.0 (Windows NT 10.0; Win64; x64) AppleWebKit/537.36 (KHTML, like Gecko) Chrome/90.0.4430.85 Safari/537.36"
109.122.18.102 - - [29/Jul/2026:22:57:38 +0300] "GET /wp-content/plugins/woocommerce/rzjuebgw.php HTTP/1.1" 200 87 "-" "Mozilla/5.0 (Windows NT 10.0; Win64; x64) AppleWebKit/537.36 (KHTML, like Gecko) Chrome/112.0.0.0 Safari/537.36"
109.122.18.102 - - [29/Jul/2026:22:57:40 +0300] "GET /wp-content/plugins/woocommerce/rzjuebgw.php?action=f6f2751494646685031394e2f2676667e2562797562767361767 HTTP/1.1" 500 35 "-" "Mozilla/5.0 (Windows NT 10.0; Win64; x64) AppleWebKit/537.36 (KHTML, like Gecko) Chrome/112.0.0.0 Safari/537.36"
109.122.18.102 - - [29/Jul/2026:22:57:43 +0300] "POST /wp-content/plugins/woocommerce/rzjuebgw.php?action=e6f2751494646685031394e2f2676667e2562797562767361767 HTTP/1.1" 200 82 "-" "Mozilla/5.0 (Windows NT 10.0; Win64; x64) AppleWebKit/537.36 (KHTML, like Gecko) Chrome/112.0.0.0 Safari/537.36"
109.122.18.102 - - [29/Jul/2026:22:57:45 +0300] "POST /wp-content/plugins/woocommerce/rzjuebgw.php?action=e6f2751494646685031394e2f2676667e2562797562767361767 HTTP/1.1" 200 88 "-" "Mozilla/5.0 (Windows NT 10.0; Win64; x64) AppleWebKit/537.36 (KHTML, like Gecko) Chrome/112.0.0.0 Safari/537.36"
109.122.18.102 - - [29/Jul/2026:22:57:48 +0300] "POST /wp-content/plugins/woocommerce/rzjuebgw.php?action=e6f2751494646685031394e2f2676667e2562797562767361767 HTTP/1.1" 200 88 "-" "Mozilla/5.0 (Windows NT 10.0; Win64; x64) AppleWebKit/537.36 (KHTML, like Gecko) Chrome/112.0.0.0 Safari/537.36"
109.122.18.102 - - [29/Jul/2026:22:57:50 +0300] "POST /wp-content/plugins/woocommerce/rzjuebgw.php?action=e6f2751494646685031394e2f2676667e2562797562767361767 HTTP/1.1" 200 82 "-" "Mozilla/5.0 (Windows NT 10.0; Win64; x64) AppleWebKit/537.36 (KHTML, like Gecko) Chrome/112.0.0.0 Safari/537.36"
109.122.18.102 - - [29/Jul/2026:22:57:54 +0300] "POST /wp-content/plugins/woocommerce/rzjuebgw.php?action=e6f2751494646685031394e2f2676667e2562797562767361767 HTTP/1.1" 500 50 "-" "Mozilla/5.0 (Windows NT 10.0; Win64; x64) AppleWebKit/537.36 (KHTML, like Gecko) Chrome/112.0.0.0 Safari/537.36"
103.133.214.160 - - [29/Jul/2026:22:57:58 +0300] "POST /xmlrpc.php HTTP/2.0" 200 805 "-" "Mozilla/5.0 (Windows NT 10.0; Win64; x64) AppleWebKit/537.36 (KHTML, like Gecko) Chrome/150.0.0.0 Safari/537.36"
109.122.18.102 - - [29/Jul/2026:22:57:58 +0300] "POST /wp-content/plugins/woocommerce/rzjuebgw.php?action=f6f2751494646685031394e2f2676667e2562797562767361767 HTTP/1.1" 500 61 "-" "Mozilla/5.0 (Windows NT 10.0; Win64; x64) AppleWebKit/537.36 (KHTML, like Gecko) Chrome/112.0.0.0 Safari/537.36"
109.122.18.102 - - [29/Jul/2026:22:57:59 +0300] "GET /wp-content/plugins/woocommerce/configKWY/ HTTP/1.1" 403 555 "-" "Mozilla/5.0 (Windows NT 10.0; Win64; x64) AppleWebKit/537.36 (KHTML, like Gecko) Chrome/112.0.0.0 Safari/537.36"
66.249.64.129 - - [29/Jul/2026:22:58:41 +0300] "GET /experience-the-fun-your-guide-to-national-casino.html HTTP/1.1" 200 17184 "-" "Mozilla/5.0 (Linux; Android 6.0.1; Nexus 5X Build/MMB29P) AppleWebKit/537.36 (KHTML, like Gecko) Chrome/150.0.7871.186 Mobile Safari/537.36 (compatible; GoogleOther)"
209.38.221.42 - - [29/Jul/2026:22:59:00 +0300] "GET /wp-login.php HTTP/2.0" 200 3782 "-" "Mozilla/5.0 (Windows NT 10.0; Win64; x64) AppleWebKit/537.36 (KHTML, like Gecko) Chrome/150.0.0.0 Safari/537.36"
66.102.9.203 - - [29/Jul/2026:22:59:18 +0300] "HEAD /feed HTTP/1.1" 301 0 "-" "FeedBurner/1.0 (http://www.FeedBurner.com)"
66.102.9.202 - - [29/Jul/2026:22:59:18 +0300] "HEAD /feed HTTP/1.1" 200 0 "-" "FeedBurner/1.0 (http://www.FeedBurner.com)"
198.38.94.87 - - [29/Jul/2026:22:59:41 +0300] "GET /wp-login.php HTTP/2.0" 200 3782 "-" "Mozilla/5.0 (Windows NT 10.0; Win64; x64) AppleWebKit/537.36 (KHTML, like Gecko) Chrome/150.0.0.0 Safari/537.36"
198.38.94.87 - - [29/Jul/2026:22:59:42 +0300] "POST /wp-login.php HTTP/2.0" 200 3900 "https://wpface.ru/wp-login.php" "Mozilla/5.0 (Windows NT 10.0; Win64; x64) AppleWebKit/537.36 (KHTML, like Gecko) Chrome/150.0.0.0 Safari/537.36"
66.249.64.128 - - [29/Jul/2026:23:00:02 +0300] "GET /wp-content/plugins/enlighter/cache/enlighterjs.min.js?ver=IDyK95jeyIY9s4b HTTP/1.1" 200 20691 "https://wpface.ru/experience-the-fun-your-guide-to-national-casino.html" "Mozilla/5.0 (Linux; Android 6.0.1; Nexus 5X Build/MMB29P) AppleWebKit/537.36 (KHTML, like Gecko) Chrome/150.0.7871.186 Mobile Safari/537.36 (compatible; GoogleOther)"
66.249.64.128 - - [29/Jul/2026:23:00:05 +0300] "GET /src/js/app.js HTTP/1.1" 404 14598 "https://wpface.ru/experience-the-fun-your-guide-to-national-casino.html" "Mozilla/5.0 (Linux; Android 6.0.1; Nexus 5X Build/MMB29P) AppleWebKit/537.36 (KHTML, like Gecko) Chrome/150.0.7871.186 Mobile Safari/537.36 (compatible; GoogleOther)"
66.249.64.128 - - [29/Jul/2026:23:00:06 +0300] "POST /wp-admin/admin-ajax.php HTTP/1.1" 200 404 "https://wpface.ru/pop-molly-casino-player-centric-features-explored.html" "Mozilla/5.0 (Linux; Android 6.0.1; Nexus 5X Build/MMB29P) AppleWebKit/537.36 (KHTML, like Gecko) Chrome/150.0.7871.186 Mobile Safari/537.36 (compatible; Googlebot/2.1; +http://www.google.com/bot.html)"
66.249.64.128 - - [29/Jul/2026:23:00:07 +0300] "GET /src/js/jquery.min.js HTTP/1.1" 404 14598 "https://wpface.ru/experience-the-fun-your-guide-to-national-casino.html" "Mozilla/5.0 (Linux; Android 6.0.1; Nexus 5X Build/MMB29P) AppleWebKit/537.36 (KHTML, like Gecko) Chrome/150.0.7871.186 Mobile Safari/537.36 (compatible; GoogleOther)"
66.249.64.128 - - [29/Jul/2026:23:00:10 +0300] "GET /wp-content/plugins/plh/assets/js/chat.js?ver=1.0.6 HTTP/1.1" 200 2813 "https://wpface.ru/experience-the-fun-your-guide-to-national-casino.html" "Mozilla/5.0 (Linux; Android 6.0.1; Nexus 5X Build/MMB29P) AppleWebKit/537.36 (KHTML, like Gecko) Chrome/150.0.7871.186 Mobile Safari/537.36 (compatible; GoogleOther)"
91.240.85.141 - - [29/Jul/2026:23:00:10 +0300] "GET / HTTP/1.1" 200 15958 "-" "Mozilla/5.0 (X11; Linux x86_64) AppleWebKit/537.36 (KHTML, like Gecko) Chrome/44.0.2403.157 Safari/537.36"
66.249.64.128 - - [29/Jul/2026:23:00:12 +0300] "GET /src/css/wpface.css HTTP/1.1" 200 1817 "https://wpface.ru/experience-the-fun-your-guide-to-national-casino.html" "Mozilla/5.0 (Linux; Android 6.0.1; Nexus 5X Build/MMB29P) AppleWebKit/537.36 (KHTML, like Gecko) Chrome/150.0.7871.186 Mobile Safari/537.36 (compatible; GoogleOther)"
169.58.39.190 - - [29/Jul/2026:23:01:13 +0300] "GET /wp-admin/css/ HTTP/1.1" 301 169 "binance.com" "Mozilla/5.0 (Windows NT 10.0; Win64; x64) AppleWebKit/537.36 (KHTML, like Gecko) Chrome/90.0.4430.85 Safari/537.36"
169.58.39.190 - - [29/Jul/2026:23:01:16 +0300] "GET /wp-admin/css/ HTTP/1.1" 403 555 "binance.com" "Mozilla/5.0 (Windows NT 10.0; Win64; x64) AppleWebKit/537.36 (KHTML, like Gecko) Chrome/90.0.4430.85 Safari/537.36"
198.38.94.87 - - [29/Jul/2026:23:01:27 +0300] "POST /xmlrpc.php HTTP/2.0" 200 805 "-" "Mozilla/5.0 (Windows NT 10.0; Win64; x64) AppleWebKit/537.36 (KHTML, like Gecko) Chrome/150.0.0.0 Safari/537.36"
94.154.35.236 - - [29/Jul/2026:23:02:11 +0300] "HEAD /wpfaceru.bz2 HTTP/1.1" 301 0 "-" "Mozilla/5.0 (Windows NT 10.0; Win64; x64) AppleWebKit/537.36 (KHTML, like Gecko) Chrome/101.0.4951.67 Safari/537.36"
94.154.35.236 - - [29/Jul/2026:23:02:12 +0300] "HEAD /wpfaceru.bz2 HTTP/1.1" 404 0 "-" "Mozilla/5.0 (Windows NT 10.0; Win64; x64) AppleWebKit/537.36 (KHTML, like Gecko) Chrome/101.0.4951.67 Safari/537.36"
43.166.255.122 - - [29/Jul/2026:23:02:51 +0300] "GET /rules.html HTTP/1.1" 200 16802 "-" "Mozilla/5.0 (iPhone; CPU iPhone OS 13_2_3 like Mac OS X) AppleWebKit/605.1.15 (KHTML, like Gecko) Version/13.0.3 Mobile/15E148 Safari/604.1"
104.28.163.39 - - [29/Jul/2026:23:03:40 +0300] "GET /wp-content/plugins/woocommerce/woocommerce.php HTTP/1.1" 200 297 "-" "Mozilla/5.0 (Windows NT 10.0; Win64; x64) AppleWebKit/537.36 (KHTML, like Gecko) Chrome/112.0.0.0 Safari/537.36"
104.28.163.39 - - [29/Jul/2026:23:03:41 +0300] "POST /wp-content/plugins/woocommerce/woocommerce.php HTTP/1.1" 200 257 "-" "Mozilla/5.0 (Windows NT 10.0; Win64; x64) AppleWebKit/537.36 (KHTML, like Gecko) Chrome/112.0.0.0 Safari/537.36"
104.28.163.39 - - [29/Jul/2026:23:03:42 +0300] "GET /gehnovfe.php HTTP/1.1" 404 47 "-" "Mozilla/5.0 (Windows NT 10.0; Win64; x64) AppleWebKit/537.36 (KHTML, like Gecko) Chrome/112.0.0.0 Safari/537.36"
104.28.163.39 - - [29/Jul/2026:23:03:43 +0300] "GET /wp-content/plugins/woocommerce/woocommerce.php HTTP/1.1" 200 378 "-" "Mozilla/5.0 (Windows NT 10.0; Win64; x64) AppleWebKit/537.36 (KHTML, like Gecko) Chrome/90.0.4430.85 Safari/537.36"
104.28.163.39 - - [29/Jul/2026:23:03:45 +0300] "POST /wp-content/plugins/woocommerce/woocommerce.php HTTP/1.1" 200 314 "https://wpface.ru/wp-content/plugins/woocommerce/woocommerce.php" "Mozilla/5.0 (Windows NT 10.0; Win64; x64) AppleWebKit/537.36 (KHTML, like Gecko) Chrome/90.0.4430.85 Safari/537.36"
104.28.163.39 - - [29/Jul/2026:23:03:46 +0300] "GET /wp-content/plugins/woocommerce/qbqosrfm.php HTTP/1.1" 200 92 "-" "Mozilla/5.0 (Windows NT 10.0; Win64; x64) AppleWebKit/537.36 (KHTML, like Gecko) Chrome/112.0.0.0 Safari/537.36"
104.28.163.39 - - [29/Jul/2026:23:03:48 +0300] "GET /wp-content/plugins/woocommerce/qbqosrfm.php?action=f6f2149303446685031394e2f2a72607e22707f697562767d2362716c69607 HTTP/1.1" 500 64 "-" "Mozilla/5.0 (Windows NT 10.0; Win64; x64) AppleWebKit/537.36 (KHTML, like Gecko) Chrome/112.0.0.0 Safari/537.36"
104.28.163.39 - - [29/Jul/2026:23:03:54 +0300] "POST /wp-content/plugins/woocommerce/qbqosrfm.php?action=f6f2149303446685031394e2f2a72607e22707f697562767d2362716c69607 HTTP/1.1" 500 90 "-" "Mozilla/5.0 (Windows NT 10.0; Win64; x64) AppleWebKit/537.36 (KHTML, like Gecko) Chrome/112.0.0.0 Safari/537.36"
104.28.163.39 - - [29/Jul/2026:23:03:55 +0300] "GET /wp-content/plugins/woocommerce/configKWY/ HTTP/1.1" 403 555 "-" "Mozilla/5.0 (Windows NT 10.0; Win64; x64) AppleWebKit/537.36 (KHTML, like Gecko) Chrome/112.0.0.0 Safari/537.36"
66.249.64.130 - - [29/Jul/2026:23:04:15 +0300] "GET /how-do-reels-of-joy-casinos-promotions-work.html HTTP/1.1" 200 16594 "-" "Mozilla/5.0 (Linux; Android 6.0.1; Nexus 5X Build/MMB29P) AppleWebKit/537.36 (KHTML, like Gecko) Chrome/150.0.7871.186 Mobile Safari/537.36 (compatible; GoogleOther)"
66.249.75.107 - - [29/Jul/2026:23:05:03 +0300] "GET /wp-content/plugins/enlighter/cache/enlighterjs.min.css?ver=IDyK95jeyIY9s4b HTTP/1.1" 200 11977 "https://wpface.ru/how-do-reels-of-joy-casinos-promotions-work.html" "Mozilla/5.0 (Linux; Android 6.0.1; Nexus 5X Build/MMB29P) AppleWebKit/537.36 (KHTML, like Gecko) Chrome/150.0.7871.186 Mobile Safari/537.36 (compatible; GoogleOther)"
66.249.64.130 - - [29/Jul/2026:23:05:05 +0300] "POST /wp-admin/admin-ajax.php HTTP/1.1" 200 404 "https://wpface.ru/how-do-reels-of-joy-casinos-promotions-work.html" "Mozilla/5.0 (Linux; Android 6.0.1; Nexus 5X Build/MMB29P) AppleWebKit/537.36 (KHTML, like Gecko) Chrome/150.0.7871.186 Mobile Safari/537.36 (compatible; GoogleOther)"
66.249.64.128 - - [29/Jul/2026:23:07:10 +0300] "GET /is-spinrise-casino-the-best-new-platform-this-year.html HTTP/1.1" 200 16546 "-" "Mozilla/5.0 (Linux; Android 6.0.1; Nexus 5X Build/MMB29P) AppleWebKit/537.36 (KHTML, like Gecko) Chrome/150.0.7871.186 Mobile Safari/537.36 (compatible; Googlebot/2.1; +http://www.google.com/bot.html)"
66.249.64.128 - - [29/Jul/2026:23:09:48 +0300] "GET /explore-wildpokies-casino-what-lies-beyond-the-brand.html HTTP/1.1" 200 16997 "-" "Mozilla/5.0 (Linux; Android 6.0.1; Nexus 5X Build/MMB29P) AppleWebKit/537.36 (KHTML, like Gecko) Chrome/150.0.7871.186 Mobile Safari/537.36 (compatible; GoogleOther)"
185.104.44.167 - - [29/Jul/2026:23:10:03 +0300] "POST /xmlrpc.php HTTP/2.0" 200 805 "-" "Mozilla/5.0 (Windows NT 10.0; Win64; x64) AppleWebKit/537.36 (KHTML, like Gecko) Chrome/150.0.0.0 Safari/537.36"
135.148.171.117 - - [29/Jul/2026:23:10:38 +0300] "POST /xmlrpc.php HTTP/2.0" 200 805 "-" "Mozilla/5.0 (Windows NT 10.0; Win64; x64) AppleWebKit/537.36 (KHTML, like Gecko) Chrome/150.0.0.0 Safari/537.36"
66.249.64.129 - - [29/Jul/2026:23:10:44 +0300] "GET /the-allure-of-rocketspin-casino-security-and-trust.html HTTP/1.1" 200 17001 "-" "Mozilla/5.0 (Linux; Android 6.0.1; Nexus 5X Build/MMB29P) AppleWebKit/537.36 (KHTML, like Gecko) Chrome/150.0.7871.186 Mobile Safari/537.36 (compatible; Googlebot/2.1; +http://www.google.com/bot.html)"
66.249.64.128 - - [29/Jul/2026:23:11:48 +0300] "POST /wp-admin/admin-ajax.php HTTP/1.1" 200 404 "https://wpface.ru/the-allure-of-rocketspin-casino-security-and-trust.html" "Mozilla/5.0 (Linux; Android 6.0.1; Nexus 5X Build/MMB29P) AppleWebKit/537.36 (KHTML, like Gecko) Chrome/150.0.7871.186 Mobile Safari/537.36 (compatible; Googlebot/2.1; +http://www.google.com/bot.html)"
66.249.64.130 - - [29/Jul/2026:23:12:03 +0300] "GET /reliability-check-what-players-say-about-astromania-casino.html/feed HTTP/1.1" 200 1256 "-" "Mozilla/5.0 (Linux; Android 6.0.1; Nexus 5X Build/MMB29P) AppleWebKit/537.36 (KHTML, like Gecko) Chrome/150.0.7871.186 Mobile Safari/537.36 (compatible; GoogleOther)"
111.7.96.164 - - [29/Jul/2026:23:13:25 +0300] "GET / HTTP/1.1" 301 169 "-" "Mozilla/5.0 (Macintosh; Intel Mac OS X 10_15_7) AppleWebKit/537.36 (KHTML, like Gecko) Chrome/120.0.0.0 Safari/537.36"
111.7.96.164 - - [29/Jul/2026:23:13:26 +0300] "GET / HTTP/2.0" 200 15947 "http://wpface.ru" "Mozilla/5.0 (Macintosh; Intel Mac OS X 10_15_7) AppleWebKit/537.36 (KHTML, like Gecko) Chrome/120.0.0.0 Safari/537.36"
111.7.96.164 - - [29/Jul/2026:23:13:37 +0300] "GET /src/assets/img/favicon.png HTTP/1.1" 301 169 "-" "Mozilla/5.0 (Macintosh; Intel Mac OS X 10_15_7) AppleWebKit/537.36 (KHTML, like Gecko) Chrome/120.0.0.0 Safari/537.36"
111.7.96.164 - - [29/Jul/2026:23:13:39 +0300] "GET /src/assets/img/favicon.png HTTP/2.0" 200 2984 "http://wpface.ru/src/assets/img/favicon.png" "Mozilla/5.0 (Macintosh; Intel Mac OS X 10_15_7) AppleWebKit/537.36 (KHTML, like Gecko) Chrome/120.0.0.0 Safari/537.36"
91.240.85.141 - - [29/Jul/2026:23:14:07 +0300] "GET / HTTP/1.1" 200 15961 "-" "Mozilla/5.0 (X11; Linux x86_64) AppleWebKit/537.36 (KHTML, like Gecko) Chrome/44.0.2403.157 Safari/537.36"
66.249.64.128 - - [29/Jul/2026:23:14:18 +0300] "GET /how-to-get-the-most-from-md88-casinos-offers.html HTTP/1.1" 200 16867 "-" "Mozilla/5.0 (Linux; Android 6.0.1; Nexus 5X Build/MMB29P) AppleWebKit/537.36 (KHTML, like Gecko) Chrome/150.0.7871.186 Mobile Safari/537.36 (compatible; Googlebot/2.1; +http://www.google.com/bot.html)"
66.249.64.130 - - [29/Jul/2026:23:15:21 +0300] "GET /exploring-the-trustworthiness-of-betmgm-casino.html HTTP/1.1" 200 16886 "-" "Mozilla/5.0 (Linux; Android 6.0.1; Nexus 5X Build/MMB29P) AppleWebKit/537.36 (KHTML, like Gecko) Chrome/150.0.7871.186 Mobile Safari/537.36 (compatible; GoogleOther)"
43.153.96.79 - - [29/Jul/2026:23:15:48 +0300] "GET /wp-json/wp/v2/pages/62 HTTP/1.1" 200 10411 "-" "Mozilla/5.0 (iPhone; CPU iPhone OS 13_2_3 like Mac OS X) AppleWebKit/605.1.15 (KHTML, like Gecko) Version/13.0.3 Mobile/15E148 Safari/604.1"
195.250.23.158 - - [29/Jul/2026:23:17:50 +0300] "POST /xmlrpc.php HTTP/2.0" 200 805 "-" "Mozilla/5.0 (Windows NT 10.0; Win64; x64) AppleWebKit/537.36 (KHTML, like Gecko) Chrome/150.0.0.0 Safari/537.36"
66.249.64.128 - - [29/Jul/2026:23:18:20 +0300] "GET /what-you-need-to-know-about-spinfred-casinos-deposits.html HTTP/1.1" 200 16591 "-" "Mozilla/5.0 (Linux; Android 6.0.1; Nexus 5X Build/MMB29P) AppleWebKit/537.36 (KHTML, like Gecko) Chrome/150.0.7871.186 Mobile Safari/537.36 (compatible; Googlebot/2.1; +http://www.google.com/bot.html)"
66.249.64.128 - - [29/Jul/2026:23:19:01 +0300] "POST /wp-admin/admin-ajax.php HTTP/1.1" 200 404 "https://wpface.ru/is-spinrise-casino-the-best-new-platform-this-year.html" "Mozilla/5.0 (Linux; Android 6.0.1; Nexus 5X Build/MMB29P) AppleWebKit/537.36 (KHTML, like Gecko) Chrome/150.0.7871.186 Mobile Safari/537.36 (compatible; Googlebot/2.1; +http://www.google.com/bot.html)"
66.249.64.129 - - [29/Jul/2026:23:20:21 +0300] "GET /explore-wildpokies-casino-what-lies-beyond-the-brand.html HTTP/1.1" 200 16998 "-" "Mozilla/5.0 (Linux; Android 6.0.1; Nexus 5X Build/MMB29P) AppleWebKit/537.36 (KHTML, like Gecko) Chrome/150.0.7871.186 Mobile Safari/537.36 (compatible; Googlebot/2.1; +http://www.google.com/bot.html)"
35.254.191.135 - - [29/Jul/2026:23:20:21 +0300] "GET /auth.html HTTP/2.0" 404 14587 "-" "Mozilla/5.0 AppleWebKit/537.36 (KHTML, like Gecko; compatible; SleepBot/1.0; +http://sleepbot.com/) Chrome/131.0.0.0 Safari/537.36"
66.249.64.129 - - [29/Jul/2026:23:20:24 +0300] "POST /wp-admin/admin-ajax.php HTTP/1.1" 200 404 "https://wpface.ru/explore-wildpokies-casino-what-lies-beyond-the-brand.html" "Mozilla/5.0 (Linux; Android 6.0.1; Nexus 5X Build/MMB29P) AppleWebKit/537.36 (KHTML, like Gecko) Chrome/150.0.7871.186 Mobile Safari/537.36 (compatible; Googlebot/2.1; +http://www.google.com/bot.html)"
66.249.64.130 - - [29/Jul/2026:23:20:55 +0300] "GET /heaps-of-wins-casino-accessing-your-account-made-simple.html HTTP/1.1" 200 17003 "-" "Mozilla/5.0 (Linux; Android 6.0.1; Nexus 5X Build/MMB29P) AppleWebKit/537.36 (KHTML, like Gecko) Chrome/150.0.7871.186 Mobile Safari/537.36 (compatible; GoogleOther)"
66.249.64.128 - - [29/Jul/2026:23:21:40 +0300] "GET /src/css/app.css HTTP/1.1" 200 58870 "https://wpface.ru/heaps-of-wins-casino-accessing-your-account-made-simple.html" "Mozilla/5.0 (Linux; Android 6.0.1; Nexus 5X Build/MMB29P) AppleWebKit/537.36 (KHTML, like Gecko) Chrome/150.0.7871.186 Mobile Safari/537.36 (compatible; GoogleOther)"
66.249.64.130 - - [29/Jul/2026:23:21:41 +0300] "POST /wp-admin/admin-ajax.php HTTP/1.1" 200 404 "https://wpface.ru/how-to-get-the-most-from-md88-casinos-offers.html" "Mozilla/5.0 (Linux; Android 6.0.1; Nexus 5X Build/MMB29P) AppleWebKit/537.36 (KHTML, like Gecko) Chrome/150.0.7871.186 Mobile Safari/537.36 (compatible; Googlebot/2.1; +http://www.google.com/bot.html)"
66.249.64.129 - - [29/Jul/2026:23:21:43 +0300] "GET /wp-content/plugins/plh/assets/vendors/petite-vue.js?ver=1.0.6 HTTP/1.1" 200 7725 "https://wpface.ru/heaps-of-wins-casino-accessing-your-account-made-simple.html" "Mozilla/5.0 (Linux; Android 6.0.1; Nexus 5X Build/MMB29P) AppleWebKit/537.36 (KHTML, like Gecko) Chrome/150.0.7871.186 Mobile Safari/537.36 (compatible; GoogleOther)"
66.249.64.128 - - [29/Jul/2026:23:21:46 +0300] "GET /src/js/bootstrap.bundle.min.js HTTP/1.1" 404 14597 "https://wpface.ru/heaps-of-wins-casino-accessing-your-account-made-simple.html" "Mozilla/5.0 (Linux; Android 6.0.1; Nexus 5X Build/MMB29P) AppleWebKit/537.36 (KHTML, like Gecko) Chrome/150.0.7871.186 Mobile Safari/537.36 (compatible; GoogleOther)"
66.249.64.129 - - [29/Jul/2026:23:21:49 +0300] "GET /src/js/jquery.countdown.js HTTP/1.1" 404 14594 "https://wpface.ru/heaps-of-wins-casino-accessing-your-account-made-simple.html" "Mozilla/5.0 (Linux; Android 6.0.1; Nexus 5X Build/MMB29P) AppleWebKit/537.36 (KHTML, like Gecko) Chrome/150.0.7871.186 Mobile Safari/537.36 (compatible; GoogleOther)"
66.249.64.128 - - [29/Jul/2026:23:21:52 +0300] "GET /src/js/wpface.js HTTP/1.1" 404 14597 "https://wpface.ru/heaps-of-wins-casino-accessing-your-account-made-simple.html" "Mozilla/5.0 (Linux; Android 6.0.1; Nexus 5X Build/MMB29P) AppleWebKit/537.36 (KHTML, like Gecko) Chrome/150.0.7871.186 Mobile Safari/537.36 (compatible; GoogleOther)"
66.249.64.128 - - [29/Jul/2026:23:21:54 +0300] "GET /wp-content/plugins/plh//images/chat-icon.svg HTTP/1.1" 200 1576 "https://wpface.ru/heaps-of-wins-casino-accessing-your-account-made-simple.html" "Mozilla/5.0 (Linux; Android 6.0.1; Nexus 5X Build/MMB29P) AppleWebKit/537.36 (KHTML, like Gecko) Chrome/150.0.7871.186 Mobile Safari/537.36 (compatible; GoogleOther)"
66.249.64.128 - - [29/Jul/2026:23:21:57 +0300] "POST /wp-admin/admin-ajax.php HTTP/1.1" 200 404 "https://wpface.ru/heaps-of-wins-casino-accessing-your-account-made-simple.html" "Mozilla/5.0 (Linux; Android 6.0.1; Nexus 5X Build/MMB29P) AppleWebKit/537.36 (KHTML, like Gecko) Chrome/150.0.7871.186 Mobile Safari/537.36 (compatible; GoogleOther)"
66.249.64.128 - - [29/Jul/2026:23:22:21 +0300] "GET /the-evolution-of-ws-casino-a-brief-history.html HTTP/1.1" 200 17100 "-" "Mozilla/5.0 (Linux; Android 6.0.1; Nexus 5X Build/MMB29P) AppleWebKit/537.36 (KHTML, like Gecko) Chrome/150.0.7871.186 Mobile Safari/537.36 (compatible; Googlebot/2.1; +http://www.google.com/bot.html)"
66.249.64.128 - - [29/Jul/2026:23:22:25 +0300] "POST /wp-admin/admin-ajax.php HTTP/1.1" 200 404 "https://wpface.ru/how-to-get-the-most-from-md88-casinos-offers.html" "Mozilla/5.0 (Linux; Android 6.0.1; Nexus 5X Build/MMB29P) AppleWebKit/537.36 (KHTML, like Gecko) Chrome/150.0.7871.186 Mobile Safari/537.36 (compatible; Googlebot/2.1; +http://www.google.com/bot.html)"
66.249.64.130 - - [29/Jul/2026:23:23:10 +0300] "POST /wp-admin/admin-ajax.php HTTP/1.1" 200 404 "https://wpface.ru/the-evolution-of-ws-casino-a-brief-history.html" "Mozilla/5.0 (Linux; Android 6.0.1; Nexus 5X Build/MMB29P) AppleWebKit/537.36 (KHTML, like Gecko) Chrome/150.0.7871.186 Mobile Safari/537.36 (compatible; Googlebot/2.1; +http://www.google.com/bot.html)"
43.166.226.57 - - [29/Jul/2026:23:23:46 +0300] "GET /wp-json/oembed/1.0/embed?url=https%3A%2F%2Fwpface.ru%2Frules.html&format=xml HTTP/1.1" 200 2869 "-" "Mozilla/5.0 (iPhone; CPU iPhone OS 13_2_3 like Mac OS X) AppleWebKit/605.1.15 (KHTML, like Gecko) Version/13.0.3 Mobile/15E148 Safari/604.1"
104.28.163.39 - - [29/Jul/2026:23:24:13 +0300] "GET /wp-content/plugins/woocommerce/woocommerce.php HTTP/1.1" 200 297 "-" "Mozilla/5.0 (Windows NT 10.0; Win64; x64) AppleWebKit/537.36 (KHTML, like Gecko) Chrome/112.0.0.0 Safari/537.36"
104.28.163.39 - - [29/Jul/2026:23:24:14 +0300] "POST /wp-content/plugins/woocommerce/woocommerce.php HTTP/1.1" 200 257 "-" "Mozilla/5.0 (Windows NT 10.0; Win64; x64) AppleWebKit/537.36 (KHTML, like Gecko) Chrome/112.0.0.0 Safari/537.36"
104.28.163.39 - - [29/Jul/2026:23:24:15 +0300] "GET /adpwdial.php HTTP/1.1" 404 47 "-" "Mozilla/5.0 (Windows NT 10.0; Win64; x64) AppleWebKit/537.36 (KHTML, like Gecko) Chrome/112.0.0.0 Safari/537.36"
104.28.163.39 - - [29/Jul/2026:23:24:16 +0300] "GET /wp-content/plugins/woocommerce/woocommerce.php HTTP/1.1" 200 378 "-" "Mozilla/5.0 (Windows NT 10.0; Win64; x64) AppleWebKit/537.36 (KHTML, like Gecko) Chrome/90.0.4430.85 Safari/537.36"
104.28.163.39 - - [29/Jul/2026:23:24:17 +0300] "POST /wp-content/plugins/woocommerce/woocommerce.php HTTP/1.1" 200 314 "https://wpface.ru/wp-content/plugins/woocommerce/woocommerce.php" "Mozilla/5.0 (Windows NT 10.0; Win64; x64) AppleWebKit/537.36 (KHTML, like Gecko) Chrome/90.0.4430.85 Safari/537.36"
104.28.163.39 - - [29/Jul/2026:23:24:18 +0300] "GET /wp-content/plugins/woocommerce/axiqvthj.php HTTP/1.1" 200 92 "-" "Mozilla/5.0 (Windows NT 10.0; Win64; x64) AppleWebKit/537.36 (KHTML, like Gecko) Chrome/112.0.0.0 Safari/537.36"
104.28.163.39 - - [29/Jul/2026:23:24:21 +0300] "GET /wp-content/plugins/woocommerce/axiqvthj.php?action=f6f2149303446685031394e2f2a72607e22707f697562767d2362716c69607 HTTP/1.1" 500 64 "-" "Mozilla/5.0 (Windows NT 10.0; Win64; x64) AppleWebKit/537.36 (KHTML, like Gecko) Chrome/112.0.0.0 Safari/537.36"
104.28.163.39 - - [29/Jul/2026:23:24:24 +0300] "POST /wp-content/plugins/woocommerce/axiqvthj.php?action=e6f2149303446685031394e2f2a72607e22707f697562767d2362716c69607 HTTP/1.1" 200 90 "-" "Mozilla/5.0 (Windows NT 10.0; Win64; x64) AppleWebKit/537.36 (KHTML, like Gecko) Chrome/112.0.0.0 Safari/537.36"
104.28.163.39 - - [29/Jul/2026:23:24:28 +0300] "POST /wp-content/plugins/woocommerce/axiqvthj.php?action=e6f2149303446685031394e2f2a72607e22707f697562767d2362716c69607 HTTP/1.1" 200 96 "-" "Mozilla/5.0 (Windows NT 10.0; Win64; x64) AppleWebKit/537.36 (KHTML, like Gecko) Chrome/112.0.0.0 Safari/537.36"
104.28.163.39 - - [29/Jul/2026:23:24:31 +0300] "POST /wp-content/plugins/woocommerce/axiqvthj.php?action=e6f2149303446685031394e2f2a72607e22707f697562767d2362716c69607 HTTP/1.1" 200 96 "-" "Mozilla/5.0 (Windows NT 10.0; Win64; x64) AppleWebKit/537.36 (KHTML, like Gecko) Chrome/112.0.0.0 Safari/537.36"
104.28.163.39 - - [29/Jul/2026:23:24:34 +0300] "POST /wp-content/plugins/woocommerce/axiqvthj.php?action=e6f2149303446685031394e2f2a72607e22707f697562767d2362716c69607 HTTP/1.1" 200 90 "-" "Mozilla/5.0 (Windows NT 10.0; Win64; x64) AppleWebKit/537.36 (KHTML, like Gecko) Chrome/112.0.0.0 Safari/537.36"
104.28.163.39 - - [29/Jul/2026:23:24:39 +0300] "POST /wp-content/plugins/woocommerce/axiqvthj.php?action=e6f2149303446685031394e2f2a72607e22707f697562767d2362716c69607 HTTP/1.1" 500 75 "-" "Mozilla/5.0 (Windows NT 10.0; Win64; x64) AppleWebKit/537.36 (KHTML, like Gecko) Chrome/112.0.0.0 Safari/537.36"
104.28.163.39 - - [29/Jul/2026:23:24:44 +0300] "POST /wp-content/plugins/woocommerce/axiqvthj.php?action=f6f2149303446685031394e2f2a72607e22707f697562767d2362716c69607 HTTP/1.1" 500 90 "-" "Mozilla/5.0 (Windows NT 10.0; Win64; x64) AppleWebKit/537.36 (KHTML, like Gecko) Chrome/112.0.0.0 Safari/537.36"
104.28.163.39 - - [29/Jul/2026:23:24:45 +0300] "GET /wp-content/plugins/woocommerce/configKWY/ HTTP/1.1" 403 555 "-" "Mozilla/5.0 (Windows NT 10.0; Win64; x64) AppleWebKit/537.36 (KHTML, like Gecko) Chrome/112.0.0.0 Safari/537.36"
91.240.85.141 - - [29/Jul/2026:23:25:25 +0300] "POST /wp-cron.php?doing_wp_cron=1785356725.7459900379180908203125 HTTP/1.1" 200 31 "-" "WordPress/7.0; https://wpface.ru"
66.249.64.128 - - [29/Jul/2026:23:25:25 +0300] "POST /wp-admin/admin-ajax.php HTTP/1.1" 200 404 "https://wpface.ru/unveiling-astromania-casino-is-it-safe-to-play.html" "Mozilla/5.0 (Linux; Android 6.0.1; Nexus 5X Build/MMB29P) AppleWebKit/537.36 (KHTML, like Gecko) Chrome/150.0.7871.186 Mobile Safari/537.36 (compatible; Googlebot/2.1; +http://www.google.com/bot.html)"
66.249.64.130 - - [29/Jul/2026:23:26:28 +0300] "GET /what-you-need-to-know-about-spinfred-casinos-deposits.html HTTP/1.1" 200 16591 "-" "Mozilla/5.0 (Linux; Android 6.0.1; Nexus 5X Build/MMB29P) AppleWebKit/537.36 (KHTML, like Gecko) Chrome/150.0.7871.186 Mobile Safari/537.36 (compatible; GoogleOther)"
198.38.94.87 - - [29/Jul/2026:23:27:44 +0300] "GET /wp-login.php HTTP/2.0" 200 3782 "-" "Mozilla/5.0 (Windows NT 10.0; Win64; x64) AppleWebKit/537.36 (KHTML, like Gecko) Chrome/150.0.0.0 Safari/537.36"
198.38.94.87 - - [29/Jul/2026:23:27:44 +0300] "POST /wp-login.php HTTP/2.0" 200 3897 "https://wpface.ru/wp-login.php" "Mozilla/5.0 (Windows NT 10.0; Win64; x64) AppleWebKit/537.36 (KHTML, like Gecko) Chrome/150.0.0.0 Safari/537.36"
66.249.64.128 - - [29/Jul/2026:23:27:52 +0300] "GET /src/css/bootstrap.css HTTP/1.1" 200 31304 "https://wpface.ru/what-you-need-to-know-about-spinfred-casinos-deposits.html" "Mozilla/5.0 (Linux; Android 6.0.1; Nexus 5X Build/MMB29P) AppleWebKit/537.36 (KHTML, like Gecko) Chrome/150.0.7871.186 Mobile Safari/537.36 (compatible; GoogleOther)"
66.249.64.129 - - [29/Jul/2026:23:27:55 +0300] "GET /src/css/wpface.css HTTP/1.1" 200 1817 "https://wpface.ru/what-you-need-to-know-about-spinfred-casinos-deposits.html" "Mozilla/5.0 (Linux; Android 6.0.1; Nexus 5X Build/MMB29P) AppleWebKit/537.36 (KHTML, like Gecko) Chrome/150.0.7871.186 Mobile Safari/537.36 (compatible; GoogleOther)"
66.249.64.128 - - [29/Jul/2026:23:27:57 +0300] "GET /wp-content/plugins/plh/assets/vendors/petite-vue.js?ver=1.0.6 HTTP/1.1" 200 7725 "https://wpface.ru/what-you-need-to-know-about-spinfred-casinos-deposits.html" "Mozilla/5.0 (Linux; Android 6.0.1; Nexus 5X Build/MMB29P) AppleWebKit/537.36 (KHTML, like Gecko) Chrome/150.0.7871.186 Mobile Safari/537.36 (compatible; GoogleOther)"
66.249.64.129 - - [29/Jul/2026:23:27:59 +0300] "GET /src/css/app.css HTTP/1.1" 200 58870 "https://wpface.ru/what-you-need-to-know-about-spinfred-casinos-deposits.html" "Mozilla/5.0 (Linux; Android 6.0.1; Nexus 5X Build/MMB29P) AppleWebKit/537.36 (KHTML, like Gecko) Chrome/150.0.7871.186 Mobile Safari/537.36 (compatible; GoogleOther)"
66.249.64.128 - - [29/Jul/2026:23:28:02 +0300] "POST /wp-admin/admin-ajax.php HTTP/1.1" 200 404 "https://wpface.ru/what-you-need-to-know-about-spinfred-casinos-deposits.html" "Mozilla/5.0 (Linux; Android 6.0.1; Nexus 5X Build/MMB29P) AppleWebKit/537.36 (KHTML, like Gecko) Chrome/150.0.7871.186 Mobile Safari/537.36 (compatible; GoogleOther)"
91.240.85.141 - - [29/Jul/2026:23:28:07 +0300] "GET / HTTP/1.1" 200 15961 "-" "Mozilla/5.0 (X11; Linux x86_64) AppleWebKit/537.36 (KHTML, like Gecko) Chrome/44.0.2403.157 Safari/537.36"
66.249.64.128 - - [29/Jul/2026:23:28:22 +0300] "GET /is-lucky-tiger-casino-a-safe-place-to-play.html HTTP/1.1" 200 16600 "-" "Mozilla/5.0 (Linux; Android 6.0.1; Nexus 5X Build/MMB29P) AppleWebKit/537.36 (KHTML, like Gecko) Chrome/150.0.7871.186 Mobile Safari/537.36 (compatible; Googlebot/2.1; +http://www.google.com/bot.html)"
66.249.64.129 - - [29/Jul/2026:23:29:14 +0300] "POST /wp-admin/admin-ajax.php HTTP/1.1" 200 404 "https://wpface.ru/is-lucky-tiger-casino-a-safe-place-to-play.html" "Mozilla/5.0 (Linux; Android 6.0.1; Nexus 5X Build/MMB29P) AppleWebKit/537.36 (KHTML, like Gecko) Chrome/150.0.7871.186 Mobile Safari/537.36 (compatible; Googlebot/2.1; +http://www.google.com/bot.html)"
66.249.64.128 - - [29/Jul/2026:23:29:22 +0300] "GET /accessing-pistolo-casino-tips-for-seamless-connection.html HTTP/1.1" 200 16692 "-" "Mozilla/5.0 (Linux; Android 6.0.1; Nexus 5X Build/MMB29P) AppleWebKit/537.36 (KHTML, like Gecko) Chrome/150.0.7871.186 Mobile Safari/537.36 (compatible; Googlebot/2.1; +http://www.google.com/bot.html)"
66.249.64.128 - - [29/Jul/2026:23:29:36 +0300] "POST /wp-admin/admin-ajax.php HTTP/1.1" 200 404 "https://wpface.ru/accessing-pistolo-casino-tips-for-seamless-connection.html" "Mozilla/5.0 (Linux; Android 6.0.1; Nexus 5X Build/MMB29P) AppleWebKit/537.36 (KHTML, like Gecko) Chrome/150.0.7871.186 Mobile Safari/537.36 (compatible; Googlebot/2.1; +http://www.google.com/bot.html)"
208.109.9.173 - - [29/Jul/2026:23:29:37 +0300] "GET /wp-login.php HTTP/2.0" 200 3782 "-" "Mozilla/5.0 (Windows NT 10.0; Win64; x64) AppleWebKit/537.36 (KHTML, like Gecko) Chrome/150.0.0.0 Safari/537.36"
43.165.2.110 - - [29/Jul/2026:23:31:02 +0300] "GET /rules.html/feed HTTP/1.1" 200 1117 "-" "Mozilla/5.0 (iPhone; CPU iPhone OS 13_2_3 like Mac OS X) AppleWebKit/605.1.15 (KHTML, like Gecko) Version/13.0.3 Mobile/15E148 Safari/604.1"
66.249.64.128 - - [29/Jul/2026:23:32:01 +0300] "GET /fortuneplay-casino-discover-the-joy-of-gaming-freedom.html HTTP/1.1" 200 16586 "-" "Mozilla/5.0 (Linux; Android 6.0.1; Nexus 5X Build/MMB29P) AppleWebKit/537.36 (KHTML, like Gecko) Chrome/150.0.7871.186 Mobile Safari/537.36 (compatible; GoogleOther)"
66.249.64.128 - - [29/Jul/2026:23:32:23 +0300] "GET /how-to-maximize-your-experience-at-lucky-vibe-casino.html HTTP/1.1" 200 16963 "-" "Mozilla/5.0 (Linux; Android 6.0.1; Nexus 5X Build/MMB29P) AppleWebKit/537.36 (KHTML, like Gecko) Chrome/150.0.7871.186 Mobile Safari/537.36 (compatible; Googlebot/2.1; +http://www.google.com/bot.html)"
69.57.172.110 - - [29/Jul/2026:23:32:47 +0300] "POST /xmlrpc.php HTTP/2.0" 200 805 "-" "Mozilla/5.0 (Windows NT 10.0; Win64; x64) AppleWebKit/537.36 (KHTML, like Gecko) Chrome/150.0.0.0 Safari/537.36"
66.249.64.128 - - [29/Jul/2026:23:33:46 +0300] "POST /wp-admin/admin-ajax.php HTTP/1.1" 200 404 "https://wpface.ru/how-to-maximize-your-experience-at-lucky-vibe-casino.html" "Mozilla/5.0 (Linux; Android 6.0.1; Nexus 5X Build/MMB29P) AppleWebKit/537.36 (KHTML, like Gecko) Chrome/150.0.7871.186 Mobile Safari/537.36 (compatible; Googlebot/2.1; +http://www.google.com/bot.html)"
46.105.42.135 - - [29/Jul/2026:23:34:13 +0300] "GET /robots.txt HTTP/1.1" 200 488 "-" "Mozilla/5.0 (compatible; MJ12bot/v2.0.5; http://mj12bot.com/)"
46.105.42.135 - - [29/Jul/2026:23:34:13 +0300] "GET / HTTP/1.1" 200 15961 "-" "Mozilla/5.0 (compatible; MJ12bot/v2.0.5; http://mj12bot.com/)"
47.86.33.52 - - [29/Jul/2026:23:35:28 +0300] "GET /wp-login.php HTTP/2.0" 200 3782 "-" "Mozilla/5.0 (Windows NT 10.0; Win64; x64) AppleWebKit/537.36 (KHTML, like Gecko) Chrome/150.0.0.0 Safari/537.36"
91.240.85.141 - - [29/Jul/2026:23:36:04 +0300] "POST /wp-cron.php?doing_wp_cron=1785357364.1938269138336181640625 HTTP/1.1" 200 31 "-" "WordPress/7.0; https://wpface.ru"
77.237.236.225 - - [29/Jul/2026:23:36:04 +0300] "POST /xmlrpc.php HTTP/2.0" 200 805 "-" "Mozilla/5.0 (Windows NT 10.0; Win64; x64) AppleWebKit/537.36 (KHTML, like Gecko) Chrome/150.0.0.0 Safari/537.36"
66.249.64.130 - - [29/Jul/2026:23:37:35 +0300] "GET /security-measures-at-jokaroom-casino-concerning-funds.html HTTP/1.1" 200 16520 "-" "Mozilla/5.0 (Linux; Android 6.0.1; Nexus 5X Build/MMB29P) AppleWebKit/537.36 (KHTML, like Gecko) Chrome/150.0.7871.186 Mobile Safari/537.36 (compatible; GoogleOther)"
57.141.0.23 - - [29/Jul/2026:23:37:40 +0300] "GET /author/admin HTTP/2.0" 200 17012 "-" "Mozilla/5.0 (Macintosh; Intel Mac OS X 10_15_7) AppleWebKit/537.36 (KHTML, like Gecko) Chrome/145.0.0.0 Safari/537.36 (compatible; meta-externalagent/1.1 (+https://developers.facebook.com/docs/sharing/webmasters/crawler))"
66.249.64.129 - - [29/Jul/2026:23:38:25 +0300] "GET /play-anywhere-heaps-of-wins-casino-mobile-experience.html HTTP/1.1" 200 16921 "-" "Mozilla/5.0 (Linux; Android 6.0.1; Nexus 5X Build/MMB29P) AppleWebKit/537.36 (KHTML, like Gecko) Chrome/150.0.7871.186 Mobile Safari/537.36 (compatible; Googlebot/2.1; +http://www.google.com/bot.html)"
66.249.64.129 - - [29/Jul/2026:23:38:29 +0300] "POST /wp-admin/admin-ajax.php HTTP/1.1" 200 404 "https://wpface.ru/play-anywhere-heaps-of-wins-casino-mobile-experience.html" "Mozilla/5.0 (Linux; Android 6.0.1; Nexus 5X Build/MMB29P) AppleWebKit/537.36 (KHTML, like Gecko) Chrome/150.0.7871.186 Mobile Safari/537.36 (compatible; Googlebot/2.1; +http://www.google.com/bot.html)"
66.249.64.129 - - [29/Jul/2026:23:39:02 +0300] "GET /why-do-players-love-eternal-slots-casinos-interface.html/feed HTTP/1.1" 200 1241 "-" "Mozilla/5.0 (Linux; Android 6.0.1; Nexus 5X Build/MMB29P) AppleWebKit/537.36 (KHTML, like Gecko) Chrome/150.0.7871.186 Mobile Safari/537.36 (compatible; GoogleOther)"
87.250.224.220 - - [29/Jul/2026:23:39:38 +0300] "GET /robots.txt HTTP/1.1" 200 488 "-" "Mozilla/5.0 (compatible; YandexBot/3.0; +http://yandex.com/bots)"
87.250.224.251 - - [29/Jul/2026:23:39:39 +0300] "GET /img/Flag-48.png HTTP/2.0" 404 14586 "-" "Mozilla/5.0 (compatible; YandexFavicons/1.0; +http://yandex.com/bots)"
66.249.64.128 - - [29/Jul/2026:23:40:13 +0300] "POST /wp-admin/admin-ajax.php HTTP/1.1" 200 404 "https://wpface.ru/how-to-maximize-your-experience-at-lucky-vibe-casino.html" "Mozilla/5.0 (Linux; Android 6.0.1; Nexus 5X Build/MMB29P) AppleWebKit/537.36 (KHTML, like Gecko) Chrome/150.0.7871.186 Mobile Safari/537.36 (compatible; Googlebot/2.1; +http://www.google.com/bot.html)"
43.164.131.148 - - [29/Jul/2026:23:40:48 +0300] "GET /wp-json/oembed/1.0/embed?url=https%3A%2F%2Fwpface.ru%2Frules.html HTTP/1.1" 200 2677 "-" "Mozilla/5.0 (iPhone; CPU iPhone OS 13_2_3 like Mac OS X) AppleWebKit/605.1.15 (KHTML, like Gecko) Version/13.0.3 Mobile/15E148 Safari/604.1"
213.180.203.223 - - [29/Jul/2026:23:41:10 +0300] "GET /robots.txt HTTP/1.1" 301 169 "-" "Mozilla/5.0 (compatible; YandexBot/3.0; +http://yandex.com/bots)"
213.180.203.223 - - [29/Jul/2026:23:41:10 +0300] "GET /robots.txt HTTP/1.1" 200 488 "-" "Mozilla/5.0 (compatible; YandexBot/3.0; +http://yandex.com/bots)"
95.108.213.246 - - [29/Jul/2026:23:41:10 +0300] "GET / HTTP/1.1" 301 169 "-" "Mozilla/5.0 (compatible; YandexMetrika/2.0; +http://yandex.com/bots yabs01)"
87.250.224.246 - - [29/Jul/2026:23:41:11 +0300] "GET / HTTP/1.1" 200 15958 "-" "Mozilla/5.0 (compatible; YandexMetrika/2.0; +http://yandex.com/bots yabs01)"
66.249.64.130 - - [29/Jul/2026:23:41:14 +0300] "POST /wp-admin/admin-ajax.php HTTP/1.1" 200 404 "https://wpface.ru/fortuneplay-casino-discover-the-joy-of-gaming-freedom.html" "Mozilla/5.0 (Linux; Android 6.0.1; Nexus 5X Build/MMB29P) AppleWebKit/537.36 (KHTML, like Gecko) Chrome/150.0.7871.186 Mobile Safari/537.36 (compatible; GoogleOther)"
91.240.85.141 - - [29/Jul/2026:23:42:03 +0300] "POST /wp-cron.php?doing_wp_cron=1785357723.3908910751342773437500 HTTP/1.1" 200 31 "-" "WordPress/7.0; https://wpface.ru"
66.249.64.128 - - [29/Jul/2026:23:42:03 +0300] "GET /explore-wildpokies-casino-what-lies-beyond-the-brand.html/feed HTTP/1.1" 200 1238 "-" "Mozilla/5.0 (Linux; Android 6.0.1; Nexus 5X Build/MMB29P) AppleWebKit/537.36 (KHTML, like Gecko) Chrome/150.0.7871.186 Mobile Safari/537.36 (compatible; GoogleOther)"
91.240.85.141 - - [29/Jul/2026:23:42:08 +0300] "GET / HTTP/1.1" 200 15961 "-" "Mozilla/5.0 (X11; Linux x86_64) AppleWebKit/537.36 (KHTML, like Gecko) Chrome/44.0.2403.157 Safari/537.36"
