158.94.210.72 - - [29/Jul/2026:14:57:28 +0300] "GET /wp-admin/index.php HTTP/1.1" 302 5 "https://wpface.ru/wp-login.php" "Mozilla/5.0 (Macintosh; Intel Mac OS X 13_6_1; rv:121.0) Gecko/20100101 Firefox/121.0"
158.94.210.72 - - [29/Jul/2026:14:57:30 +0300] "GET /wp-login.php?redirect_to=https%3A%2F%2Fwpface.ru%2Fwp-admin%2Findex.php&reauth=1 HTTP/1.1" 200 3587 "https://wpface.ru/wp-login.php" "Mozilla/5.0 (Macintosh; Intel Mac OS X 13_6_1; rv:121.0) Gecko/20100101 Firefox/121.0"
158.94.210.72 - - [29/Jul/2026:14:57:33 +0300] "POST /wp-login.php HTTP/1.1" 200 3786 "https://wpface.ru/wp-login.php" "Mozilla/5.0 (Windows NT 10.0; Win64; x64; rv:119.0) Gecko/20100101 Firefox/119.0"
91.240.85.141 - - [29/Jul/2026:14:57:36 +0300] "POST /wp-cron.php?doing_wp_cron=1785326256.7844800949096679687500 HTTP/1.1" 200 31 "-" "WordPress/7.0; https://wpface.ru"
98.181.137.80 - - [29/Jul/2026:14:57:36 +0300] "POST /xmlrpc.php HTTP/1.1" 200 189 "-" "Mozilla/5.0 (Windows NT 10.0; Win64; x64) AppleWebKit/537.36 (KHTML, like Gecko) Chrome/124.0.0.0 Safari/537.36"
158.94.210.72 - - [29/Jul/2026:14:57:38 +0300] "GET /wp-admin/index.php HTTP/1.1" 302 5 "https://wpface.ru/wp-login.php" "Mozilla/5.0 (Macintosh; Intel Mac OS X 13_6_1) AppleWebKit/537.36 (KHTML, like Gecko) Chrome/121.0.0.0 Safari/537.36"
129.226.72.101 - - [29/Jul/2026:14:57:39 +0300] "POST /xmlrpc.php HTTP/2.0" 200 11971 "-" "Mozilla/5.0 (Windows NT 10.0; Win64; x64) AppleWebKit/537.36 (KHTML, like Gecko) Chrome/124.0.0.0 Safari/537.36"
129.226.72.101 - - [29/Jul/2026:14:57:43 +0300] "POST /xmlrpc.php HTTP/2.0" 200 11971 "-" "Mozilla/5.0 (Windows NT 10.0; Win64; x64; rv:133.0) Gecko/20100101 Firefox/133.0"
158.94.210.72 - - [29/Jul/2026:14:57:44 +0300] "GET /wp-login.php?redirect_to=https%3A%2F%2Fwpface.ru%2Fwp-admin%2Findex.php&reauth=1 HTTP/1.1" 200 3587 "https://wpface.ru/wp-login.php" "Mozilla/5.0 (Macintosh; Intel Mac OS X 13_6_1) AppleWebKit/537.36 (KHTML, like Gecko) Chrome/121.0.0.0 Safari/537.36"
158.94.210.72 - - [29/Jul/2026:14:57:46 +0300] "POST /wp-login.php HTTP/1.1" 200 3786 "https://wpface.ru/wp-login.php" "Mozilla/5.0 (Windows NT 11.0; Win64; x64; rv:118.0) Gecko/20100101 Firefox/118.0"
158.94.210.72 - - [29/Jul/2026:14:57:48 +0300] "GET /wp-admin/index.php HTTP/1.1" 302 5 "https://wpface.ru/wp-login.php" "Mozilla/5.0 (Macintosh; Intel Mac OS X 10_15_7) AppleWebKit/537.36 (KHTML, like Gecko) Chrome/121.0.0.0 Safari/537.36"
158.94.210.72 - - [29/Jul/2026:14:57:50 +0300] "GET /wp-login.php?redirect_to=https%3A%2F%2Fwpface.ru%2Fwp-admin%2Findex.php&reauth=1 HTTP/1.1" 200 3587 "https://wpface.ru/wp-login.php" "Mozilla/5.0 (Macintosh; Intel Mac OS X 10_15_7) AppleWebKit/537.36 (KHTML, like Gecko) Chrome/121.0.0.0 Safari/537.36"
158.94.210.72 - - [29/Jul/2026:14:57:55 +0300] "POST /wp-login.php HTTP/1.1" 200 3727 "https://wpface.ru/wp-login.php" "Mozilla/5.0 (Macintosh; Intel Mac OS X 10_15_7) AppleWebKit/605.1.15 (KHTML, like Gecko) Version/16.6 Safari/605.1.15"
158.94.210.72 - - [29/Jul/2026:14:57:56 +0300] "GET /wp-admin/index.php HTTP/1.1" 302 5 "https://wpface.ru/wp-login.php" "Mozilla/5.0 (Macintosh; Intel Mac OS X 13_6_1) AppleWebKit/537.36 (KHTML, like Gecko) Chrome/121.0.0.0 Safari/537.36"
129.226.72.101 - - [29/Jul/2026:14:57:56 +0300] "POST /xmlrpc.php HTTP/2.0" 200 11971 "-" "Mozilla/5.0 (Macintosh; Intel Mac OS X 10_15_7) AppleWebKit/605.1.15 (KHTML, like Gecko) Version/18.0 Safari/605.1.15"
158.94.210.72 - - [29/Jul/2026:14:57:56 +0300] "GET /wp-login.php?redirect_to=https%3A%2F%2Fwpface.ru%2Fwp-admin%2Findex.php&reauth=1 HTTP/1.1" 200 3587 "https://wpface.ru/wp-login.php" "Mozilla/5.0 (Macintosh; Intel Mac OS X 13_6_1) AppleWebKit/537.36 (KHTML, like Gecko) Chrome/121.0.0.0 Safari/537.36"
129.226.72.101 - - [29/Jul/2026:14:57:59 +0300] "POST /xmlrpc.php HTTP/2.0" 200 11971 "-" "Mozilla/5.0 (Macintosh; Intel Mac OS X 10_15_7) AppleWebKit/605.1.15 (KHTML, like Gecko) Version/18.0 Safari/605.1.15"
158.94.210.72 - - [29/Jul/2026:14:57:59 +0300] "POST /wp-login.php HTTP/1.1" 200 3727 "https://wpface.ru/wp-login.php" "Mozilla/5.0 (Macintosh; Intel Mac OS X 13_6_1; rv:118.0) Gecko/20100101 Firefox/118.0"
158.94.210.72 - - [29/Jul/2026:14:58:01 +0300] "GET /wp-admin/index.php HTTP/1.1" 302 5 "https://wpface.ru/wp-login.php" "Mozilla/5.0 (Macintosh; Intel Mac OS X 13_6_1) AppleWebKit/537.36 (KHTML, like Gecko) Chrome/118.0.0.0 Safari/537.36"
158.94.210.72 - - [29/Jul/2026:14:58:02 +0300] "GET /wp-login.php?redirect_to=https%3A%2F%2Fwpface.ru%2Fwp-admin%2Findex.php&reauth=1 HTTP/1.1" 200 3587 "https://wpface.ru/wp-login.php" "Mozilla/5.0 (Macintosh; Intel Mac OS X 13_6_1) AppleWebKit/537.36 (KHTML, like Gecko) Chrome/118.0.0.0 Safari/537.36"
129.226.72.101 - - [29/Jul/2026:14:58:02 +0300] "POST /xmlrpc.php HTTP/2.0" 200 11971 "-" "Mozilla/5.0 (Windows NT 10.0; Win64; x64; rv:133.0) Gecko/20100101 Firefox/133.0"
158.94.210.72 - - [29/Jul/2026:14:58:03 +0300] "POST /wp-login.php HTTP/1.1" 200 3727 "https://wpface.ru/wp-login.php" "Mozilla/5.0 (Windows NT 11.0; Win64; x64) AppleWebKit/537.36 (KHTML, like Gecko) Chrome/119.0.0.0 Safari/537.36"
158.94.210.72 - - [29/Jul/2026:14:58:06 +0300] "GET /wp-admin/index.php HTTP/1.1" 302 5 "https://wpface.ru/wp-login.php" "Mozilla/5.0 (Windows NT 10.0; Win64; x64) AppleWebKit/537.36 (KHTML, like Gecko) Chrome/118.0.0.0 Safari/537.36"
158.94.210.72 - - [29/Jul/2026:14:58:06 +0300] "GET /wp-login.php?redirect_to=https%3A%2F%2Fwpface.ru%2Fwp-admin%2Findex.php&reauth=1 HTTP/1.1" 200 3587 "https://wpface.ru/wp-login.php" "Mozilla/5.0 (Windows NT 10.0; Win64; x64) AppleWebKit/537.36 (KHTML, like Gecko) Chrome/118.0.0.0 Safari/537.36"
91.240.85.141 - - [29/Jul/2026:14:58:09 +0300] "POST /wp-cron.php?doing_wp_cron=1785326289.1864800453186035156250 HTTP/1.1" 200 31 "-" "WordPress/7.0; https://wpface.ru"
72.49.49.11 - - [29/Jul/2026:14:58:09 +0300] "POST /xmlrpc.php HTTP/1.1" 200 189 "-" "Mozilla/5.0 (Windows NT 10.0; Win64; x64) AppleWebKit/537.36 (KHTML, like Gecko) Chrome/124.0.0.0 Safari/537.36"
158.94.210.72 - - [29/Jul/2026:14:58:10 +0300] "POST /wp-login.php HTTP/1.1" 200 3727 "https://wpface.ru/wp-login.php" "Mozilla/5.0 (Windows NT 10.0; Win64; x64) AppleWebKit/537.36 (KHTML, like Gecko) Chrome/119.0.0.0 Safari/537.36"
129.226.72.101 - - [29/Jul/2026:14:58:11 +0300] "POST /xmlrpc.php HTTP/2.0" 200 11971 "-" "Mozilla/5.0 (Windows NT 10.0; Win64; x64) AppleWebKit/537.36 (KHTML, like Gecko) Chrome/124.0.0.0 Safari/537.36"
158.94.210.72 - - [29/Jul/2026:14:58:12 +0300] "GET /wp-admin/index.php HTTP/1.1" 302 5 "https://wpface.ru/wp-login.php" "Mozilla/5.0 (X11; Linux x86_64) AppleWebKit/537.36 (KHTML, like Gecko) Chrome/118.0.0.0 Safari/537.36"
158.94.210.72 - - [29/Jul/2026:14:58:15 +0300] "GET /wp-login.php?redirect_to=https%3A%2F%2Fwpface.ru%2Fwp-admin%2Findex.php&reauth=1 HTTP/1.1" 200 3587 "https://wpface.ru/wp-login.php" "Mozilla/5.0 (X11; Linux x86_64) AppleWebKit/537.36 (KHTML, like Gecko) Chrome/118.0.0.0 Safari/537.36"
158.94.210.72 - - [29/Jul/2026:14:58:17 +0300] "POST /wp-login.php HTTP/1.1" 200 3727 "https://wpface.ru/wp-login.php" "Mozilla/5.0 (Macintosh; Intel Mac OS X 10_15_7) AppleWebKit/605.1.15 (KHTML, like Gecko) Version/17.0 Safari/605.1.15"
158.94.210.72 - - [29/Jul/2026:14:58:20 +0300] "GET /wp-admin/index.php HTTP/1.1" 302 5 "https://wpface.ru/wp-login.php" "Mozilla/5.0 (Macintosh; Intel Mac OS X 10_15_7) AppleWebKit/537.36 (KHTML, like Gecko) Chrome/119.0.0.0 Safari/537.36"
158.94.210.72 - - [29/Jul/2026:14:58:23 +0300] "GET /wp-login.php?redirect_to=https%3A%2F%2Fwpface.ru%2Fwp-admin%2Findex.php&reauth=1 HTTP/1.1" 200 3587 "https://wpface.ru/wp-login.php" "Mozilla/5.0 (Macintosh; Intel Mac OS X 10_15_7) AppleWebKit/537.36 (KHTML, like Gecko) Chrome/119.0.0.0 Safari/537.36"
129.226.72.101 - - [29/Jul/2026:14:58:25 +0300] "POST /xmlrpc.php HTTP/2.0" 200 11971 "-" "Mozilla/5.0 (Windows NT 10.0; Win64; x64) AppleWebKit/537.36 (KHTML, like Gecko) Chrome/124.0.0.0 Safari/537.36"
158.94.210.72 - - [29/Jul/2026:14:58:26 +0300] "POST /wp-login.php HTTP/1.1" 200 3727 "https://wpface.ru/wp-login.php" "Mozilla/5.0 (Windows NT 10.0; Win64; x64) AppleWebKit/537.36 (KHTML, like Gecko) Chrome/120.0.0.0 Safari/537.36"
158.94.210.72 - - [29/Jul/2026:14:58:27 +0300] "GET /wp-admin/index.php HTTP/1.1" 302 5 "https://wpface.ru/wp-login.php" "Mozilla/5.0 (Windows NT 10.0; Win64; x64; rv:118.0) Gecko/20100101 Firefox/118.0"
129.226.72.101 - - [29/Jul/2026:14:58:28 +0300] "POST /xmlrpc.php HTTP/2.0" 200 11971 "-" "Mozilla/5.0 (Macintosh; Intel Mac OS X 10_15_7) AppleWebKit/605.1.15 (KHTML, like Gecko) Version/18.0 Safari/605.1.15"
158.94.210.72 - - [29/Jul/2026:14:58:28 +0300] "GET /wp-login.php?redirect_to=https%3A%2F%2Fwpface.ru%2Fwp-admin%2Findex.php&reauth=1 HTTP/1.1" 200 3587 "https://wpface.ru/wp-login.php" "Mozilla/5.0 (Windows NT 10.0; Win64; x64; rv:118.0) Gecko/20100101 Firefox/118.0"
158.94.210.72 - - [29/Jul/2026:14:58:31 +0300] "POST /wp-login.php HTTP/1.1" 200 3727 "https://wpface.ru/wp-login.php" "Mozilla/5.0 (Windows NT 11.0; Win64; x64; rv:118.0) Gecko/20100101 Firefox/118.0"
129.226.72.101 - - [29/Jul/2026:14:58:31 +0300] "POST /xmlrpc.php HTTP/2.0" 200 11971 "-" "Mozilla/5.0 (Windows NT 10.0; Win64; x64; rv:133.0) Gecko/20100101 Firefox/133.0"
158.94.210.72 - - [29/Jul/2026:14:58:32 +0300] "GET /wp-admin/index.php HTTP/1.1" 302 5 "https://wpface.ru/wp-login.php" "Mozilla/5.0 (X11; Ubuntu; Linux x86_64) AppleWebKit/537.36 (KHTML, like Gecko) Chrome/118.0.0.0 Safari/537.36"
91.240.85.141 - - [29/Jul/2026:14:58:34 +0300] "POST /wp-cron.php?doing_wp_cron=1785326314.5108339786529541015625 HTTP/1.1" 200 31 "-" "WordPress/7.0; https://wpface.ru"
217.15.160.116 - - [29/Jul/2026:14:58:34 +0300] "POST /xmlrpc.php HTTP/2.0" 200 178 "-" "Mozilla/5.0 (Windows NT 10.0; Win64; x64) AppleWebKit/537.36 (KHTML, like Gecko) Chrome/124.0.0.0 Safari/537.36"
158.94.210.72 - - [29/Jul/2026:14:58:35 +0300] "GET /wp-login.php?redirect_to=https%3A%2F%2Fwpface.ru%2Fwp-admin%2Findex.php&reauth=1 HTTP/1.1" 200 3587 "https://wpface.ru/wp-login.php" "Mozilla/5.0 (X11; Ubuntu; Linux x86_64) AppleWebKit/537.36 (KHTML, like Gecko) Chrome/118.0.0.0 Safari/537.36"
185.89.43.152 - - [29/Jul/2026:14:58:36 +0300] "POST /xmlrpc.php HTTP/1.1" 200 415 "-" "Mozilla/5.0 (Windows NT 10.0; Win64; x64) AppleWebKit/537.36 (KHTML, like Gecko) Chrome/120.0.0.0 Safari/537.36"
185.89.43.152 - - [29/Jul/2026:14:58:36 +0300] "GET /wp-json/wp/v2/posts?orderby=date&order=desc&_fields=date,id,title,status,type,guid,link HTTP/1.1" 200 4165 "-" "Mozilla/5.0 (Windows NT 10.0; Win64; x64) AppleWebKit/537.36 (KHTML, like Gecko) Chrome/120.0.0.0 Safari/537.36"
158.94.210.72 - - [29/Jul/2026:14:58:37 +0300] "POST /wp-login.php HTTP/1.1" 200 3739 "https://wpface.ru/wp-login.php" "Mozilla/5.0 (Macintosh; Intel Mac OS X 10_15_7) AppleWebKit/605.1.15 (KHTML, like Gecko) Version/16.6 Safari/605.1.15"
158.94.210.72 - - [29/Jul/2026:14:58:43 +0300] "GET /wp-admin/index.php HTTP/1.1" 302 5 "https://wpface.ru/wp-login.php" "Mozilla/5.0 (Macintosh; Intel Mac OS X 13_6_1) AppleWebKit/537.36 (KHTML, like Gecko) Chrome/118.0.0.0 Safari/537.36"
158.94.210.72 - - [29/Jul/2026:14:58:46 +0300] "GET /wp-login.php?redirect_to=https%3A%2F%2Fwpface.ru%2Fwp-admin%2Findex.php&reauth=1 HTTP/1.1" 200 3587 "https://wpface.ru/wp-login.php" "Mozilla/5.0 (Macintosh; Intel Mac OS X 13_6_1) AppleWebKit/537.36 (KHTML, like Gecko) Chrome/118.0.0.0 Safari/537.36"
158.94.210.72 - - [29/Jul/2026:14:58:48 +0300] "POST /wp-login.php HTTP/1.1" 200 3739 "https://wpface.ru/wp-login.php" "Mozilla/5.0 (Macintosh; Intel Mac OS X 10_15_7) AppleWebKit/605.1.15 (KHTML, like Gecko) Version/17.2 Safari/605.1.15"
158.94.210.72 - - [29/Jul/2026:14:58:50 +0300] "GET /wp-admin/index.php HTTP/1.1" 302 5 "https://wpface.ru/wp-login.php" "Mozilla/5.0 (Windows NT 10.0; Win64; x64) AppleWebKit/537.36 (KHTML, like Gecko) Chrome/119.0.0.0 Safari/537.36"
158.94.210.72 - - [29/Jul/2026:14:58:50 +0300] "GET /wp-login.php?redirect_to=https%3A%2F%2Fwpface.ru%2Fwp-admin%2Findex.php&reauth=1 HTTP/1.1" 200 3587 "https://wpface.ru/wp-login.php" "Mozilla/5.0 (Windows NT 10.0; Win64; x64) AppleWebKit/537.36 (KHTML, like Gecko) Chrome/119.0.0.0 Safari/537.36"
158.94.210.72 - - [29/Jul/2026:14:58:50 +0300] "POST /wp-login.php HTTP/1.1" 200 3739 "https://wpface.ru/wp-login.php" "Mozilla/5.0 (Macintosh; Intel Mac OS X 10_15_7) AppleWebKit/537.36 (KHTML, like Gecko) Chrome/119.0.0.0 Safari/537.36"
158.94.210.72 - - [29/Jul/2026:14:58:50 +0300] "GET /wp-admin/index.php HTTP/1.1" 302 5 "https://wpface.ru/wp-login.php" "Mozilla/5.0 (Macintosh; Intel Mac OS X 10_15_7) AppleWebKit/605.1.15 (KHTML, like Gecko) Version/17.2 Safari/605.1.15"
129.226.72.101 - - [29/Jul/2026:14:58:52 +0300] "POST /xmlrpc.php HTTP/2.0" 200 11971 "-" "Mozilla/5.0 (Macintosh; Intel Mac OS X 10_15_7) AppleWebKit/605.1.15 (KHTML, like Gecko) Version/18.0 Safari/605.1.15"
158.94.210.72 - - [29/Jul/2026:14:58:53 +0300] "GET /wp-login.php?redirect_to=https%3A%2F%2Fwpface.ru%2Fwp-admin%2Findex.php&reauth=1 HTTP/1.1" 200 3587 "https://wpface.ru/wp-login.php" "Mozilla/5.0 (Macintosh; Intel Mac OS X 10_15_7) AppleWebKit/605.1.15 (KHTML, like Gecko) Version/17.2 Safari/605.1.15"
158.94.210.72 - - [29/Jul/2026:14:58:54 +0300] "POST /wp-login.php HTTP/1.1" 200 3739 "https://wpface.ru/wp-login.php" "Mozilla/5.0 (Macintosh; Intel Mac OS X 10_15_7) AppleWebKit/537.36 (KHTML, like Gecko) Chrome/121.0.0.0 Safari/537.36"
158.94.210.72 - - [29/Jul/2026:14:58:57 +0300] "GET /wp-admin/index.php HTTP/1.1" 302 5 "https://wpface.ru/wp-login.php" "Mozilla/5.0 (X11; Linux x86_64) AppleWebKit/537.36 (KHTML, like Gecko) Chrome/118.0.0.0 Safari/537.36"
129.226.72.101 - - [29/Jul/2026:14:58:57 +0300] "POST /xmlrpc.php HTTP/2.0" 200 11971 "-" "Mozilla/5.0 (Macintosh; Intel Mac OS X 10_15_7) AppleWebKit/605.1.15 (KHTML, like Gecko) Version/18.0 Safari/605.1.15"
158.94.210.72 - - [29/Jul/2026:14:58:58 +0300] "GET /wp-login.php?redirect_to=https%3A%2F%2Fwpface.ru%2Fwp-admin%2Findex.php&reauth=1 HTTP/1.1" 200 3587 "https://wpface.ru/wp-login.php" "Mozilla/5.0 (X11; Linux x86_64) AppleWebKit/537.36 (KHTML, like Gecko) Chrome/118.0.0.0 Safari/537.36"
158.94.210.72 - - [29/Jul/2026:14:58:59 +0300] "POST /wp-login.php HTTP/1.1" 200 3739 "https://wpface.ru/wp-login.php" "Mozilla/5.0 (Macintosh; Intel Mac OS X 13_6_1) AppleWebKit/537.36 (KHTML, like Gecko) Chrome/121.0.0.0 Safari/537.36"
158.94.210.72 - - [29/Jul/2026:14:59:00 +0300] "GET /wp-admin/index.php HTTP/1.1" 302 5 "https://wpface.ru/wp-login.php" "Mozilla/5.0 (Macintosh; Intel Mac OS X 10_15_7) AppleWebKit/605.1.15 (KHTML, like Gecko) Version/17.1 Safari/605.1.15"
158.94.210.72 - - [29/Jul/2026:14:59:04 +0300] "GET /wp-login.php?redirect_to=https%3A%2F%2Fwpface.ru%2Fwp-admin%2Findex.php&reauth=1 HTTP/1.1" 200 3587 "https://wpface.ru/wp-login.php" "Mozilla/5.0 (Macintosh; Intel Mac OS X 10_15_7) AppleWebKit/605.1.15 (KHTML, like Gecko) Version/17.1 Safari/605.1.15"
158.94.210.72 - - [29/Jul/2026:14:59:06 +0300] "POST /wp-login.php HTTP/1.1" 200 3739 "https://wpface.ru/wp-login.php" "Mozilla/5.0 (Macintosh; Intel Mac OS X 10_15_7) AppleWebKit/605.1.15 (KHTML, like Gecko) Version/17.0 Safari/605.1.15"
158.94.210.72 - - [29/Jul/2026:14:59:07 +0300] "GET /wp-admin/index.php HTTP/1.1" 302 5 "https://wpface.ru/wp-login.php" "Mozilla/5.0 (Macintosh; Intel Mac OS X 10_15_7) AppleWebKit/605.1.15 (KHTML, like Gecko) Version/17.2 Safari/605.1.15"
158.94.210.72 - - [29/Jul/2026:14:59:09 +0300] "GET /wp-login.php?redirect_to=https%3A%2F%2Fwpface.ru%2Fwp-admin%2Findex.php&reauth=1 HTTP/1.1" 200 3587 "https://wpface.ru/wp-login.php" "Mozilla/5.0 (Macintosh; Intel Mac OS X 10_15_7) AppleWebKit/605.1.15 (KHTML, like Gecko) Version/17.2 Safari/605.1.15"
158.94.210.72 - - [29/Jul/2026:14:59:10 +0300] "POST /wp-login.php HTTP/1.1" 200 3739 "https://wpface.ru/wp-login.php" "Mozilla/5.0 (Macintosh; Intel Mac OS X 10_15_7; rv:118.0) Gecko/20100101 Firefox/118.0"
158.94.210.72 - - [29/Jul/2026:14:59:11 +0300] "GET /wp-admin/index.php HTTP/1.1" 302 5 "https://wpface.ru/wp-login.php" "Mozilla/5.0 (Windows NT 11.0; Win64; x64; rv:121.0) Gecko/20100101 Firefox/121.0"
158.94.210.72 - - [29/Jul/2026:14:59:12 +0300] "GET /wp-login.php?redirect_to=https%3A%2F%2Fwpface.ru%2Fwp-admin%2Findex.php&reauth=1 HTTP/1.1" 200 3587 "https://wpface.ru/wp-login.php" "Mozilla/5.0 (Windows NT 11.0; Win64; x64; rv:121.0) Gecko/20100101 Firefox/121.0"
91.240.85.141 - - [29/Jul/2026:14:59:12 +0300] "POST /wp-cron.php?doing_wp_cron=1785326352.7518649101257324218750 HTTP/1.1" 200 31 "-" "WordPress/7.0; https://wpface.ru"
129.226.72.101 - - [29/Jul/2026:14:59:12 +0300] "POST /xmlrpc.php HTTP/2.0" 200 178 "-" "Mozilla/5.0 (Macintosh; Intel Mac OS X 10_15_7) AppleWebKit/605.1.15 (KHTML, like Gecko) Version/18.0 Safari/605.1.15"
129.226.72.101 - - [29/Jul/2026:14:59:14 +0300] "POST /xmlrpc.php HTTP/2.0" 200 11971 "-" "Mozilla/5.0 (Macintosh; Intel Mac OS X 10_15_7) AppleWebKit/605.1.15 (KHTML, like Gecko) Version/18.0 Safari/605.1.15"
158.94.210.72 - - [29/Jul/2026:14:59:15 +0300] "POST /wp-login.php HTTP/1.1" 200 3739 "https://wpface.ru/wp-login.php" "Mozilla/5.0 (Macintosh; Intel Mac OS X 13_6_1) AppleWebKit/605.1.15 (KHTML, like Gecko) Version/17.1 Safari/605.1.15"
158.94.210.72 - - [29/Jul/2026:14:59:16 +0300] "GET /wp-admin/index.php HTTP/1.1" 302 5 "https://wpface.ru/wp-login.php" "Mozilla/5.0 (Macintosh; Intel Mac OS X 10_15_7) AppleWebKit/605.1.15 (KHTML, like Gecko) Version/17.1 Safari/605.1.15"
158.94.210.72 - - [29/Jul/2026:14:59:16 +0300] "GET /wp-login.php?redirect_to=https%3A%2F%2Fwpface.ru%2Fwp-admin%2Findex.php&reauth=1 HTTP/1.1" 200 3587 "https://wpface.ru/wp-login.php" "Mozilla/5.0 (Macintosh; Intel Mac OS X 10_15_7) AppleWebKit/605.1.15 (KHTML, like Gecko) Version/17.1 Safari/605.1.15"
129.226.72.101 - - [29/Jul/2026:14:59:17 +0300] "POST /xmlrpc.php HTTP/2.0" 200 11971 "-" "Mozilla/5.0 (Macintosh; Intel Mac OS X 10_15_7) AppleWebKit/605.1.15 (KHTML, like Gecko) Version/18.0 Safari/605.1.15"
158.94.210.72 - - [29/Jul/2026:14:59:19 +0300] "POST /wp-login.php HTTP/1.1" 200 3739 "https://wpface.ru/wp-login.php" "Mozilla/5.0 (Windows NT 11.0; Win64; x64; rv:118.0) Gecko/20100101 Firefox/118.0"
158.94.210.72 - - [29/Jul/2026:14:59:20 +0300] "GET /wp-admin/index.php HTTP/1.1" 302 5 "https://wpface.ru/wp-login.php" "Mozilla/5.0 (X11; Linux x86_64) AppleWebKit/537.36 (KHTML, like Gecko) Chrome/119.0.0.0 Safari/537.36"
158.94.210.72 - - [29/Jul/2026:14:59:21 +0300] "GET /wp-login.php?redirect_to=https%3A%2F%2Fwpface.ru%2Fwp-admin%2Findex.php&reauth=1 HTTP/1.1" 200 3587 "https://wpface.ru/wp-login.php" "Mozilla/5.0 (X11; Linux x86_64) AppleWebKit/537.36 (KHTML, like Gecko) Chrome/119.0.0.0 Safari/537.36"
158.94.210.72 - - [29/Jul/2026:14:59:22 +0300] "POST /wp-login.php HTTP/1.1" 200 3739 "https://wpface.ru/wp-login.php" "Mozilla/5.0 (Windows NT 11.0; Win64; x64) AppleWebKit/537.36 (KHTML, like Gecko) Chrome/119.0.0.0 Safari/537.36"
158.94.210.72 - - [29/Jul/2026:14:59:23 +0300] "GET /wp-admin/index.php HTTP/1.1" 302 5 "https://wpface.ru/wp-login.php" "Mozilla/5.0 (Macintosh; Intel Mac OS X 13_6_1) AppleWebKit/605.1.15 (KHTML, like Gecko) Version/17.0 Safari/605.1.15"
158.94.210.72 - - [29/Jul/2026:14:59:24 +0300] "GET /wp-login.php?redirect_to=https%3A%2F%2Fwpface.ru%2Fwp-admin%2Findex.php&reauth=1 HTTP/1.1" 200 3587 "https://wpface.ru/wp-login.php" "Mozilla/5.0 (Macintosh; Intel Mac OS X 13_6_1) AppleWebKit/605.1.15 (KHTML, like Gecko) Version/17.0 Safari/605.1.15"
158.94.210.72 - - [29/Jul/2026:14:59:26 +0300] "POST /wp-login.php HTTP/1.1" 200 3783 "https://wpface.ru/wp-login.php" "Mozilla/5.0 (Macintosh; Intel Mac OS X 13_6_1; rv:118.0) Gecko/20100101 Firefox/118.0"
158.94.210.72 - - [29/Jul/2026:14:59:26 +0300] "GET /wp-admin/index.php HTTP/1.1" 302 5 "https://wpface.ru/wp-login.php" "Mozilla/5.0 (Windows NT 11.0; Win64; x64) AppleWebKit/537.36 (KHTML, like Gecko) Chrome/119.0.0.0 Safari/537.36"
158.94.210.72 - - [29/Jul/2026:14:59:27 +0300] "GET /wp-login.php?redirect_to=https%3A%2F%2Fwpface.ru%2Fwp-admin%2Findex.php&reauth=1 HTTP/1.1" 200 3587 "https://wpface.ru/wp-login.php" "Mozilla/5.0 (Windows NT 11.0; Win64; x64) AppleWebKit/537.36 (KHTML, like Gecko) Chrome/119.0.0.0 Safari/537.36"
158.94.210.72 - - [29/Jul/2026:14:59:29 +0300] "POST /wp-login.php HTTP/1.1" 200 3783 "https://wpface.ru/wp-login.php" "Mozilla/5.0 (Windows NT 11.0; Win64; x64; rv:120.0) Gecko/20100101 Firefox/120.0"
158.94.210.72 - - [29/Jul/2026:14:59:30 +0300] "GET /wp-admin/index.php HTTP/1.1" 302 5 "https://wpface.ru/wp-login.php" "Mozilla/5.0 (Macintosh; Intel Mac OS X 13_6_1) AppleWebKit/605.1.15 (KHTML, like Gecko) Version/17.2 Safari/605.1.15"
129.226.72.101 - - [29/Jul/2026:14:59:31 +0300] "POST /xmlrpc.php HTTP/2.0" 200 11971 "-" "Mozilla/5.0 (Windows NT 10.0; Win64; x64) AppleWebKit/537.36 (KHTML, like Gecko) Chrome/124.0.0.0 Safari/537.36"
158.94.210.72 - - [29/Jul/2026:14:59:32 +0300] "GET /wp-login.php?redirect_to=https%3A%2F%2Fwpface.ru%2Fwp-admin%2Findex.php&reauth=1 HTTP/1.1" 200 3587 "https://wpface.ru/wp-login.php" "Mozilla/5.0 (Macintosh; Intel Mac OS X 13_6_1) AppleWebKit/605.1.15 (KHTML, like Gecko) Version/17.2 Safari/605.1.15"
129.226.72.101 - - [29/Jul/2026:14:59:34 +0300] "POST /xmlrpc.php HTTP/2.0" 200 11971 "-" "Mozilla/5.0 (Macintosh; Intel Mac OS X 10_15_7) AppleWebKit/605.1.15 (KHTML, like Gecko) Version/18.0 Safari/605.1.15"
91.240.85.141 - - [29/Jul/2026:15:00:10 +0300] "GET / HTTP/1.1" 200 15725 "-" "Mozilla/5.0 (X11; Linux x86_64) AppleWebKit/537.36 (KHTML, like Gecko) Chrome/44.0.2403.157 Safari/537.36"
91.240.85.141 - - [29/Jul/2026:15:00:19 +0300] "POST /wp-cron.php?doing_wp_cron=1785326419.2211699485778808593750 HTTP/1.1" 200 31 "-" "WordPress/7.0; https://wpface.ru"
64.188.77.26 - - [29/Jul/2026:15:00:19 +0300] "POST /xmlrpc.php HTTP/2.0" 200 178 "-" "Mozilla/5.0 (Macintosh; Intel Mac OS X 10_15_7) AppleWebKit/605.1.15 (KHTML, like Gecko) Version/18.0 Safari/605.1.15"
129.226.72.101 - - [29/Jul/2026:15:00:21 +0300] "POST /xmlrpc.php HTTP/2.0" 200 11971 "-" "Mozilla/5.0 (Windows NT 10.0; Win64; x64) AppleWebKit/537.36 (KHTML, like Gecko) Chrome/124.0.0.0 Safari/537.36"
129.226.72.101 - - [29/Jul/2026:15:00:23 +0300] "POST /xmlrpc.php HTTP/2.0" 200 11971 "-" "Mozilla/5.0 (Macintosh; Intel Mac OS X 10_15_7) AppleWebKit/605.1.15 (KHTML, like Gecko) Version/18.0 Safari/605.1.15"
129.226.72.101 - - [29/Jul/2026:15:00:27 +0300] "POST /xmlrpc.php HTTP/2.0" 200 11971 "-" "Mozilla/5.0 (Windows NT 10.0; Win64; x64; rv:133.0) Gecko/20100101 Firefox/133.0"
129.226.72.101 - - [29/Jul/2026:15:00:31 +0300] "POST /xmlrpc.php HTTP/2.0" 200 11971 "-" "Mozilla/5.0 (Windows NT 10.0; Win64; x64; rv:133.0) Gecko/20100101 Firefox/133.0"
129.226.72.101 - - [29/Jul/2026:15:00:35 +0300] "POST /xmlrpc.php HTTP/2.0" 200 11971 "-" "Mozilla/5.0 (Macintosh; Intel Mac OS X 10_15_7) AppleWebKit/605.1.15 (KHTML, like Gecko) Version/18.0 Safari/605.1.15"
91.240.85.141 - - [29/Jul/2026:15:00:56 +0300] "POST /wp-cron.php?doing_wp_cron=1785326456.4246029853820800781250 HTTP/1.1" 200 31 "-" "WordPress/7.0; https://wpface.ru"
104.28.161.38 - - [29/Jul/2026:15:00:56 +0300] "POST /xmlrpc.php HTTP/2.0" 200 178 "-" "Mozilla/5.0 (Macintosh; Intel Mac OS X 10_15_7) AppleWebKit/605.1.15 (KHTML, like Gecko) Version/18.0 Safari/605.1.15"
129.226.72.101 - - [29/Jul/2026:15:00:58 +0300] "POST /xmlrpc.php HTTP/2.0" 200 11971 "-" "Mozilla/5.0 (Windows NT 10.0; Win64; x64) AppleWebKit/537.36 (KHTML, like Gecko) Chrome/124.0.0.0 Safari/537.36"
199.187.189.68 - wordpress_c800a535234a [29/Jul/2026:15:00:59 +0300] "GET /wp-json/wp/v2/users/me HTTP/1.1" 200 784 "-" "Mozilla/5.0 (Macintosh; Intel Mac OS X 10_15_7) AppleWebKit/537.36 (KHTML, like Gecko) Chrome/122.0.0.0 Safari/537.36"
129.226.72.101 - - [29/Jul/2026:15:01:01 +0300] "POST /xmlrpc.php HTTP/2.0" 200 11971 "-" "Mozilla/5.0 (Windows NT 10.0; Win64; x64; rv:133.0) Gecko/20100101 Firefox/133.0"
91.240.85.141 - - [29/Jul/2026:15:01:03 +0300] "POST /wp-cron.php?doing_wp_cron=1785326463.3881480693817138671875 HTTP/1.1" 200 31 "-" "WordPress/7.0; https://wpface.ru"
199.187.189.68 - wordpress_c800a535234a [29/Jul/2026:15:01:03 +0300] "POST /wp-json/batch/v1/ HTTP/1.1" 207 276994 "-" "Mozilla/5.0 (Macintosh; Intel Mac OS X 10_15_7) AppleWebKit/537.36 (KHTML, like Gecko) Chrome/122.0.0.0 Safari/537.36"
129.226.72.101 - - [29/Jul/2026:15:01:04 +0300] "POST /xmlrpc.php HTTP/2.0" 200 11971 "-" "Mozilla/5.0 (Windows NT 10.0; Win64; x64) AppleWebKit/537.36 (KHTML, like Gecko) Chrome/124.0.0.0 Safari/537.36"
91.240.85.141 - - [29/Jul/2026:15:01:06 +0300] "POST /wp-cron.php?doing_wp_cron=1785326466.0275070667266845703125 HTTP/1.1" 200 31 "-" "WordPress/7.0; https://wpface.ru"
199.187.189.68 - wordpress_c800a535234a [29/Jul/2026:15:01:06 +0300] "POST /wp-json/batch/v1/ HTTP/1.1" 207 268496 "-" "Mozilla/5.0 (Macintosh; Intel Mac OS X 10_15_7) AppleWebKit/537.36 (KHTML, like Gecko) Chrome/122.0.0.0 Safari/537.36"
129.226.72.101 - - [29/Jul/2026:15:01:06 +0300] "POST /xmlrpc.php HTTP/2.0" 200 11971 "-" "Mozilla/5.0 (Windows NT 10.0; Win64; x64; rv:133.0) Gecko/20100101 Firefox/133.0"
91.240.85.141 - - [29/Jul/2026:15:01:07 +0300] "POST /wp-cron.php?doing_wp_cron=1785326467.6927928924560546875000 HTTP/1.1" 200 31 "-" "WordPress/7.0; https://wpface.ru"
199.187.189.68 - wordpress_c800a535234a [29/Jul/2026:15:01:07 +0300] "POST /wp-json/batch/v1/ HTTP/1.1" 207 110566 "-" "Mozilla/5.0 (Macintosh; Intel Mac OS X 10_15_7) AppleWebKit/537.36 (KHTML, like Gecko) Chrome/122.0.0.0 Safari/537.36"
129.226.72.101 - - [29/Jul/2026:15:01:09 +0300] "POST /xmlrpc.php HTTP/2.0" 200 11971 "-" "Mozilla/5.0 (Windows NT 10.0; Win64; x64; rv:133.0) Gecko/20100101 Firefox/133.0"
199.187.189.68 - wordpress_c800a535234a [29/Jul/2026:15:01:11 +0300] "GET /wp-json/wp/v2/settings HTTP/1.1" 200 433 "-" "Mozilla/5.0 (Macintosh; Intel Mac OS X 10_15_7) AppleWebKit/537.36 (KHTML, like Gecko) Chrome/122.0.0.0 Safari/537.36"
199.187.189.68 - wordpress_c800a535234a [29/Jul/2026:15:01:13 +0300] "GET /wp-json/wp/v2/pages/62?context=edit HTTP/1.1" 200 5194 "-" "Mozilla/5.0 (Macintosh; Intel Mac OS X 10_15_7) AppleWebKit/537.36 (KHTML, like Gecko) Chrome/122.0.0.0 Safari/537.36"
199.187.189.68 - wordpress_c800a535234a [29/Jul/2026:15:01:15 +0300] "POST /wp-json/wp/v2/pages/62 HTTP/1.1" 200 19147 "-" "Mozilla/5.0 (Macintosh; Intel Mac OS X 10_15_7) AppleWebKit/537.36 (KHTML, like Gecko) Chrome/122.0.0.0 Safari/537.36"
91.240.85.141 - - [29/Jul/2026:15:01:26 +0300] "POST /wp-cron.php?doing_wp_cron=1785326486.9063498973846435546875 HTTP/1.1" 200 31 "-" "WordPress/7.0; https://wpface.ru"
178.130.47.50 - - [29/Jul/2026:15:01:26 +0300] "POST /xmlrpc.php HTTP/2.0" 200 179 "-" "Mozilla/5.0 (Macintosh; Intel Mac OS X 10_15_7) AppleWebKit/605.1.15 (KHTML, like Gecko) Version/18.0 Safari/605.1.15"
129.226.72.101 - - [29/Jul/2026:15:01:29 +0300] "POST /xmlrpc.php HTTP/2.0" 200 11975 "-" "Mozilla/5.0 (Windows NT 10.0; Win64; x64; rv:133.0) Gecko/20100101 Firefox/133.0"
129.226.72.101 - - [29/Jul/2026:15:01:32 +0300] "POST /xmlrpc.php HTTP/2.0" 200 11975 "-" "Mozilla/5.0 (Macintosh; Intel Mac OS X 10_15_7) AppleWebKit/605.1.15 (KHTML, like Gecko) Version/18.0 Safari/605.1.15"
129.226.72.101 - - [29/Jul/2026:15:01:35 +0300] "POST /xmlrpc.php HTTP/2.0" 200 11975 "-" "Mozilla/5.0 (Windows NT 10.0; Win64; x64; rv:133.0) Gecko/20100101 Firefox/133.0"
129.226.72.101 - - [29/Jul/2026:15:01:46 +0300] "POST /xmlrpc.php HTTP/2.0" 200 11975 "-" "Mozilla/5.0 (Macintosh; Intel Mac OS X 10_15_7) AppleWebKit/605.1.15 (KHTML, like Gecko) Version/18.0 Safari/605.1.15"
129.226.72.101 - - [29/Jul/2026:15:01:50 +0300] "POST /xmlrpc.php HTTP/2.0" 200 11975 "-" "Mozilla/5.0 (Windows NT 10.0; Win64; x64) AppleWebKit/537.36 (KHTML, like Gecko) Chrome/124.0.0.0 Safari/537.36"
91.240.85.141 - - [29/Jul/2026:15:02:16 +0300] "POST /wp-cron.php?doing_wp_cron=1785326536.0101881027221679687500 HTTP/1.1" 200 31 "-" "WordPress/7.0; https://wpface.ru"
129.226.72.101 - - [29/Jul/2026:15:02:16 +0300] "POST /xmlrpc.php HTTP/2.0" 200 179 "-" "Mozilla/5.0 (Windows NT 10.0; Win64; x64; rv:133.0) Gecko/20100101 Firefox/133.0"
129.226.72.101 - - [29/Jul/2026:15:02:18 +0300] "POST /xmlrpc.php HTTP/2.0" 200 11975 "-" "Mozilla/5.0 (Windows NT 10.0; Win64; x64; rv:133.0) Gecko/20100101 Firefox/133.0"
129.226.72.101 - - [29/Jul/2026:15:02:38 +0300] "POST /xmlrpc.php HTTP/2.0" 200 11975 "-" "Mozilla/5.0 (Windows NT 10.0; Win64; x64) AppleWebKit/537.36 (KHTML, like Gecko) Chrome/124.0.0.0 Safari/537.36"
129.226.72.101 - - [29/Jul/2026:15:02:42 +0300] "POST /xmlrpc.php HTTP/2.0" 200 11975 "-" "Mozilla/5.0 (Windows NT 10.0; Win64; x64; rv:133.0) Gecko/20100101 Firefox/133.0"
129.226.72.101 - - [29/Jul/2026:15:02:47 +0300] "POST /xmlrpc.php HTTP/2.0" 200 11975 "-" "Mozilla/5.0 (Macintosh; Intel Mac OS X 10_15_7) AppleWebKit/605.1.15 (KHTML, like Gecko) Version/18.0 Safari/605.1.15"
129.226.72.101 - - [29/Jul/2026:15:02:57 +0300] "POST /xmlrpc.php HTTP/2.0" 200 11975 "-" "Mozilla/5.0 (Macintosh; Intel Mac OS X 10_15_7) AppleWebKit/605.1.15 (KHTML, like Gecko) Version/18.0 Safari/605.1.15"
91.240.85.141 - - [29/Jul/2026:15:03:00 +0300] "POST /wp-cron.php?doing_wp_cron=1785326580.2212910652160644531250 HTTP/1.1" 200 31 "-" "WordPress/7.0; https://wpface.ru"
98.181.137.83 - - [29/Jul/2026:15:03:00 +0300] "POST /xmlrpc.php HTTP/1.1" 200 190 "-" "Mozilla/5.0 (Windows NT 10.0; Win64; x64) AppleWebKit/537.36 (KHTML, like Gecko) Chrome/124.0.0.0 Safari/537.36"
129.226.72.101 - - [29/Jul/2026:15:03:02 +0300] "POST /xmlrpc.php HTTP/2.0" 200 11975 "-" "Mozilla/5.0 (Macintosh; Intel Mac OS X 10_15_7) AppleWebKit/605.1.15 (KHTML, like Gecko) Version/18.0 Safari/605.1.15"
129.226.72.101 - - [29/Jul/2026:15:03:05 +0300] "POST /xmlrpc.php HTTP/2.0" 200 11975 "-" "Mozilla/5.0 (Macintosh; Intel Mac OS X 10_15_7) AppleWebKit/605.1.15 (KHTML, like Gecko) Version/18.0 Safari/605.1.15"
129.226.72.101 - - [29/Jul/2026:15:03:10 +0300] "POST /xmlrpc.php HTTP/2.0" 200 11975 "-" "Mozilla/5.0 (Windows NT 10.0; Win64; x64; rv:133.0) Gecko/20100101 Firefox/133.0"
129.226.72.101 - - [29/Jul/2026:15:03:12 +0300] "POST /xmlrpc.php HTTP/2.0" 200 11975 "-" "Mozilla/5.0 (Windows NT 10.0; Win64; x64; rv:133.0) Gecko/20100101 Firefox/133.0"
129.226.72.101 - - [29/Jul/2026:15:03:14 +0300] "POST /xmlrpc.php HTTP/2.0" 200 11975 "-" "Mozilla/5.0 (Windows NT 10.0; Win64; x64) AppleWebKit/537.36 (KHTML, like Gecko) Chrome/124.0.0.0 Safari/537.36"
42.96.35.95 - - [29/Jul/2026:15:03:31 +0300] "POST /xmlrpc.php HTTP/2.0" 200 439 "-" "Mozilla/5.0 (Windows NT 10.0; Win64; x64) AppleWebKit/537.36 (KHTML, like Gecko) Chrome/150.0.0.0 Safari/537.36"
94.130.11.28 - - [29/Jul/2026:15:03:52 +0300] "GET /wp-login.php HTTP/2.0" 200 3557 "-" "Mozilla/5.0 (Windows NT 10.0; Win64; x64) AppleWebKit/537.36 (KHTML, like Gecko) Chrome/150.0.0.0 Safari/537.36"
94.130.11.28 - - [29/Jul/2026:15:03:53 +0300] "POST /wp-login.php HTTP/2.0" 200 3737 "https://wpface.ru/wp-login.php" "Mozilla/5.0 (Windows NT 10.0; Win64; x64) AppleWebKit/537.36 (KHTML, like Gecko) Chrome/150.0.0.0 Safari/537.36"
91.240.85.141 - - [29/Jul/2026:15:03:56 +0300] "POST /wp-cron.php?doing_wp_cron=1785326636.7524490356445312500000 HTTP/1.1" 200 31 "-" "WordPress/7.0; https://wpface.ru"
153.80.240.37 - - [29/Jul/2026:15:03:56 +0300] "POST /xmlrpc.php HTTP/2.0" 200 179 "-" "Mozilla/5.0 (Macintosh; Intel Mac OS X 10_15_7) AppleWebKit/605.1.15 (KHTML, like Gecko) Version/18.0 Safari/605.1.15"
129.226.72.101 - - [29/Jul/2026:15:03:59 +0300] "POST /xmlrpc.php HTTP/2.0" 200 11975 "-" "Mozilla/5.0 (Windows NT 10.0; Win64; x64; rv:133.0) Gecko/20100101 Firefox/133.0"
129.226.72.101 - - [29/Jul/2026:15:04:02 +0300] "POST /xmlrpc.php HTTP/2.0" 200 11975 "-" "Mozilla/5.0 (Macintosh; Intel Mac OS X 10_15_7) AppleWebKit/605.1.15 (KHTML, like Gecko) Version/18.0 Safari/605.1.15"
129.226.72.101 - - [29/Jul/2026:15:04:05 +0300] "POST /xmlrpc.php HTTP/2.0" 200 11975 "-" "Mozilla/5.0 (Windows NT 10.0; Win64; x64; rv:133.0) Gecko/20100101 Firefox/133.0"
129.226.72.101 - - [29/Jul/2026:15:04:07 +0300] "POST /xmlrpc.php HTTP/2.0" 200 11975 "-" "Mozilla/5.0 (Windows NT 10.0; Win64; x64; rv:133.0) Gecko/20100101 Firefox/133.0"
129.226.72.101 - - [29/Jul/2026:15:04:11 +0300] "POST /xmlrpc.php HTTP/2.0" 200 11975 "-" "Mozilla/5.0 (Windows NT 10.0; Win64; x64) AppleWebKit/537.36 (KHTML, like Gecko) Chrome/124.0.0.0 Safari/537.36"
91.240.85.141 - - [29/Jul/2026:15:04:13 +0300] "POST /wp-cron.php?doing_wp_cron=1785326653.7568950653076171875000 HTTP/1.1" 200 31 "-" "WordPress/7.0; https://wpface.ru"
47.81.56.193 - - [29/Jul/2026:15:04:13 +0300] "POST /xmlrpc.php HTTP/2.0" 200 179 "-" "Mozilla/5.0 (Windows NT 10.0; Win64; x64) AppleWebKit/537.36 (KHTML, like Gecko) Chrome/124.0.0.0 Safari/537.36"
129.226.72.101 - - [29/Jul/2026:15:04:15 +0300] "POST /xmlrpc.php HTTP/2.0" 200 11975 "-" "Mozilla/5.0 (Windows NT 10.0; Win64; x64; rv:133.0) Gecko/20100101 Firefox/133.0"
129.226.72.101 - - [29/Jul/2026:15:04:18 +0300] "POST /xmlrpc.php HTTP/2.0" 200 11975 "-" "Mozilla/5.0 (Windows NT 10.0; Win64; x64; rv:133.0) Gecko/20100101 Firefox/133.0"
31.134.1.248 - - [29/Jul/2026:15:04:20 +0300] "POST /xmlrpc.php HTTP/1.1" 200 415 "-" "Mozilla/5.0 (Windows NT 10.0; Win64; x64) AppleWebKit/537.36 (KHTML, like Gecko) Chrome/120.0.0.0 Safari/537.36"
31.134.1.248 - - [29/Jul/2026:15:04:20 +0300] "GET /wp-json/wp/v2/posts?orderby=date&order=desc&_fields=date,id,title,status,type,guid,link HTTP/1.1" 200 4165 "-" "Mozilla/5.0 (Windows NT 10.0; Win64; x64) AppleWebKit/537.36 (KHTML, like Gecko) Chrome/120.0.0.0 Safari/537.36"
193.151.190.183 - - [29/Jul/2026:15:04:21 +0300] "POST /xmlrpc.php HTTP/1.1" 200 415 "-" "Mozilla/5.0 (Windows NT 10.0; Win64; x64) AppleWebKit/537.36 (KHTML, like Gecko) Chrome/120.0.0.0 Safari/537.36"
193.151.190.183 - - [29/Jul/2026:15:04:21 +0300] "GET /wp-json/wp/v2/posts?orderby=date&order=desc&_fields=date,id,title,status,type,guid,link HTTP/1.1" 200 4165 "-" "Mozilla/5.0 (Windows NT 10.0; Win64; x64) AppleWebKit/537.36 (KHTML, like Gecko) Chrome/120.0.0.0 Safari/537.36"
129.226.72.101 - - [29/Jul/2026:15:04:21 +0300] "POST /xmlrpc.php HTTP/2.0" 200 11975 "-" "Mozilla/5.0 (Windows NT 10.0; Win64; x64; rv:133.0) Gecko/20100101 Firefox/133.0"
129.226.72.101 - - [29/Jul/2026:15:04:24 +0300] "POST /xmlrpc.php HTTP/2.0" 200 11975 "-" "Mozilla/5.0 (Windows NT 10.0; Win64; x64) AppleWebKit/537.36 (KHTML, like Gecko) Chrome/124.0.0.0 Safari/537.36"
129.226.72.101 - - [29/Jul/2026:15:04:28 +0300] "POST /xmlrpc.php HTTP/2.0" 200 11975 "-" "Mozilla/5.0 (Windows NT 10.0; Win64; x64) AppleWebKit/537.36 (KHTML, like Gecko) Chrome/124.0.0.0 Safari/537.36"
91.240.85.141 - - [29/Jul/2026:15:04:32 +0300] "POST /wp-cron.php?doing_wp_cron=1785326672.2574999332427978515625 HTTP/1.1" 200 31 "-" "WordPress/7.0; https://wpface.ru"
45.133.210.241 - - [29/Jul/2026:15:04:32 +0300] "POST /xmlrpc.php HTTP/2.0" 200 179 "-" "Mozilla/5.0 (Windows NT 10.0; Win64; x64; rv:133.0) Gecko/20100101 Firefox/133.0"
129.226.72.101 - - [29/Jul/2026:15:04:35 +0300] "POST /xmlrpc.php HTTP/2.0" 200 11975 "-" "Mozilla/5.0 (Macintosh; Intel Mac OS X 10_15_7) AppleWebKit/605.1.15 (KHTML, like Gecko) Version/18.0 Safari/605.1.15"
129.226.72.101 - - [29/Jul/2026:15:04:37 +0300] "POST /xmlrpc.php HTTP/2.0" 200 11975 "-" "Mozilla/5.0 (Windows NT 10.0; Win64; x64) AppleWebKit/537.36 (KHTML, like Gecko) Chrome/124.0.0.0 Safari/537.36"
129.226.72.101 - - [29/Jul/2026:15:04:39 +0300] "POST /xmlrpc.php HTTP/2.0" 200 11975 "-" "Mozilla/5.0 (Windows NT 10.0; Win64; x64; rv:133.0) Gecko/20100101 Firefox/133.0"
129.226.72.101 - - [29/Jul/2026:15:04:42 +0300] "POST /xmlrpc.php HTTP/2.0" 200 11975 "-" "Mozilla/5.0 (Windows NT 10.0; Win64; x64; rv:133.0) Gecko/20100101 Firefox/133.0"
129.226.72.101 - - [29/Jul/2026:15:04:45 +0300] "POST /xmlrpc.php HTTP/2.0" 200 11975 "-" "Mozilla/5.0 (Windows NT 10.0; Win64; x64) AppleWebKit/537.36 (KHTML, like Gecko) Chrome/124.0.0.0 Safari/537.36"
135.148.171.117 - - [29/Jul/2026:15:04:58 +0300] "GET /wp-login.php HTTP/2.0" 200 3557 "-" "Mozilla/5.0 (Windows NT 10.0; Win64; x64) AppleWebKit/537.36 (KHTML, like Gecko) Chrome/150.0.0.0 Safari/537.36"
135.148.171.117 - - [29/Jul/2026:15:04:59 +0300] "POST /wp-login.php HTTP/2.0" 200 3740 "https://wpface.ru/wp-login.php" "Mozilla/5.0 (Windows NT 10.0; Win64; x64) AppleWebKit/537.36 (KHTML, like Gecko) Chrome/150.0.0.0 Safari/537.36"
91.240.85.141 - - [29/Jul/2026:15:05:08 +0300] "POST /wp-cron.php?doing_wp_cron=1785326708.8298380374908447265625 HTTP/1.1" 200 31 "-" "WordPress/7.0; https://wpface.ru"
144.22.165.206 - - [29/Jul/2026:15:05:08 +0300] "POST /xmlrpc.php HTTP/2.0" 200 179 "-" "Mozilla/5.0 (Windows NT 10.0; Win64; x64; rv:133.0) Gecko/20100101 Firefox/133.0"
129.226.72.101 - - [29/Jul/2026:15:05:10 +0300] "POST /xmlrpc.php HTTP/2.0" 200 11975 "-" "Mozilla/5.0 (Windows NT 10.0; Win64; x64) AppleWebKit/537.36 (KHTML, like Gecko) Chrome/124.0.0.0 Safari/537.36"
34.56.211.60 - - [29/Jul/2026:15:05:43 +0300] "GET / HTTP/1.1" 301 169 "-" "Mozilla/5.0 (compatible; CMS-Checker/1.0; +https://example.com)"
34.56.211.60 - - [29/Jul/2026:15:05:44 +0300] "GET / HTTP/2.0" 200 15711 "http://wpface.ru" "Mozilla/5.0 (compatible; CMS-Checker/1.0; +https://example.com)"
146.19.44.101 - - [29/Jul/2026:15:06:09 +0300] "POST /xmlrpc.php HTTP/1.1" 200 415 "-" "Mozilla/5.0 (Windows NT 10.0; Win64; x64) AppleWebKit/537.36 (KHTML, like Gecko) Chrome/120.0.0.0 Safari/537.36"
146.19.44.101 - - [29/Jul/2026:15:06:10 +0300] "GET /wp-json/wp/v2/posts?orderby=date&order=desc&_fields=date,id,title,status,type,guid,link HTTP/1.1" 200 4165 "-" "Mozilla/5.0 (Windows NT 10.0; Win64; x64) AppleWebKit/537.36 (KHTML, like Gecko) Chrome/120.0.0.0 Safari/537.36"
93.177.119.71 - - [29/Jul/2026:15:06:18 +0300] "POST /xmlrpc.php HTTP/1.1" 200 415 "-" "Mozilla/5.0 (Windows NT 10.0; Win64; x64) AppleWebKit/537.36 (KHTML, like Gecko) Chrome/120.0.0.0 Safari/537.36"
93.177.119.71 - - [29/Jul/2026:15:06:18 +0300] "GET /wp-json/wp/v2/posts?orderby=date&order=desc&_fields=date,id,title,status,type,guid,link HTTP/1.1" 200 4165 "-" "Mozilla/5.0 (Windows NT 10.0; Win64; x64) AppleWebKit/537.36 (KHTML, like Gecko) Chrome/120.0.0.0 Safari/537.36"
5.182.209.54 - - [29/Jul/2026:15:07:32 +0300] "POST /xmlrpc.php HTTP/2.0" 200 439 "-" "Mozilla/5.0 (Windows NT 10.0; Win64; x64) AppleWebKit/537.36 (KHTML, like Gecko) Chrome/150.0.0.0 Safari/537.36"
185.61.219.16 - - [29/Jul/2026:15:07:33 +0300] "POST /xmlrpc.php HTTP/1.1" 200 415 "-" "Mozilla/5.0 (Windows NT 10.0; Win64; x64) AppleWebKit/537.36 (KHTML, like Gecko) Chrome/120.0.0.0 Safari/537.36"
185.61.219.16 - - [29/Jul/2026:15:07:33 +0300] "GET /wp-json/wp/v2/posts?orderby=date&order=desc&_fields=date,id,title,status,type,guid,link HTTP/1.1" 200 4165 "-" "Mozilla/5.0 (Windows NT 10.0; Win64; x64) AppleWebKit/537.36 (KHTML, like Gecko) Chrome/120.0.0.0 Safari/537.36"
185.68.154.48 - - [29/Jul/2026:15:08:12 +0300] "POST /xmlrpc.php HTTP/1.1" 200 415 "-" "Mozilla/5.0 (Windows NT 10.0; Win64; x64) AppleWebKit/537.36 (KHTML, like Gecko) Chrome/120.0.0.0 Safari/537.36"
185.68.154.48 - - [29/Jul/2026:15:08:12 +0300] "GET /wp-json/wp/v2/posts?orderby=date&order=desc&_fields=date,id,title,status,type,guid,link HTTP/1.1" 200 4165 "-" "Mozilla/5.0 (Windows NT 10.0; Win64; x64) AppleWebKit/537.36 (KHTML, like Gecko) Chrome/120.0.0.0 Safari/537.36"
94.154.35.236 - - [29/Jul/2026:15:08:25 +0300] "HEAD /bitrix.bz2 HTTP/1.1" 301 0 "-" "Mozilla/5.0 (Windows NT 10.0; Win64; x64) AppleWebKit/537.36 (KHTML, like Gecko) Chrome/101.0.4951.67 Safari/537.36"
94.154.35.236 - - [29/Jul/2026:15:08:26 +0300] "HEAD /bitrix.bz2 HTTP/1.1" 404 0 "-" "Mozilla/5.0 (Windows NT 10.0; Win64; x64) AppleWebKit/537.36 (KHTML, like Gecko) Chrome/101.0.4951.67 Safari/537.36"
66.249.64.128 - - [29/Jul/2026:15:09:18 +0300] "GET /get_script HTTP/1.1" 404 14343 "-" "Mozilla/5.0 (Linux; Android 6.0.1; Nexus 5X Build/MMB29P) AppleWebKit/537.36 (KHTML, like Gecko) Chrome/150.0.7871.128 Mobile Safari/537.36 (compatible; GoogleOther)"
45.132.186.195 - - [29/Jul/2026:15:10:08 +0300] "POST /xmlrpc.php HTTP/1.1" 200 415 "-" "Mozilla/5.0 (Windows NT 10.0; Win64; x64) AppleWebKit/537.36 (KHTML, like Gecko) Chrome/120.0.0.0 Safari/537.36"
45.132.186.195 - - [29/Jul/2026:15:10:08 +0300] "GET /wp-json/wp/v2/posts?orderby=date&order=desc&_fields=date,id,title,status,type,guid,link HTTP/1.1" 200 4165 "-" "Mozilla/5.0 (Windows NT 10.0; Win64; x64) AppleWebKit/537.36 (KHTML, like Gecko) Chrome/120.0.0.0 Safari/537.36"
156.244.46.207 - - [29/Jul/2026:15:10:34 +0300] "GET /wp-login.php HTTP/2.0" 200 3557 "-" "Mozilla/5.0 (Windows NT 10.0; Win64; x64) AppleWebKit/537.36 (KHTML, like Gecko) Chrome/150.0.0.0 Safari/537.36"
156.244.46.207 - - [29/Jul/2026:15:10:35 +0300] "POST /wp-login.php HTTP/2.0" 200 3736 "https://wpface.ru/wp-login.php" "Mozilla/5.0 (Windows NT 10.0; Win64; x64) AppleWebKit/537.36 (KHTML, like Gecko) Chrome/150.0.0.0 Safari/537.36"
212.18.127.82 - - [29/Jul/2026:15:11:21 +0300] "POST /xmlrpc.php HTTP/1.1" 200 415 "-" "Mozilla/5.0 (Windows NT 10.0; Win64; x64) AppleWebKit/537.36 (KHTML, like Gecko) Chrome/120.0.0.0 Safari/537.36"
212.18.127.82 - - [29/Jul/2026:15:11:21 +0300] "GET /wp-json/wp/v2/posts?orderby=date&order=desc&_fields=date,id,title,status,type,guid,link HTTP/1.1" 200 4165 "-" "Mozilla/5.0 (Windows NT 10.0; Win64; x64) AppleWebKit/537.36 (KHTML, like Gecko) Chrome/120.0.0.0 Safari/537.36"
31.134.5.156 - - [29/Jul/2026:15:12:07 +0300] "POST /xmlrpc.php HTTP/1.1" 200 415 "-" "Mozilla/5.0 (Windows NT 10.0; Win64; x64) AppleWebKit/537.36 (KHTML, like Gecko) Chrome/120.0.0.0 Safari/537.36"
31.134.5.156 - - [29/Jul/2026:15:12:08 +0300] "GET /wp-json/wp/v2/posts?orderby=date&order=desc&_fields=date,id,title,status,type,guid,link HTTP/1.1" 200 4165 "-" "Mozilla/5.0 (Windows NT 10.0; Win64; x64) AppleWebKit/537.36 (KHTML, like Gecko) Chrome/120.0.0.0 Safari/537.36"
217.145.224.180 - - [29/Jul/2026:15:14:00 +0300] "POST /xmlrpc.php HTTP/1.1" 200 415 "-" "Mozilla/5.0 (Windows NT 10.0; Win64; x64) AppleWebKit/537.36 (KHTML, like Gecko) Chrome/120.0.0.0 Safari/537.36"
217.145.224.180 - - [29/Jul/2026:15:14:00 +0300] "GET /wp-json/wp/v2/posts?orderby=date&order=desc&_fields=date,id,title,status,type,guid,link HTTP/1.1" 200 4165 "-" "Mozilla/5.0 (Windows NT 10.0; Win64; x64) AppleWebKit/537.36 (KHTML, like Gecko) Chrome/120.0.0.0 Safari/537.36"
91.240.85.141 - - [29/Jul/2026:15:14:09 +0300] "GET / HTTP/1.1" 200 15725 "-" "Mozilla/5.0 (X11; Linux x86_64) AppleWebKit/537.36 (KHTML, like Gecko) Chrome/44.0.2403.157 Safari/537.36"
45.147.234.17 - - [29/Jul/2026:15:15:21 +0300] "POST /xmlrpc.php HTTP/1.1" 200 415 "-" "Mozilla/5.0 (Windows NT 10.0; Win64; x64) AppleWebKit/537.36 (KHTML, like Gecko) Chrome/120.0.0.0 Safari/537.36"
45.147.234.17 - - [29/Jul/2026:15:15:22 +0300] "GET /wp-json/wp/v2/posts?orderby=date&order=desc&_fields=date,id,title,status,type,guid,link HTTP/1.1" 200 4165 "-" "Mozilla/5.0 (Windows NT 10.0; Win64; x64) AppleWebKit/537.36 (KHTML, like Gecko) Chrome/120.0.0.0 Safari/537.36"
140.235.170.171 - - [29/Jul/2026:15:17:20 +0300] "POST /xmlrpc.php HTTP/1.1" 200 415 "-" "Mozilla/5.0 (Windows NT 10.0; Win64; x64) AppleWebKit/537.36 (KHTML, like Gecko) Chrome/120.0.0.0 Safari/537.36"
140.235.170.171 - - [29/Jul/2026:15:17:20 +0300] "GET /wp-json/wp/v2/posts?orderby=date&order=desc&_fields=date,id,title,status,type,guid,link HTTP/1.1" 200 4165 "-" "Mozilla/5.0 (Windows NT 10.0; Win64; x64) AppleWebKit/537.36 (KHTML, like Gecko) Chrome/120.0.0.0 Safari/537.36"
176.31.139.16 - - [29/Jul/2026:15:18:36 +0300] "GET /wp-sitemap.xml HTTP/2.0" 200 507 "-" "Mozilla/5.0 (compatible; AhrefsBot/7.0; +http://ahrefs.com/robot/)"
92.222.104.223 - - [29/Jul/2026:15:18:49 +0300] "GET /wp-sitemap-posts-post-1.xml HTTP/2.0" 200 29021 "-" "Mozilla/5.0 (compatible; AhrefsBot/7.0; +http://ahrefs.com/robot/)"
54.37.118.86 - - [29/Jul/2026:15:18:59 +0300] "GET /wp-sitemap-posts-page-1.xml HTTP/2.0" 200 720 "-" "Mozilla/5.0 (compatible; AhrefsBot/7.0; +http://ahrefs.com/robot/)"
94.23.188.208 - - [29/Jul/2026:15:19:10 +0300] "GET /wp-sitemap-taxonomies-category-1.xml HTTP/2.0" 200 931 "-" "Mozilla/5.0 (compatible; AhrefsBot/7.0; +http://ahrefs.com/robot/)"
51.75.236.144 - - [29/Jul/2026:15:19:20 +0300] "GET /wp-sitemap-users-1.xml HTTP/2.0" 200 306 "-" "Mozilla/5.0 (compatible; AhrefsBot/7.0; +http://ahrefs.com/robot/)"
45.148.233.117 - - [29/Jul/2026:15:19:26 +0300] "POST /xmlrpc.php HTTP/1.1" 200 415 "-" "Mozilla/5.0 (Windows NT 10.0; Win64; x64) AppleWebKit/537.36 (KHTML, like Gecko) Chrome/120.0.0.0 Safari/537.36"
45.148.233.117 - - [29/Jul/2026:15:19:26 +0300] "GET /wp-json/wp/v2/posts?orderby=date&order=desc&_fields=date,id,title,status,type,guid,link HTTP/1.1" 200 4165 "-" "Mozilla/5.0 (Windows NT 10.0; Win64; x64) AppleWebKit/537.36 (KHTML, like Gecko) Chrome/120.0.0.0 Safari/537.36"
3.217.82.254 - - [29/Jul/2026:15:19:46 +0300] "GET /wp-includes/images/w-logo-blue.png HTTP/1.1" 200 2501 "-" "Mozilla/5.0 AppleWebKit/537.36 (KHTML, like Gecko; compatible; Amazonbot/0.1; +https://developer.amazon.com/support/amazonbot) Chrome/119.0.6045.214 Safari/537.36"
5.182.209.54 - - [29/Jul/2026:15:19:53 +0300] "GET /wp-login.php HTTP/2.0" 200 3557 "-" "Mozilla/5.0 (Windows NT 10.0; Win64; x64) AppleWebKit/537.36 (KHTML, like Gecko) Chrome/150.0.0.0 Safari/537.36"
5.182.209.54 - - [29/Jul/2026:15:19:54 +0300] "POST /wp-login.php HTTP/2.0" 200 3725 "https://wpface.ru/wp-login.php" "Mozilla/5.0 (Windows NT 10.0; Win64; x64) AppleWebKit/537.36 (KHTML, like Gecko) Chrome/150.0.0.0 Safari/537.36"
193.151.188.119 - - [29/Jul/2026:15:22:10 +0300] "POST /xmlrpc.php HTTP/1.1" 200 415 "-" "Mozilla/5.0 (Windows NT 10.0; Win64; x64) AppleWebKit/537.36 (KHTML, like Gecko) Chrome/120.0.0.0 Safari/537.36"
193.151.188.119 - - [29/Jul/2026:15:22:11 +0300] "GET /wp-json/wp/v2/posts?orderby=date&order=desc&_fields=date,id,title,status,type,guid,link HTTP/1.1" 200 4165 "-" "Mozilla/5.0 (Windows NT 10.0; Win64; x64) AppleWebKit/537.36 (KHTML, like Gecko) Chrome/120.0.0.0 Safari/537.36"
130.49.114.233 - - [29/Jul/2026:15:22:41 +0300] "POST /xmlrpc.php HTTP/1.1" 200 415 "-" "Mozilla/5.0 (Windows NT 10.0; Win64; x64) AppleWebKit/537.36 (KHTML, like Gecko) Chrome/120.0.0.0 Safari/537.36"
130.49.114.233 - - [29/Jul/2026:15:22:41 +0300] "GET /wp-json/wp/v2/posts?orderby=date&order=desc&_fields=date,id,title,status,type,guid,link HTTP/1.1" 200 4165 "-" "Mozilla/5.0 (Windows NT 10.0; Win64; x64) AppleWebKit/537.36 (KHTML, like Gecko) Chrome/120.0.0.0 Safari/537.36"
91.240.85.141 - - [29/Jul/2026:15:24:10 +0300] "POST /wp-cron.php?doing_wp_cron=1785327850.0183649063110351562500 HTTP/1.1" 200 31 "-" "WordPress/7.0; https://wpface.ru"
193.202.12.243 - - [29/Jul/2026:15:24:10 +0300] "POST /xmlrpc.php HTTP/1.1" 200 415 "-" "Mozilla/5.0 (Windows NT 10.0; Win64; x64) AppleWebKit/537.36 (KHTML, like Gecko) Chrome/120.0.0.0 Safari/537.36"
193.202.12.243 - - [29/Jul/2026:15:24:10 +0300] "GET /wp-json/wp/v2/posts?orderby=date&order=desc&_fields=date,id,title,status,type,guid,link HTTP/1.1" 200 4165 "-" "Mozilla/5.0 (Windows NT 10.0; Win64; x64) AppleWebKit/537.36 (KHTML, like Gecko) Chrome/120.0.0.0 Safari/537.36"
91.240.85.141 - - [29/Jul/2026:15:24:23 +0300] "POST /wp-cron.php?doing_wp_cron=1785327863.2773349285125732421875 HTTP/1.1" 200 31 "-" "WordPress/7.0; https://wpface.ru"
178.20.29.237 - - [29/Jul/2026:15:24:23 +0300] "POST /xmlrpc.php HTTP/1.1" 200 415 "-" "Mozilla/5.0 (Windows NT 10.0; Win64; x64) AppleWebKit/537.36 (KHTML, like Gecko) Chrome/120.0.0.0 Safari/537.36"
178.20.29.237 - - [29/Jul/2026:15:24:23 +0300] "GET /wp-json/wp/v2/posts?orderby=date&order=desc&_fields=date,id,title,status,type,guid,link HTTP/1.1" 200 4165 "-" "Mozilla/5.0 (Windows NT 10.0; Win64; x64) AppleWebKit/537.36 (KHTML, like Gecko) Chrome/120.0.0.0 Safari/537.36"
91.240.85.141 - - [29/Jul/2026:15:26:15 +0300] "POST /wp-cron.php?doing_wp_cron=1785327975.6837360858917236328125 HTTP/1.1" 200 31 "-" "WordPress/7.0; https://wpface.ru"
5.181.171.110 - - [29/Jul/2026:15:26:15 +0300] "POST /xmlrpc.php HTTP/1.1" 200 415 "-" "Mozilla/5.0 (Windows NT 10.0; Win64; x64) AppleWebKit/537.36 (KHTML, like Gecko) Chrome/120.0.0.0 Safari/537.36"
5.181.171.110 - - [29/Jul/2026:15:26:15 +0300] "GET /wp-json/wp/v2/posts?orderby=date&order=desc&_fields=date,id,title,status,type,guid,link HTTP/1.1" 200 4165 "-" "Mozilla/5.0 (Windows NT 10.0; Win64; x64) AppleWebKit/537.36 (KHTML, like Gecko) Chrome/120.0.0.0 Safari/537.36"
195.130.35.148 - - [29/Jul/2026:15:27:45 +0300] "GET /wp-login.php HTTP/2.0" 200 3557 "-" "Mozilla/5.0 (Windows NT 10.0; Win64; x64) AppleWebKit/537.36 (KHTML, like Gecko) Chrome/150.0.0.0 Safari/537.36"
195.130.35.148 - - [29/Jul/2026:15:27:45 +0300] "POST /wp-login.php HTTP/2.0" 200 3740 "https://wpface.ru/wp-login.php" "Mozilla/5.0 (Windows NT 10.0; Win64; x64) AppleWebKit/537.36 (KHTML, like Gecko) Chrome/150.0.0.0 Safari/537.36"
91.240.85.141 - - [29/Jul/2026:15:28:08 +0300] "GET / HTTP/1.1" 200 15725 "-" "Mozilla/5.0 (X11; Linux x86_64) AppleWebKit/537.36 (KHTML, like Gecko) Chrome/44.0.2403.157 Safari/537.36"
199.96.167.210 - - [29/Jul/2026:15:28:33 +0300] "POST /xmlrpc.php HTTP/1.1" 200 415 "-" "Mozilla/5.0 (Windows NT 10.0; Win64; x64) AppleWebKit/537.36 (KHTML, like Gecko) Chrome/120.0.0.0 Safari/537.36"
199.96.167.210 - - [29/Jul/2026:15:28:34 +0300] "GET /wp-json/wp/v2/posts?orderby=date&order=desc&_fields=date,id,title,status,type,guid,link HTTP/1.1" 200 4165 "-" "Mozilla/5.0 (Windows NT 10.0; Win64; x64) AppleWebKit/537.36 (KHTML, like Gecko) Chrome/120.0.0.0 Safari/537.36"
130.49.10.86 - - [29/Jul/2026:15:29:17 +0300] "POST /xmlrpc.php HTTP/1.1" 200 415 "-" "Mozilla/5.0 (Windows NT 10.0; Win64; x64) AppleWebKit/537.36 (KHTML, like Gecko) Chrome/120.0.0.0 Safari/537.36"
